CRAN Package Check Results for Package spatstat.geom

Last updated on 2025-02-23 15:49:58 CET.

Flavor Version Tinstall Tcheck Ttotal Status Flags
r-devel-linux-x86_64-debian-clang 3.3-5 59.92 327.22 387.14 OK
r-devel-linux-x86_64-debian-gcc 3.3-5 39.85 216.01 255.86 OK
r-devel-linux-x86_64-fedora-clang 3.3-5 635.09 OK
r-devel-linux-x86_64-fedora-gcc 3.3-5 579.40 OK
r-devel-macos-arm64 3.3-5 141.00 OK
r-devel-macos-x86_64 3.3-5 351.00 OK
r-devel-windows-x86_64 3.3-5 82.00 431.00 513.00 OK
r-patched-linux-x86_64 3.3-5 73.68 305.29 378.97 OK
r-release-linux-x86_64 3.3-5 53.08 307.77 360.85 OK
r-release-macos-arm64 3.3-5 153.00 NOTE
r-release-macos-x86_64 3.3-5 351.00 NOTE
r-release-windows-x86_64 3.3-5 82.00 426.00 508.00 OK
r-oldrel-macos-arm64 3.3-4 136.00 NOTE
r-oldrel-macos-x86_64 3.3-5 342.00 NOTE
r-oldrel-windows-x86_64 3.3-5 94.00 550.00 644.00 OK

Check Details

Version: 3.3-5
Check: installed package size
Result: NOTE installed size is 5.8Mb sub-directories of 1Mb or more: R 2.1Mb help 2.6Mb Flavors: r-release-macos-arm64, r-release-macos-x86_64, r-oldrel-macos-x86_64

Version: 3.3-4
Check: installed package size
Result: NOTE installed size is 5.1Mb sub-directories of 1Mb or more: R 2.0Mb help 1.9Mb Flavor: r-oldrel-macos-arm64

These binaries (installable software) and packages are in development.
They may not be fully stable and should be used with caution. We make no claims about them.
Health stats visible at Monitor.