Last updated on 2025-02-02 07:50:27 CET.
Flavor | Version | Tinstall | Tcheck | Ttotal | Status | Flags |
---|---|---|---|---|---|---|
r-devel-linux-x86_64-debian-clang | 0.7.1 | 47.13 | 321.75 | 368.88 | NOTE | |
r-devel-linux-x86_64-debian-gcc | 0.7.1 | 31.66 | 207.15 | 238.81 | NOTE | |
r-devel-linux-x86_64-fedora-clang | 0.7.1 | 614.04 | NOTE | |||
r-devel-linux-x86_64-fedora-gcc | 0.7.1 | 529.49 | NOTE | |||
r-devel-windows-x86_64 | 0.7.1 | 46.00 | 254.00 | 300.00 | NOTE | |
r-patched-linux-x86_64 | 0.7.1 | 46.24 | 296.44 | 342.68 | OK | |
r-release-linux-x86_64 | 0.7.1 | 45.49 | 293.96 | 339.45 | OK | |
r-release-macos-arm64 | 0.7.1 | 149.00 | NOTE | |||
r-release-macos-x86_64 | 0.7.1 | 218.00 | NOTE | |||
r-release-windows-x86_64 | 0.7.1 | 52.00 | 275.00 | 327.00 | NOTE | |
r-oldrel-macos-arm64 | 0.7.1 | 129.00 | NOTE | |||
r-oldrel-macos-x86_64 | 0.7.1 | 281.00 | NOTE | |||
r-oldrel-windows-x86_64 | 0.7.1 | 61.00 | 381.00 | 442.00 | NOTE |
Version: 0.7.1
Check: DESCRIPTION meta-information
Result: NOTE
Missing dependency on R >= 4.1.0 because package code uses the pipe
|> or function shorthand \(...) syntax added in R 4.1.0.
File(s) using such syntax:
‘highest_concentration.R’ ‘plot_points.R’
Flavors: r-devel-linux-x86_64-debian-clang, r-devel-linux-x86_64-debian-gcc, r-devel-linux-x86_64-fedora-clang, r-devel-linux-x86_64-fedora-gcc, r-devel-windows-x86_64
Version: 0.7.1
Check: installed package size
Result: NOTE
installed size is 5.6Mb
sub-directories of 1Mb or more:
data 2.6Mb
help 1.7Mb
libs 1.2Mb
Flavors: r-release-macos-arm64, r-release-macos-x86_64, r-release-windows-x86_64, r-oldrel-macos-arm64, r-oldrel-macos-x86_64, r-oldrel-windows-x86_64
These binaries (installable software) and packages are in development.
They may not be fully stable and should be used with caution. We make no claims about them.
Health stats visible at Monitor.