CRAN Package Check Results for Package sparsepca

Last updated on 2025-05-15 07:49:52 CEST.

Flavor Version Tinstall Tcheck Ttotal Status Flags
r-devel-linux-x86_64-debian-clang 0.1.2 5.32 51.32 56.64 NOTE
r-devel-linux-x86_64-debian-gcc 0.1.2 4.32 39.12 43.44 NOTE
r-devel-linux-x86_64-fedora-clang 0.1.2 90.12 OK
r-devel-linux-x86_64-fedora-gcc 0.1.2 84.48 OK
r-devel-windows-x86_64 0.1.2 8.00 63.00 71.00 OK
r-patched-linux-x86_64 0.1.2 6.72 49.28 56.00 OK
r-release-linux-x86_64 0.1.2 5.69 49.41 55.10 OK
r-release-macos-arm64 0.1.2 OK
r-release-macos-x86_64 0.1.2 81.00 OK
r-release-windows-x86_64 0.1.2 7.00 65.00 72.00 OK
r-oldrel-macos-arm64 0.1.2 32.00 NOTE
r-oldrel-macos-x86_64 0.1.2 41.00 NOTE
r-oldrel-windows-x86_64 0.1.2 9.00 75.00 84.00 NOTE

Check Details

Version: 0.1.2
Check: CRAN incoming feasibility
Result: NOTE Maintainer: ‘N. Benjamin Erichson <erichson@uw.edu>’ No Authors@R field in DESCRIPTION. Please add one, modifying Authors@R: c(person(given = c("N.", "Benjamin"), family = "Erichson", role = c("aut", "cre"), email = "erichson@uw.edu"), person(given = "Peng", family = "Zheng", role = "aut"), person(given = "Sasha", family = "Aravkin", role = "aut")) as necessary. The Description field contains Erichson et al. (2018) <arXiv:1804.00341>. Please refer to arXiv e-prints via their arXiv DOI <doi:10.48550/arXiv.YYMM.NNNNN>. Flavors: r-devel-linux-x86_64-debian-clang, r-devel-linux-x86_64-debian-gcc

Version: 0.1.2
Check: LazyData
Result: NOTE 'LazyData' is specified without a 'data' directory Flavors: r-oldrel-macos-arm64, r-oldrel-macos-x86_64, r-oldrel-windows-x86_64

These binaries (installable software) and packages are in development.
They may not be fully stable and should be used with caution. We make no claims about them.
Health stats visible at Monitor.