Last updated on 2025-02-23 15:49:58 CET.
Flavor | Version | Tinstall | Tcheck | Ttotal | Status | Flags |
---|---|---|---|---|---|---|
r-devel-linux-x86_64-debian-clang | 1.7-0 | 6.48 | 58.80 | 65.28 | OK | |
r-devel-linux-x86_64-debian-gcc | 1.7-0 | 4.28 | 44.69 | 48.97 | OK | |
r-devel-linux-x86_64-fedora-clang | 1.7-0 | 103.77 | OK | |||
r-devel-linux-x86_64-fedora-gcc | 1.7-0 | 116.60 | OK | |||
r-devel-macos-arm64 | 1.7-0 | 37.00 | NOTE | |||
r-devel-macos-x86_64 | 1.7-0 | 68.00 | OK | |||
r-devel-windows-x86_64 | 1.7-0 | 8.00 | 87.00 | 95.00 | OK | |
r-patched-linux-x86_64 | 1.7-0 | 6.27 | 55.06 | 61.33 | OK | |
r-release-linux-x86_64 | 1.7-0 | 4.80 | 55.20 | 60.00 | OK | |
r-release-macos-arm64 | 1.7-0 | 54.00 | NOTE | |||
r-release-macos-x86_64 | 1.7-0 | 95.00 | OK | |||
r-release-windows-x86_64 | 1.7-0 | 6.00 | 88.00 | 94.00 | OK | |
r-oldrel-macos-arm64 | 1.7-0 | 54.00 | NOTE | |||
r-oldrel-macos-x86_64 | 1.7-0 | 79.00 | OK | |||
r-oldrel-windows-x86_64 | 1.7-0 | 6.00 | 97.00 | 103.00 | OK |
Version: 1.7-0
Check: whether the namespace can be loaded with stated dependencies
Result: NOTE
Warning in microbenchmark::get_nanotime() :
less accurate nanosecond times to avoid potential integer overflows
A namespace must be able to be loaded with just the base namespace
loaded: otherwise if the namespace gets loaded by a saved object, the
session will be unable to start.
Probably some imports need to be declared in the NAMESPACE file.
Flavors: r-devel-macos-arm64, r-release-macos-arm64, r-oldrel-macos-arm64
These binaries (installable software) and packages are in development.
They may not be fully stable and should be used with caution. We make no claims about them.
Health stats visible at Monitor.