Last updated on 2025-10-10 09:50:42 CEST.
Flavor | Version | Tinstall | Tcheck | Ttotal | Status | Flags |
---|---|---|---|---|---|---|
r-devel-linux-x86_64-debian-clang | 0.2.1 | 2.58 | 66.82 | 69.40 | ERROR | |
r-devel-linux-x86_64-debian-gcc | 0.2.1 | 1.89 | 49.37 | 51.26 | ERROR | |
r-devel-linux-x86_64-fedora-clang | 0.2.1 | 112.96 | ERROR | |||
r-devel-linux-x86_64-fedora-gcc | 0.2.1 | 101.64 | ERROR | |||
r-devel-windows-x86_64 | 0.2.1 | 5.00 | 91.00 | 96.00 | ERROR | |
r-patched-linux-x86_64 | 0.2.1 | 2.85 | 62.31 | 65.16 | ERROR | |
r-release-linux-x86_64 | 0.2.1 | 2.61 | 62.69 | 65.30 | ERROR | |
r-release-macos-arm64 | 0.2.1 | 33.00 | OK | |||
r-release-macos-x86_64 | 0.2.1 | 69.00 | OK | |||
r-release-windows-x86_64 | 0.2.1 | 4.00 | 82.00 | 86.00 | ERROR | |
r-oldrel-macos-arm64 | 0.2.1 | 33.00 | OK | |||
r-oldrel-macos-x86_64 | 0.2.1 | 47.00 | OK | |||
r-oldrel-windows-x86_64 | 0.2.1 | 6.00 | 101.00 | 107.00 | ERROR |
Version: 0.2.1
Check: tests
Result: ERROR
Running ‘testthat.R’ [21s/26s]
Running the tests in ‘tests/testthat.R’ failed.
Complete output:
> library(testthat)
> library(spacejamr)
>
> test_check("spacejamr")
Density Mean Degree Mean Closeness Mean Betweenness Largest Component Size
pl 0 0 NaN 0 1
apl 0 0 NaN 0 1
Density Mean Degree Mean Closeness Mean Betweenness Largest Component Size
pl 0 0 NaN 0 1
apl 0 0 NaN 0 1
window: polygonal boundary
enclosing rectangle: [257656.9, 323005.8] x [4558224, 4654702] units
PointSim Object
window: polygonal boundary
enclosing rectangle: [257656.9, 323005.8] x [4558224, 4654702] units
Points:3IGRAPH 353b6c7 UN-- 3 0 --
+ attr: name (v/c)
+ edges from 353b6c7 (vertex names):
IGRAPH 353b6c7 UN-- 3 0 --
+ attr: name (v/c)
+ edges from 353b6c7 (vertex names):
Using the projected CRS WGS 84 / UTM zone 19N which uses 'm' for measurement units. Please visit https://spatialreference.org/ref/epsg/32619/ for more information about this CRS.
[ FAIL 3 | WARN 3 | SKIP 0 | PASS 20 ]
══ Failed tests ════════════════════════════════════════════════════════════════
── Failure ('test-generics.R:11:5'): we can plot objects created with the spacejamr package ──
class(plot(RI)) (`actual`) not identical to c("gg", "ggplot") (`expected`).
`actual`: "ggplot2::ggplot" "ggplot" "ggplot2::gg" "S7_object" "gg"
`expected[2:2]`: "ggplot"
── Failure ('test-generics.R:14:5'): we can plot objects created with the spacejamr package ──
class(plot(ri_points)) (`actual`) not identical to c("gg", "ggplot") (`expected`).
`actual`: "ggplot2::ggplot" "ggplot" "ggplot2::gg" "S7_object" "gg"
`expected[2:2]`: "ggplot"
── Failure ('test-generics.R:17:5'): we can plot objects created with the spacejamr package ──
class(plot(pl)) (`actual`) not identical to c("ggraph", "gg", "ggplot") (`expected`).
actual | expected
[1] "ggraph" - "gg" [2]
[2] "ggplot2::ggplot" -
[3] "ggplot" -
[4] "ggplot2::gg" -
[5] "S7_object" -
[6] "gg" - "ggplot" [3]
[ FAIL 3 | WARN 3 | SKIP 0 | PASS 20 ]
Error: Test failures
Execution halted
Flavor: r-devel-linux-x86_64-debian-clang
Version: 0.2.1
Check: tests
Result: ERROR
Running ‘testthat.R’ [16s/19s]
Running the tests in ‘tests/testthat.R’ failed.
Complete output:
> library(testthat)
> library(spacejamr)
>
> test_check("spacejamr")
Density Mean Degree Mean Closeness Mean Betweenness Largest Component Size
pl 0 0 NaN 0 1
apl 0 0 NaN 0 1
Density Mean Degree Mean Closeness Mean Betweenness Largest Component Size
pl 0 0 NaN 0 1
apl 0 0 NaN 0 1
window: polygonal boundary
enclosing rectangle: [257656.9, 323005.8] x [4558224, 4654702] units
PointSim Object
window: polygonal boundary
enclosing rectangle: [257656.9, 323005.8] x [4558224, 4654702] units
Points:3IGRAPH 42845fb UN-- 3 0 --
+ attr: name (v/c)
+ edges from 42845fb (vertex names):
IGRAPH 42845fb UN-- 3 0 --
+ attr: name (v/c)
+ edges from 42845fb (vertex names):
Using the projected CRS WGS 84 / UTM zone 19N which uses 'm' for measurement units. Please visit https://spatialreference.org/ref/epsg/32619/ for more information about this CRS.
[ FAIL 3 | WARN 3 | SKIP 0 | PASS 20 ]
══ Failed tests ════════════════════════════════════════════════════════════════
── Failure ('test-generics.R:11:5'): we can plot objects created with the spacejamr package ──
class(plot(RI)) (`actual`) not identical to c("gg", "ggplot") (`expected`).
`actual`: "ggplot2::ggplot" "ggplot" "ggplot2::gg" "S7_object" "gg"
`expected[2:2]`: "ggplot"
── Failure ('test-generics.R:14:5'): we can plot objects created with the spacejamr package ──
class(plot(ri_points)) (`actual`) not identical to c("gg", "ggplot") (`expected`).
`actual`: "ggplot2::ggplot" "ggplot" "ggplot2::gg" "S7_object" "gg"
`expected[2:2]`: "ggplot"
── Failure ('test-generics.R:17:5'): we can plot objects created with the spacejamr package ──
class(plot(pl)) (`actual`) not identical to c("ggraph", "gg", "ggplot") (`expected`).
actual | expected
[1] "ggraph" - "gg" [2]
[2] "ggplot2::ggplot" -
[3] "ggplot" -
[4] "ggplot2::gg" -
[5] "S7_object" -
[6] "gg" - "ggplot" [3]
[ FAIL 3 | WARN 3 | SKIP 0 | PASS 20 ]
Error: Test failures
Execution halted
Flavor: r-devel-linux-x86_64-debian-gcc
Version: 0.2.1
Check: tests
Result: ERROR
Running ‘testthat.R’ [38s/111s]
Running the tests in ‘tests/testthat.R’ failed.
Complete output:
> library(testthat)
> library(spacejamr)
>
> test_check("spacejamr")
Density Mean Degree Mean Closeness Mean Betweenness Largest Component Size
pl 0 0 NaN 0 1
apl 0 0 NaN 0 1
Density Mean Degree Mean Closeness Mean Betweenness Largest Component Size
pl 0 0 NaN 0 1
apl 0 0 NaN 0 1
window: polygonal boundary
enclosing rectangle: [257656.9, 323005.8] x [4558224, 4654702] units
PointSim Object
window: polygonal boundary
enclosing rectangle: [257656.9, 323005.8] x [4558224, 4654702] units
Points:3IGRAPH f3b1f11 UN-- 3 0 --
+ attr: name (v/c)
+ edges from f3b1f11 (vertex names):
IGRAPH f3b1f11 UN-- 3 0 --
+ attr: name (v/c)
+ edges from f3b1f11 (vertex names):
Using the projected CRS WGS 84 / UTM zone 19N which uses 'm' for measurement units. Please visit https://spatialreference.org/ref/epsg/32619/ for more information about this CRS.
[ FAIL 3 | WARN 3 | SKIP 0 | PASS 20 ]
══ Failed tests ════════════════════════════════════════════════════════════════
── Failure ('test-generics.R:11:5'): we can plot objects created with the spacejamr package ──
class(plot(RI)) (`actual`) not identical to c("gg", "ggplot") (`expected`).
`actual`: "ggplot2::ggplot" "ggplot" "ggplot2::gg" "S7_object" "gg"
`expected[2:2]`: "ggplot"
── Failure ('test-generics.R:14:5'): we can plot objects created with the spacejamr package ──
class(plot(ri_points)) (`actual`) not identical to c("gg", "ggplot") (`expected`).
`actual`: "ggplot2::ggplot" "ggplot" "ggplot2::gg" "S7_object" "gg"
`expected[2:2]`: "ggplot"
── Failure ('test-generics.R:17:5'): we can plot objects created with the spacejamr package ──
class(plot(pl)) (`actual`) not identical to c("ggraph", "gg", "ggplot") (`expected`).
actual | expected
[1] "ggraph" - "gg" [2]
[2] "ggplot2::ggplot" -
[3] "ggplot" -
[4] "ggplot2::gg" -
[5] "S7_object" -
[6] "gg" - "ggplot" [3]
[ FAIL 3 | WARN 3 | SKIP 0 | PASS 20 ]
Error: Test failures
Execution halted
Flavor: r-devel-linux-x86_64-fedora-clang
Version: 0.2.1
Check: tests
Result: ERROR
Running ‘testthat.R’ [33s/39s]
Running the tests in ‘tests/testthat.R’ failed.
Complete output:
> library(testthat)
> library(spacejamr)
>
> test_check("spacejamr")
Density Mean Degree Mean Closeness Mean Betweenness Largest Component Size
pl 0 0 NaN 0 1
apl 0 0 NaN 0 1
Density Mean Degree Mean Closeness Mean Betweenness Largest Component Size
pl 0 0 NaN 0 1
apl 0 0 NaN 0 1
window: polygonal boundary
enclosing rectangle: [257656.9, 323005.8] x [4558224, 4654702] units
PointSim Object
window: polygonal boundary
enclosing rectangle: [257656.9, 323005.8] x [4558224, 4654702] units
Points:3IGRAPH 23a862a UN-- 3 0 --
+ attr: name (v/c)
+ edges from 23a862a (vertex names):
IGRAPH 23a862a UN-- 3 0 --
+ attr: name (v/c)
+ edges from 23a862a (vertex names):
Using the projected CRS WGS 84 / UTM zone 19N which uses 'm' for measurement units. Please visit https://spatialreference.org/ref/epsg/32619/ for more information about this CRS.
[ FAIL 3 | WARN 3 | SKIP 0 | PASS 20 ]
══ Failed tests ════════════════════════════════════════════════════════════════
── Failure ('test-generics.R:11:5'): we can plot objects created with the spacejamr package ──
class(plot(RI)) (`actual`) not identical to c("gg", "ggplot") (`expected`).
`actual`: "ggplot2::ggplot" "ggplot" "ggplot2::gg" "S7_object" "gg"
`expected[2:2]`: "ggplot"
── Failure ('test-generics.R:14:5'): we can plot objects created with the spacejamr package ──
class(plot(ri_points)) (`actual`) not identical to c("gg", "ggplot") (`expected`).
`actual`: "ggplot2::ggplot" "ggplot" "ggplot2::gg" "S7_object" "gg"
`expected[2:2]`: "ggplot"
── Failure ('test-generics.R:17:5'): we can plot objects created with the spacejamr package ──
class(plot(pl)) (`actual`) not identical to c("ggraph", "gg", "ggplot") (`expected`).
actual | expected
[1] "ggraph" - "gg" [2]
[2] "ggplot2::ggplot" -
[3] "ggplot" -
[4] "ggplot2::gg" -
[5] "S7_object" -
[6] "gg" - "ggplot" [3]
[ FAIL 3 | WARN 3 | SKIP 0 | PASS 20 ]
Error: Test failures
Execution halted
Flavor: r-devel-linux-x86_64-fedora-gcc
Version: 0.2.1
Check: tests
Result: ERROR
Running 'testthat.R' [19s]
Running the tests in 'tests/testthat.R' failed.
Complete output:
> library(testthat)
> library(spacejamr)
>
> test_check("spacejamr")
Density Mean Degree Mean Closeness Mean Betweenness Largest Component Size
pl 0 0 NaN 0 1
apl 0 0 NaN 0 1
Density Mean Degree Mean Closeness Mean Betweenness Largest Component Size
pl 0 0 NaN 0 1
apl 0 0 NaN 0 1
window: polygonal boundary
enclosing rectangle: [257656.9, 323005.8] x [4558224, 4654702] units
PointSim Object
window: polygonal boundary
enclosing rectangle: [257656.9, 323005.8] x [4558224, 4654702] units
Points:3IGRAPH 45709ff UN-- 3 0 --
+ attr: name (v/c)
+ edges from 45709ff (vertex names):
IGRAPH 45709ff UN-- 3 0 --
+ attr: name (v/c)
+ edges from 45709ff (vertex names):
Using the projected CRS WGS 84 / UTM zone 19N which uses 'm' for measurement units. Please visit https://spatialreference.org/ref/epsg/32619/ for more information about this CRS.
[ FAIL 3 | WARN 3 | SKIP 0 | PASS 20 ]
══ Failed tests ════════════════════════════════════════════════════════════════
── Failure ('test-generics.R:11:5'): we can plot objects created with the spacejamr package ──
class(plot(RI)) (`actual`) not identical to c("gg", "ggplot") (`expected`).
`actual`: "ggplot2::ggplot" "ggplot" "ggplot2::gg" "S7_object" "gg"
`expected[2:2]`: "ggplot"
── Failure ('test-generics.R:14:5'): we can plot objects created with the spacejamr package ──
class(plot(ri_points)) (`actual`) not identical to c("gg", "ggplot") (`expected`).
`actual`: "ggplot2::ggplot" "ggplot" "ggplot2::gg" "S7_object" "gg"
`expected[2:2]`: "ggplot"
── Failure ('test-generics.R:17:5'): we can plot objects created with the spacejamr package ──
class(plot(pl)) (`actual`) not identical to c("ggraph", "gg", "ggplot") (`expected`).
actual | expected
[1] "ggraph" - "gg" [2]
[2] "ggplot2::ggplot" -
[3] "ggplot" -
[4] "ggplot2::gg" -
[5] "S7_object" -
[6] "gg" - "ggplot" [3]
[ FAIL 3 | WARN 3 | SKIP 0 | PASS 20 ]
Error: Test failures
Execution halted
Flavor: r-devel-windows-x86_64
Version: 0.2.1
Check: tests
Result: ERROR
Running ‘testthat.R’ [21s/23s]
Running the tests in ‘tests/testthat.R’ failed.
Complete output:
> library(testthat)
> library(spacejamr)
>
> test_check("spacejamr")
Density Mean Degree Mean Closeness Mean Betweenness Largest Component Size
pl 0 0 NaN 0 1
apl 0 0 NaN 0 1
Density Mean Degree Mean Closeness Mean Betweenness Largest Component Size
pl 0 0 NaN 0 1
apl 0 0 NaN 0 1
window: polygonal boundary
enclosing rectangle: [257656.9, 323005.8] x [4558224, 4654702] units
PointSim Object
window: polygonal boundary
enclosing rectangle: [257656.9, 323005.8] x [4558224, 4654702] units
Points:3IGRAPH 74d952e UN-- 3 0 --
+ attr: name (v/c)
+ edges from 74d952e (vertex names):
IGRAPH 74d952e UN-- 3 0 --
+ attr: name (v/c)
+ edges from 74d952e (vertex names):
Using the projected CRS WGS 84 / UTM zone 19N which uses 'm' for measurement units. Please visit https://spatialreference.org/ref/epsg/32619/ for more information about this CRS.
[ FAIL 3 | WARN 3 | SKIP 0 | PASS 20 ]
══ Failed tests ════════════════════════════════════════════════════════════════
── Failure ('test-generics.R:11:5'): we can plot objects created with the spacejamr package ──
class(plot(RI)) (`actual`) not identical to c("gg", "ggplot") (`expected`).
`actual`: "ggplot2::ggplot" "ggplot" "ggplot2::gg" "S7_object" "gg"
`expected[2:2]`: "ggplot"
── Failure ('test-generics.R:14:5'): we can plot objects created with the spacejamr package ──
class(plot(ri_points)) (`actual`) not identical to c("gg", "ggplot") (`expected`).
`actual`: "ggplot2::ggplot" "ggplot" "ggplot2::gg" "S7_object" "gg"
`expected[2:2]`: "ggplot"
── Failure ('test-generics.R:17:5'): we can plot objects created with the spacejamr package ──
class(plot(pl)) (`actual`) not identical to c("ggraph", "gg", "ggplot") (`expected`).
actual | expected
[1] "ggraph" - "gg" [2]
[2] "ggplot2::ggplot" -
[3] "ggplot" -
[4] "ggplot2::gg" -
[5] "S7_object" -
[6] "gg" - "ggplot" [3]
[ FAIL 3 | WARN 3 | SKIP 0 | PASS 20 ]
Error: Test failures
Execution halted
Flavor: r-patched-linux-x86_64
Version: 0.2.1
Check: tests
Result: ERROR
Running ‘testthat.R’ [21s/28s]
Running the tests in ‘tests/testthat.R’ failed.
Complete output:
> library(testthat)
> library(spacejamr)
>
> test_check("spacejamr")
Density Mean Degree Mean Closeness Mean Betweenness Largest Component Size
pl 0 0 NaN 0 1
apl 0 0 NaN 0 1
Density Mean Degree Mean Closeness Mean Betweenness Largest Component Size
pl 0 0 NaN 0 1
apl 0 0 NaN 0 1
window: polygonal boundary
enclosing rectangle: [257656.9, 323005.8] x [4558224, 4654702] units
PointSim Object
window: polygonal boundary
enclosing rectangle: [257656.9, 323005.8] x [4558224, 4654702] units
Points:3IGRAPH 95565ba UN-- 3 0 --
+ attr: name (v/c)
+ edges from 95565ba (vertex names):
IGRAPH 95565ba UN-- 3 0 --
+ attr: name (v/c)
+ edges from 95565ba (vertex names):
Using the projected CRS WGS 84 / UTM zone 19N which uses 'm' for measurement units. Please visit https://spatialreference.org/ref/epsg/32619/ for more information about this CRS.
[ FAIL 3 | WARN 3 | SKIP 0 | PASS 20 ]
══ Failed tests ════════════════════════════════════════════════════════════════
── Failure ('test-generics.R:11:5'): we can plot objects created with the spacejamr package ──
class(plot(RI)) (`actual`) not identical to c("gg", "ggplot") (`expected`).
`actual`: "ggplot2::ggplot" "ggplot" "ggplot2::gg" "S7_object" "gg"
`expected[2:2]`: "ggplot"
── Failure ('test-generics.R:14:5'): we can plot objects created with the spacejamr package ──
class(plot(ri_points)) (`actual`) not identical to c("gg", "ggplot") (`expected`).
`actual`: "ggplot2::ggplot" "ggplot" "ggplot2::gg" "S7_object" "gg"
`expected[2:2]`: "ggplot"
── Failure ('test-generics.R:17:5'): we can plot objects created with the spacejamr package ──
class(plot(pl)) (`actual`) not identical to c("ggraph", "gg", "ggplot") (`expected`).
actual | expected
[1] "ggraph" - "gg" [2]
[2] "ggplot2::ggplot" -
[3] "ggplot" -
[4] "ggplot2::gg" -
[5] "S7_object" -
[6] "gg" - "ggplot" [3]
[ FAIL 3 | WARN 3 | SKIP 0 | PASS 20 ]
Error: Test failures
Execution halted
Flavor: r-release-linux-x86_64
Version: 0.2.1
Check: tests
Result: ERROR
Running 'testthat.R' [18s]
Running the tests in 'tests/testthat.R' failed.
Complete output:
> library(testthat)
> library(spacejamr)
>
> test_check("spacejamr")
Density Mean Degree Mean Closeness Mean Betweenness Largest Component Size
pl 0 0 NaN 0 1
apl 0 0 NaN 0 1
Density Mean Degree Mean Closeness Mean Betweenness Largest Component Size
pl 0 0 NaN 0 1
apl 0 0 NaN 0 1
window: polygonal boundary
enclosing rectangle: [257656.9, 323005.8] x [4558224, 4654702] units
PointSim Object
window: polygonal boundary
enclosing rectangle: [257656.9, 323005.8] x [4558224, 4654702] units
Points:3IGRAPH f72aa95 UN-- 3 0 --
+ attr: name (v/c)
+ edges from f72aa95 (vertex names):
IGRAPH f72aa95 UN-- 3 0 --
+ attr: name (v/c)
+ edges from f72aa95 (vertex names):
Using the projected CRS WGS 84 / UTM zone 19N which uses 'm' for measurement units. Please visit https://spatialreference.org/ref/epsg/32619/ for more information about this CRS.
[ FAIL 3 | WARN 3 | SKIP 0 | PASS 20 ]
══ Failed tests ════════════════════════════════════════════════════════════════
── Failure ('test-generics.R:11:5'): we can plot objects created with the spacejamr package ──
class(plot(RI)) (`actual`) not identical to c("gg", "ggplot") (`expected`).
`actual`: "ggplot2::ggplot" "ggplot" "ggplot2::gg" "S7_object" "gg"
`expected[2:2]`: "ggplot"
── Failure ('test-generics.R:14:5'): we can plot objects created with the spacejamr package ──
class(plot(ri_points)) (`actual`) not identical to c("gg", "ggplot") (`expected`).
`actual`: "ggplot2::ggplot" "ggplot" "ggplot2::gg" "S7_object" "gg"
`expected[2:2]`: "ggplot"
── Failure ('test-generics.R:17:5'): we can plot objects created with the spacejamr package ──
class(plot(pl)) (`actual`) not identical to c("ggraph", "gg", "ggplot") (`expected`).
actual | expected
[1] "ggraph" - "gg" [2]
[2] "ggplot2::ggplot" -
[3] "ggplot" -
[4] "ggplot2::gg" -
[5] "S7_object" -
[6] "gg" - "ggplot" [3]
[ FAIL 3 | WARN 3 | SKIP 0 | PASS 20 ]
Error: Test failures
Execution halted
Flavor: r-release-windows-x86_64
Version: 0.2.1
Check: tests
Result: ERROR
Running 'testthat.R' [26s]
Running the tests in 'tests/testthat.R' failed.
Complete output:
> library(testthat)
> library(spacejamr)
>
> test_check("spacejamr")
Density Mean Degree Mean Closeness Mean Betweenness Largest Component Size
pl 0 0 NaN 0 1
apl 0 0 NaN 0 1
Density Mean Degree Mean Closeness Mean Betweenness Largest Component Size
pl 0 0 NaN 0 1
apl 0 0 NaN 0 1
window: polygonal boundary
enclosing rectangle: [257656.9, 323005.8] x [4558224, 4654702] units
PointSim Object
window: polygonal boundary
enclosing rectangle: [257656.9, 323005.8] x [4558224, 4654702] units
Points:3IGRAPH 153d37b UN-- 3 0 --
+ attr: name (v/c)
+ edges from 153d37b (vertex names):
IGRAPH 153d37b UN-- 3 0 --
+ attr: name (v/c)
+ edges from 153d37b (vertex names):
Using the projected CRS WGS 84 / UTM zone 19N which uses 'm' for measurement units. Please visit https://spatialreference.org/ref/epsg/32619/ for more information about this CRS.
[ FAIL 3 | WARN 3 | SKIP 0 | PASS 20 ]
══ Failed tests ════════════════════════════════════════════════════════════════
── Failure ('test-generics.R:11:5'): we can plot objects created with the spacejamr package ──
class(plot(RI)) (`actual`) not identical to c("gg", "ggplot") (`expected`).
`actual`: "ggplot2::ggplot" "ggplot" "ggplot2::gg" "S7_object" "gg"
`expected[2:2]`: "ggplot"
── Failure ('test-generics.R:14:5'): we can plot objects created with the spacejamr package ──
class(plot(ri_points)) (`actual`) not identical to c("gg", "ggplot") (`expected`).
`actual`: "ggplot2::ggplot" "ggplot" "ggplot2::gg" "S7_object" "gg"
`expected[2:2]`: "ggplot"
── Failure ('test-generics.R:17:5'): we can plot objects created with the spacejamr package ──
class(plot(pl)) (`actual`) not identical to c("ggraph", "gg", "ggplot") (`expected`).
actual | expected
[1] "ggraph" - "gg" [2]
[2] "ggplot2::ggplot" -
[3] "ggplot" -
[4] "ggplot2::gg" -
[5] "S7_object" -
[6] "gg" - "ggplot" [3]
[ FAIL 3 | WARN 3 | SKIP 0 | PASS 20 ]
Error: Test failures
Execution halted
Flavor: r-oldrel-windows-x86_64
These binaries (installable software) and packages are in development.
They may not be fully stable and should be used with caution. We make no claims about them.
Health stats visible at Monitor.