Last updated on 2025-02-02 05:48:37 CET.
Flavor | Version | Tinstall | Tcheck | Ttotal | Status | Flags |
---|---|---|---|---|---|---|
r-devel-linux-x86_64-debian-clang | 0.4.4.5 | 151.36 | 277.58 | 428.94 | OK | |
r-devel-linux-x86_64-debian-gcc | 0.4.4.5 | 112.76 | 186.18 | 298.94 | OK | |
r-devel-linux-x86_64-fedora-clang | 0.4.4.5 | 750.45 | OK | |||
r-devel-linux-x86_64-fedora-gcc | 0.4.4.5 | 726.43 | OK | |||
r-devel-windows-x86_64 | 0.4.4.5 | 155.00 | 288.00 | 443.00 | OK | |
r-patched-linux-x86_64 | 0.4.4.5 | 161.30 | 246.19 | 407.49 | OK | |
r-release-linux-x86_64 | 0.4.4.5 | 158.84 | 245.98 | 404.82 | OK | |
r-release-macos-arm64 | 0.4.4.5 | 174.00 | NOTE | |||
r-release-macos-x86_64 | 0.4.4.5 | 306.00 | NOTE | |||
r-release-windows-x86_64 | 0.4.4.5 | 153.00 | 284.00 | 437.00 | NOTE | |
r-oldrel-macos-arm64 | 0.4.4.4 | 163.00 | NOTE | |||
r-oldrel-macos-x86_64 | 0.4.4.4 | 310.00 | NOTE | |||
r-oldrel-windows-x86_64 | 0.4.4.5 | 181.00 | 366.00 | 547.00 | NOTE |
Version: 0.4.4.5
Check: installed package size
Result: NOTE
installed size is 17.6Mb
sub-directories of 1Mb or more:
doc 1.1Mb
extdata 2.6Mb
libs 12.5Mb
Flavors: r-release-macos-arm64, r-release-macos-x86_64, r-release-windows-x86_64, r-oldrel-windows-x86_64
Version: 0.4.4.4
Check: installed package size
Result: NOTE
installed size is 17.6Mb
sub-directories of 1Mb or more:
doc 1.1Mb
extdata 2.6Mb
libs 12.5Mb
Flavors: r-oldrel-macos-arm64, r-oldrel-macos-x86_64
These binaries (installable software) and packages are in development.
They may not be fully stable and should be used with caution. We make no claims about them.
Health stats visible at Monitor.