Last updated on 2025-05-17 15:50:57 CEST.
Flavor | Version | Tinstall | Tcheck | Ttotal | Status | Flags |
---|---|---|---|---|---|---|
r-devel-linux-x86_64-debian-clang | 1.5 | 211.75 | 202.58 | 414.33 | OK | |
r-devel-linux-x86_64-debian-gcc | 1.5 | 149.37 | 127.21 | 276.58 | OK | |
r-devel-linux-x86_64-fedora-clang | 1.6 | 982.03 | OK | |||
r-devel-linux-x86_64-fedora-gcc | 1.6 | 999.79 | OK | |||
r-devel-windows-x86_64 | 1.5 | 233.00 | 184.00 | 417.00 | OK | |
r-patched-linux-x86_64 | 1.5 | 203.60 | 189.99 | 393.59 | OK | |
r-release-linux-x86_64 | 1.5 | 199.99 | 192.18 | 392.17 | OK | |
r-release-macos-arm64 | 1.6 | 178.00 | OK | |||
r-release-macos-x86_64 | 1.5 | 233.00 | OK | |||
r-release-windows-x86_64 | 1.6 | 263.00 | 175.00 | 438.00 | OK | |
r-oldrel-macos-arm64 | 1.6 | 185.00 | NOTE | |||
r-oldrel-macos-x86_64 | 1.5 | 218.00 | NOTE | |||
r-oldrel-windows-x86_64 | 1.5 | 269.00 | 239.00 | 508.00 | OK |
Version: 1.6
Check: installed package size
Result: NOTE
installed size is 25.3Mb
sub-directories of 1Mb or more:
case 1.9Mb
libs 22.6Mb
Flavor: r-oldrel-macos-arm64
Version: 1.5
Check: installed package size
Result: NOTE
installed size is 19.1Mb
sub-directories of 1Mb or more:
extdata 1.2Mb
libs 17.5Mb
Flavor: r-oldrel-macos-x86_64
These binaries (installable software) and packages are in development.
They may not be fully stable and should be used with caution. We make no claims about them.
Health stats visible at Monitor.