Last updated on 2025-05-15 09:52:43 CEST.
Flavor | Version | Tinstall | Tcheck | Ttotal | Status | Flags |
---|---|---|---|---|---|---|
r-devel-linux-x86_64-debian-clang | 0.1.0 | 8.78 | 73.50 | 82.28 | NOTE | |
r-devel-linux-x86_64-debian-gcc | 0.1.0 | 6.72 | 53.97 | 60.69 | NOTE | |
r-devel-linux-x86_64-fedora-clang | 0.1.0 | 132.28 | OK | |||
r-devel-linux-x86_64-fedora-gcc | 0.1.0 | 138.03 | OK | |||
r-devel-windows-x86_64 | 0.1.0 | 10.00 | 83.00 | 93.00 | OK | |
r-patched-linux-x86_64 | 0.1.0 | 8.07 | 70.31 | 78.38 | OK | |
r-release-linux-x86_64 | 0.1.0 | 7.78 | 70.58 | 78.36 | OK | |
r-release-macos-arm64 | 0.1.0 | 60.00 | OK | |||
r-release-macos-x86_64 | 0.1.0 | 96.00 | OK | |||
r-release-windows-x86_64 | 0.1.0 | 10.00 | 82.00 | 92.00 | OK | |
r-oldrel-macos-arm64 | 0.1.0 | 48.00 | OK | |||
r-oldrel-macos-x86_64 | 0.1.0 | 68.00 | OK | |||
r-oldrel-windows-x86_64 | 0.1.0 | 13.00 | 101.00 | 114.00 | OK |
Version: 0.1.0
Check: CRAN incoming feasibility
Result: NOTE
Maintainer: ‘Weimin Zhang <zhangwm@hotmail.com>’
Found the following URLs which should use \doi (with the DOI name only):
File ‘asrm.Rd’:
https://doi.org/10.1111/biom.12997
File ‘sorocs.Rd’:
https://doi.org/10.1111/biom.12997
Flavors: r-devel-linux-x86_64-debian-clang, r-devel-linux-x86_64-debian-gcc
These binaries (installable software) and packages are in development.
They may not be fully stable and should be used with caution. We make no claims about them.
Health stats visible at Monitor.