CRAN Package Check Results for Package sorcering

Last updated on 2025-10-09 23:51:26 CEST.

Flavor Version Tinstall Tcheck Ttotal Status Flags
r-devel-linux-x86_64-debian-clang 1.2.0 59.52 38.35 97.87 WARN
r-devel-linux-x86_64-debian-gcc 1.2.0 52.68 29.82 82.50 WARN
r-devel-linux-x86_64-fedora-clang 1.2.0 168.33 WARN
r-devel-linux-x86_64-fedora-gcc 1.2.0 190.01 WARN
r-devel-windows-x86_64 1.2.0 72.00 88.00 160.00 WARN
r-patched-linux-x86_64 1.2.0 68.63 36.70 105.33 WARN
r-release-linux-x86_64 1.2.0 68.36 36.29 104.65 WARN
r-release-macos-arm64 1.2.0 76.00 OK
r-release-macos-x86_64 1.2.0 175.00 OK
r-release-windows-x86_64 1.2.0 71.00 87.00 158.00 WARN
r-oldrel-macos-arm64 1.2.0 72.00 NOTE
r-oldrel-macos-x86_64 1.2.0 198.00 NOTE
r-oldrel-windows-x86_64 1.2.0 87.00 98.00 185.00 WARN

Check Details

Version: 1.2.0
Check: whether package can be installed
Result: WARN Found the following significant warnings: sorcering.cpp:2294:92: warning: 'from<double, arma::eGlue<arma::subview_elem1<double, arma::mtOp<unsigned int, arma::mtOp<unsigned int, arma::Col<double>, arma::op_rel_eq>, arma::op_find>>, arma::subview_elem1<double, arma::mtOp<unsigned int, arma::mtOp<unsigned int, arma::Col<double>, arma::op_rel_eq>, arma::op_find>>, arma::eglue_div>>' is deprecated: replace conv_to<...>::from(X) with as_scalar(X) [-Wdeprecated-declarations] sorcering.cpp:2329:95: warning: 'from<double, arma::eGlue<arma::subview_elem1<double, arma::mtOp<unsigned int, arma::mtOp<unsigned int, arma::Col<double>, arma::op_rel_eq>, arma::op_find>>, arma::subview_elem1<double, arma::mtOp<unsigned int, arma::mtOp<unsigned int, arma::Col<double>, arma::op_rel_eq>, arma::op_find>>, arma::eglue_div>>' is deprecated: replace conv_to<...>::from(X) with as_scalar(X) [-Wdeprecated-declarations] See ‘/home/hornik/tmp/R.check/r-devel-clang/Work/PKGS/sorcering.Rcheck/00install.out’ for details. * used C++ compiler: ‘Debian clang version 19.1.7 (7)’ Flavor: r-devel-linux-x86_64-debian-clang

Version: 1.2.0
Check: whether package can be installed
Result: WARN Found the following significant warnings: sorcering.cpp:2294:96: warning: ‘static out_eT arma::conv_to<out_eT>::from(const arma::Base<eT2, expr>&, const typename arma::arma_not_cx<in_eT>::result*) [with in_eT = double; T1 = arma::eGlue<arma::subview_elem1<double, arma::mtOp<unsigned int, arma::mtOp<unsigned int, arma::Col<double>, arma::op_rel_eq>, arma::op_find> >, arma::subview_elem1<double, arma::mtOp<unsigned int, arma::mtOp<unsigned int, arma::Col<double>, arma::op_rel_eq>, arma::op_find> >, arma::eglue_div>; out_eT = double; typename arma::arma_not_cx<in_eT>::result = double]’ is deprecated: replace conv_to<...>::from(X) with as_scalar(X) [-Wdeprecated-declarations] sorcering.cpp:2329:99: warning: ‘static out_eT arma::conv_to<out_eT>::from(const arma::Base<eT2, expr>&, const typename arma::arma_not_cx<in_eT>::result*) [with in_eT = double; T1 = arma::eGlue<arma::subview_elem1<double, arma::mtOp<unsigned int, arma::mtOp<unsigned int, arma::Col<double>, arma::op_rel_eq>, arma::op_find> >, arma::subview_elem1<double, arma::mtOp<unsigned int, arma::mtOp<unsigned int, arma::Col<double>, arma::op_rel_eq>, arma::op_find> >, arma::eglue_div>; out_eT = double; typename arma::arma_not_cx<in_eT>::result = double]’ is deprecated: replace conv_to<...>::from(X) with as_scalar(X) [-Wdeprecated-declarations] See ‘/home/hornik/tmp/R.check/r-devel-gcc/Work/PKGS/sorcering.Rcheck/00install.out’ for details. * used C++ compiler: ‘g++-15 (Debian 15.2.0-4) 15.2.0’ Flavor: r-devel-linux-x86_64-debian-gcc

Version: 1.2.0
Check: whether package can be installed
Result: WARN Found the following significant warnings: sorcering.cpp:2294:92: warning: 'from<double, arma::eGlue<arma::subview_elem1<double, arma::mtOp<unsigned int, arma::mtOp<unsigned int, arma::Col<double>, arma::op_rel_eq>, arma::op_find>>, arma::subview_elem1<double, arma::mtOp<unsigned int, arma::mtOp<unsigned int, arma::Col<double>, arma::op_rel_eq>, arma::op_find>>, arma::eglue_div>>' is deprecated: replace conv_to<...>::from(X) with as_scalar(X) [-Wdeprecated-declarations] sorcering.cpp:2329:95: warning: 'from<double, arma::eGlue<arma::subview_elem1<double, arma::mtOp<unsigned int, arma::mtOp<unsigned int, arma::Col<double>, arma::op_rel_eq>, arma::op_find>>, arma::subview_elem1<double, arma::mtOp<unsigned int, arma::mtOp<unsigned int, arma::Col<double>, arma::op_rel_eq>, arma::op_find>>, arma::eglue_div>>' is deprecated: replace conv_to<...>::from(X) with as_scalar(X) [-Wdeprecated-declarations] See ‘/data/gannet/ripley/R/packages/tests-clang/sorcering.Rcheck/00install.out’ for details. * used C++ compiler: ‘clang version 21.1.2’ Flavor: r-devel-linux-x86_64-fedora-clang

Version: 1.2.0
Check: whether package can be installed
Result: WARN Found the following significant warnings: sorcering.cpp:2294:96: warning: ‘static out_eT arma::conv_to<out_eT>::from(const arma::Base<eT2, expr>&, const typename arma::arma_not_cx<in_eT>::result*) [with in_eT = double; T1 = arma::eGlue<arma::subview_elem1<double, arma::mtOp<unsigned int, arma::mtOp<unsigned int, arma::Col<double>, arma::op_rel_eq>, arma::op_find> >, arma::subview_elem1<double, arma::mtOp<unsigned int, arma::mtOp<unsigned int, arma::Col<double>, arma::op_rel_eq>, arma::op_find> >, arma::eglue_div>; out_eT = double; typename arma::arma_not_cx<in_eT>::result = double]’ is deprecated: replace conv_to<...>::from(X) with as_scalar(X) [-Wdeprecated-declarations] sorcering.cpp:2329:99: warning: ‘static out_eT arma::conv_to<out_eT>::from(const arma::Base<eT2, expr>&, const typename arma::arma_not_cx<in_eT>::result*) [with in_eT = double; T1 = arma::eGlue<arma::subview_elem1<double, arma::mtOp<unsigned int, arma::mtOp<unsigned int, arma::Col<double>, arma::op_rel_eq>, arma::op_find> >, arma::subview_elem1<double, arma::mtOp<unsigned int, arma::mtOp<unsigned int, arma::Col<double>, arma::op_rel_eq>, arma::op_find> >, arma::eglue_div>; out_eT = double; typename arma::arma_not_cx<in_eT>::result = double]’ is deprecated: replace conv_to<...>::from(X) with as_scalar(X) [-Wdeprecated-declarations] See ‘/data/gannet/ripley/R/packages/tests-devel/sorcering.Rcheck/00install.out’ for details. * used C++ compiler: ‘g++ (GCC) 15.1.1 20250521 (Red Hat 15.1.1-2)’ Flavor: r-devel-linux-x86_64-fedora-gcc

Version: 1.2.0
Check: whether package can be installed
Result: WARN Found the following significant warnings: sorcering.cpp:2294:96: warning: 'static out_eT arma::conv_to<out_eT>::from(const arma::Base<eT2, expr>&, const typename arma::arma_not_cx<in_eT>::result*) [with in_eT = double; T1 = arma::eGlue<arma::subview_elem1<double, arma::mtOp<unsigned int, arma::mtOp<unsigned int, arma::Col<double>, arma::op_rel_eq>, arma::op_find> >, arma::subview_elem1<double, arma::mtOp<unsigned int, arma::mtOp<unsigned int, arma::Col<double>, arma::op_rel_eq>, arma::op_find> >, arma::eglue_div>; out_eT = double; typename arma::arma_not_cx<in_eT>::result = double]' is deprecated: replace conv_to<...>::from(X) with as_scalar(X) [-Wdeprecated-declarations] sorcering.cpp:2329:99: warning: 'static out_eT arma::conv_to<out_eT>::from(const arma::Base<eT2, expr>&, const typename arma::arma_not_cx<in_eT>::result*) [with in_eT = double; T1 = arma::eGlue<arma::subview_elem1<double, arma::mtOp<unsigned int, arma::mtOp<unsigned int, arma::Col<double>, arma::op_rel_eq>, arma::op_find> >, arma::subview_elem1<double, arma::mtOp<unsigned int, arma::mtOp<unsigned int, arma::Col<double>, arma::op_rel_eq>, arma::op_find> >, arma::eglue_div>; out_eT = double; typename arma::arma_not_cx<in_eT>::result = double]' is deprecated: replace conv_to<...>::from(X) with as_scalar(X) [-Wdeprecated-declarations] See 'd:/Rcompile/CRANpkg/local/4.6/sorcering.Rcheck/00install.out' for details. * used C++ compiler: 'g++.exe (GCC) 14.2.0' Flavor: r-devel-windows-x86_64

Version: 1.2.0
Check: whether package can be installed
Result: WARN Found the following significant warnings: sorcering.cpp:2294:96: warning: ‘static out_eT arma::conv_to<out_eT>::from(const arma::Base<eT2, expr>&, const typename arma::arma_not_cx<in_eT>::result*) [with in_eT = double; T1 = arma::eGlue<arma::subview_elem1<double, arma::mtOp<unsigned int, arma::mtOp<unsigned int, arma::Col<double>, arma::op_rel_eq>, arma::op_find> >, arma::subview_elem1<double, arma::mtOp<unsigned int, arma::mtOp<unsigned int, arma::Col<double>, arma::op_rel_eq>, arma::op_find> >, arma::eglue_div>; out_eT = double; typename arma::arma_not_cx<in_eT>::result = double]’ is deprecated: replace conv_to<...>::from(X) with as_scalar(X) [-Wdeprecated-declarations] sorcering.cpp:2329:99: warning: ‘static out_eT arma::conv_to<out_eT>::from(const arma::Base<eT2, expr>&, const typename arma::arma_not_cx<in_eT>::result*) [with in_eT = double; T1 = arma::eGlue<arma::subview_elem1<double, arma::mtOp<unsigned int, arma::mtOp<unsigned int, arma::Col<double>, arma::op_rel_eq>, arma::op_find> >, arma::subview_elem1<double, arma::mtOp<unsigned int, arma::mtOp<unsigned int, arma::Col<double>, arma::op_rel_eq>, arma::op_find> >, arma::eglue_div>; out_eT = double; typename arma::arma_not_cx<in_eT>::result = double]’ is deprecated: replace conv_to<...>::from(X) with as_scalar(X) [-Wdeprecated-declarations] See ‘/home/hornik/tmp/R.check/r-patched-gcc/Work/PKGS/sorcering.Rcheck/00install.out’ for details. * used C++ compiler: ‘g++-14 (Debian 14.3.0-8) 14.3.0’ Flavor: r-patched-linux-x86_64

Version: 1.2.0
Check: whether package can be installed
Result: WARN Found the following significant warnings: sorcering.cpp:2294:96: warning: ‘static out_eT arma::conv_to<out_eT>::from(const arma::Base<eT2, expr>&, const typename arma::arma_not_cx<in_eT>::result*) [with in_eT = double; T1 = arma::eGlue<arma::subview_elem1<double, arma::mtOp<unsigned int, arma::mtOp<unsigned int, arma::Col<double>, arma::op_rel_eq>, arma::op_find> >, arma::subview_elem1<double, arma::mtOp<unsigned int, arma::mtOp<unsigned int, arma::Col<double>, arma::op_rel_eq>, arma::op_find> >, arma::eglue_div>; out_eT = double; typename arma::arma_not_cx<in_eT>::result = double]’ is deprecated: replace conv_to<...>::from(X) with as_scalar(X) [-Wdeprecated-declarations] sorcering.cpp:2329:99: warning: ‘static out_eT arma::conv_to<out_eT>::from(const arma::Base<eT2, expr>&, const typename arma::arma_not_cx<in_eT>::result*) [with in_eT = double; T1 = arma::eGlue<arma::subview_elem1<double, arma::mtOp<unsigned int, arma::mtOp<unsigned int, arma::Col<double>, arma::op_rel_eq>, arma::op_find> >, arma::subview_elem1<double, arma::mtOp<unsigned int, arma::mtOp<unsigned int, arma::Col<double>, arma::op_rel_eq>, arma::op_find> >, arma::eglue_div>; out_eT = double; typename arma::arma_not_cx<in_eT>::result = double]’ is deprecated: replace conv_to<...>::from(X) with as_scalar(X) [-Wdeprecated-declarations] See ‘/home/hornik/tmp/R.check/r-release-gcc/Work/PKGS/sorcering.Rcheck/00install.out’ for details. * used C++ compiler: ‘g++-14 (Debian 14.3.0-8) 14.3.0’ Flavor: r-release-linux-x86_64

Version: 1.2.0
Check: whether package can be installed
Result: WARN Found the following significant warnings: sorcering.cpp:2294:96: warning: 'static out_eT arma::conv_to<out_eT>::from(const arma::Base<eT2, expr>&, const typename arma::arma_not_cx<in_eT>::result*) [with in_eT = double; T1 = arma::eGlue<arma::subview_elem1<double, arma::mtOp<unsigned int, arma::mtOp<unsigned int, arma::Col<double>, arma::op_rel_eq>, arma::op_find> >, arma::subview_elem1<double, arma::mtOp<unsigned int, arma::mtOp<unsigned int, arma::Col<double>, arma::op_rel_eq>, arma::op_find> >, arma::eglue_div>; out_eT = double; typename arma::arma_not_cx<in_eT>::result = double]' is deprecated: replace conv_to<...>::from(X) with as_scalar(X) [-Wdeprecated-declarations] sorcering.cpp:2329:99: warning: 'static out_eT arma::conv_to<out_eT>::from(const arma::Base<eT2, expr>&, const typename arma::arma_not_cx<in_eT>::result*) [with in_eT = double; T1 = arma::eGlue<arma::subview_elem1<double, arma::mtOp<unsigned int, arma::mtOp<unsigned int, arma::Col<double>, arma::op_rel_eq>, arma::op_find> >, arma::subview_elem1<double, arma::mtOp<unsigned int, arma::mtOp<unsigned int, arma::Col<double>, arma::op_rel_eq>, arma::op_find> >, arma::eglue_div>; out_eT = double; typename arma::arma_not_cx<in_eT>::result = double]' is deprecated: replace conv_to<...>::from(X) with as_scalar(X) [-Wdeprecated-declarations] See 'd:/Rcompile/CRANpkg/local/4.5/sorcering.Rcheck/00install.out' for details. * used C++ compiler: 'g++.exe (GCC) 14.2.0' Flavor: r-release-windows-x86_64

Version: 1.2.0
Check: installed package size
Result: NOTE installed size is 8.0Mb sub-directories of 1Mb or more: libs 7.5Mb Flavors: r-oldrel-macos-arm64, r-oldrel-macos-x86_64

Version: 1.2.0
Check: whether package can be installed
Result: WARN Found the following significant warnings: sorcering.cpp:2294:96: warning: 'static out_eT arma::conv_to<out_eT>::from(const arma::Base<eT2, expr>&, const typename arma::arma_not_cx<in_eT>::result*) [with in_eT = double; T1 = arma::eGlue<arma::subview_elem1<double, arma::mtOp<unsigned int, arma::mtOp<unsigned int, arma::Col<double>, arma::op_rel_eq>, arma::op_find> >, arma::subview_elem1<double, arma::mtOp<unsigned int, arma::mtOp<unsigned int, arma::Col<double>, arma::op_rel_eq>, arma::op_find> >, arma::eglue_div>; out_eT = double; typename arma::arma_not_cx<in_eT>::result = double]' is deprecated: replace conv_to<...>::from(X) with as_scalar(X) [-Wdeprecated-declarations] sorcering.cpp:2329:99: warning: 'static out_eT arma::conv_to<out_eT>::from(const arma::Base<eT2, expr>&, const typename arma::arma_not_cx<in_eT>::result*) [with in_eT = double; T1 = arma::eGlue<arma::subview_elem1<double, arma::mtOp<unsigned int, arma::mtOp<unsigned int, arma::Col<double>, arma::op_rel_eq>, arma::op_find> >, arma::subview_elem1<double, arma::mtOp<unsigned int, arma::mtOp<unsigned int, arma::Col<double>, arma::op_rel_eq>, arma::op_find> >, arma::eglue_div>; out_eT = double; typename arma::arma_not_cx<in_eT>::result = double]' is deprecated: replace conv_to<...>::from(X) with as_scalar(X) [-Wdeprecated-declarations] See 'd:/Rcompile/CRANpkg/local/4.4/sorcering.Rcheck/00install.out' for details. * used C++ compiler: 'g++.exe (GCC) 13.3.0' Flavor: r-oldrel-windows-x86_64

These binaries (installable software) and packages are in development.
They may not be fully stable and should be used with caution. We make no claims about them.
Health stats visible at Monitor.