Last updated on 2025-05-17 09:49:25 CEST.
Flavor | Version | Tinstall | Tcheck | Ttotal | Status | Flags |
---|---|---|---|---|---|---|
r-devel-linux-x86_64-debian-clang | 0.0.7 | 15.27 | 139.80 | 155.07 | NOTE | |
r-devel-linux-x86_64-debian-gcc | 0.0.7 | 9.93 | 99.23 | 109.16 | NOTE | |
r-devel-linux-x86_64-fedora-clang | 0.0.7 | 245.89 | NOTE | |||
r-devel-linux-x86_64-fedora-gcc | 0.0.7 | 285.26 | NOTE | |||
r-devel-windows-x86_64 | 0.0.7 | 18.00 | 150.00 | 168.00 | NOTE | |
r-patched-linux-x86_64 | 0.0.7 | 14.72 | 130.68 | 145.40 | NOTE | |
r-release-linux-x86_64 | 0.0.7 | 12.60 | 129.48 | 142.08 | NOTE | |
r-release-macos-arm64 | 0.0.7 | 93.00 | ERROR | |||
r-release-macos-x86_64 | 0.0.7 | 225.00 | NOTE | |||
r-release-windows-x86_64 | 0.0.7 | 18.00 | 154.00 | 172.00 | NOTE | |
r-oldrel-macos-arm64 | 0.0.7 | 91.00 | ERROR | |||
r-oldrel-macos-x86_64 | 0.0.7 | 194.00 | OK | |||
r-oldrel-windows-x86_64 | 0.0.7 | 22.00 | 188.00 | 210.00 | OK |
Version: 0.0.7
Check: DESCRIPTION meta-information
Result: NOTE
Missing dependency on R >= 4.1.0 because package code uses the pipe
|> or function shorthand \(...) syntax added in R 4.1.0.
File(s) using such syntax:
‘soundSpeed.Rd’
Flavors: r-devel-linux-x86_64-debian-clang, r-devel-linux-x86_64-debian-gcc, r-devel-linux-x86_64-fedora-clang, r-devel-linux-x86_64-fedora-gcc, r-devel-windows-x86_64, r-patched-linux-x86_64, r-release-linux-x86_64, r-release-macos-arm64, r-release-macos-x86_64, r-release-windows-x86_64
Version: 0.0.7
Check: tests
Result: ERROR
Running ‘spelling.R’ [0s/0s]
Running ‘testthat.R’ [25s/34s]
Running the tests in ‘tests/testthat.R’ failed.
Complete output:
> # This file is part of the standard setup for testthat.
> # It is recommended that you do not modify it.
> #
> # Where should you do additional test configuration?
> # Learn more about the roles of various files in:
> # * https://r-pkgs.org/testing-design.html#sec-tests-files-overview
> # * https://testthat.r-lib.org/articles/special-files.html
>
> library(testthat)
> library(sonicscrewdriver)
Attaching package: 'sonicscrewdriver'
The following object is masked from 'package:base':
jitter
>
> test_check("sonicscrewdriver")
starting worker pid=46017 on localhost:11467 at 20:24:50.327
starting worker pid=46019 on localhost:11467 at 20:24:50.339
starting worker pid=46046 on localhost:11467 at 20:24:50.440
starting worker pid=46049 on localhost:11467 at 20:24:50.455
starting worker pid=46053 on localhost:11467 at 20:24:50.531
starting worker pid=46054 on localhost:11467 at 20:24:50.541
This is a mono file.
Calculating index. Please wait...
Bioacoustic Index: 10.97174
This is a mono file.
Calculating index. Please wait...
Bioacoustic Index: 10.97174
This is a mono file.
Calculating index. Please wait...
Acoustic Evenness Index: 0.9
This is a mono file.
Calculating index. Please wait...
Acoustic Evenness Index: 0.9
This is a mono file.
Calculating index. Please wait...
Acoustic Diversity Index: 0
This is a mono file.
Calculating index. Please wait...
Acoustic Diversity Index: 0
starting worker pid=46119 on localhost:11467 at 20:24:51.861
starting worker pid=46121 on localhost:11467 at 20:24:51.866
This is a mono file.
Calculating index. Please wait...
This is a mono file.
Calculating index. Please wait...
Bioacoustic Index: 10.97174
Bioacoustic Index: 10.97174
This is a mono file.
Calculating index. Please wait...
This is a mono file.
Calculating index. Please wait...
Acoustic Evenness Index: 0.9
Acoustic Evenness Index: 0.9
This is a mono file.
Calculating index. Please wait...
This is a mono file.
Calculating index. Please wait...
Acoustic Diversity Index: 0
Acoustic Diversity Index: 0
starting worker pid=49225 on localhost:11467 at 07:25:13.440
starting worker pid=49226 on localhost:11467 at 07:25:13.447
starting worker pid=49270 on localhost:11467 at 07:25:14.112
starting worker pid=49272 on localhost:11467 at 07:25:14.117
starting worker pid=49324 on localhost:11467 at 07:25:15.147
starting worker pid=49327 on localhost:11467 at 07:25:15.155
[ FAIL 18 | WARN 0 | SKIP 7 | PASS 821 ]
══ Skipped tests (7) ═══════════════════════════════════════════════════════════
• On CRAN (5): 'test-audioblast.R:2:3', 'test-audioblast.R:15:3',
'test-audioblast.R:30:3', 'test-audioblast.R:47:3', 'test-audioblast.R:68:3'
• ssd_birdnet not available for testing (2): 'test-birdnetReticulate.R:14:3',
'test-birdnetReticulate.R:20:3'
══ Failed tests ════════════════════════════════════════════════════════════════
── Failure ('test-audioblastProcessors.R:9:3'): ab_diel_traits with real data ──
data2$value_min[1] (`actual`) not equal to 1538 (`expected`).
`actual`: 1539.0
`expected`: 1538.0
── Failure ('test-audioblastProcessors.R:14:3'): ab_diel_traits with real data ──
data2$value_min[1] (`actual`) not equal to 1538 (`expected`).
`actual`: 1539.0
`expected`: 1538.0
── Failure ('test-audioblastProcessors.R:19:3'): ab_diel_traits with real data ──
data2$value_min[1] (`actual`) not equal to 1538 (`expected`).
`actual`: 1539.0
`expected`: 1538.0
── Failure ('test-audioblastProcessors.R:55:3'): .calcTimesOfDay() works as expected ──
as.character(o[1, ]) (`actual`) not equal to c("0427", "1946") (`expected`).
`actual`: "0425" "1948"
`expected`: "0427" "1946"
── Failure ('test-audioblastProcessors.R:56:3'): .calcTimesOfDay() works as expected ──
as.character(o[2, ]) (`actual`) not equal to c("2248", "0124") (`expected`).
`actual`: "2254" "0119"
`expected`: "2248" "0124"
── Failure ('test-audioblastProcessors.R:58:3'): .calcTimesOfDay() works as expected ──
as.character(o[4, ]) (`actual`) not equal to c("1206", "2248") (`expected`).
`actual`: "1207" "2254"
`expected`: "1206" "2248"
── Failure ('test-audioblastProcessors.R:67:3'): .calcTimesOfDay() works as expected ──
as.character(o[1, ]) (`actual`) not equal to c("1300", "1946") (`expected`).
`actual`: "1300" "1948"
`expected`: "1300" "1946"
── Failure ('test-audioblastProcessors.R:68:3'): .calcTimesOfDay() works as expected ──
as.character(o[2, ]) (`actual`) not equal to c("2248", "0124") (`expected`).
`actual`: "2254" "0119"
`expected`: "2248" "0124"
── Failure ('test-audioblastProcessors.R:70:3'): .calcTimesOfDay() works as expected ──
as.character(o[4, ]) (`actual`) not equal to c("1206", "2248") (`expected`).
`actual`: "1207" "2254"
`expected`: "1206" "2248"
── Failure ('test-audioblastProcessors.R:78:3'): .calcTimesOfDay() works as expected ──
as.character(o[1, ]) (`actual`) not equal to c("1300", "1946") (`expected`).
`actual`: "1300" "1948"
`expected`: "1300" "1946"
── Failure ('test-audioblastProcessors.R:79:3'): .calcTimesOfDay() works as expected ──
as.character(o[2, ]) (`actual`) not equal to c("2248", "0200") (`expected`).
`actual`: "2254" "0200"
`expected`: "2248" "0200"
── Failure ('test-audioblastProcessors.R:81:3'): .calcTimesOfDay() works as expected ──
as.character(o[4, ]) (`actual`) not equal to c("1206", "2248") (`expected`).
`actual`: "1207" "2254"
`expected`: "1206" "2248"
── Failure ('test-audioblastProcessors.R:90:3'): .calcTimesOfDay() works as expected ──
as.character(o[1, ]) (`actual`) not equal to c("1300", "1946") (`expected`).
`actual`: "1300" "1948"
`expected`: "1300" "1946"
── Failure ('test-audioblastProcessors.R:91:3'): .calcTimesOfDay() works as expected ──
as.character(o[2, ]) (`actual`) not equal to c("2248", "0200") (`expected`).
`actual`: "2254" "0200"
`expected`: "2248" "0200"
── Failure ('test-audioblastProcessors.R:93:3'): .calcTimesOfDay() works as expected ──
as.character(o[4, ]) (`actual`) not equal to c("1206", "2248") (`expected`).
`actual`: "1207" "2254"
`expected`: "1206" "2248"
── Failure ('test-audioblastProcessors.R:102:3'): .calcTimesOfDay() works as expected ──
as.character(o[1, ]) (`actual`) not equal to c("0427", "1946") (`expected`).
`actual`: "0425" "1948"
`expected`: "0427" "1946"
── Failure ('test-audioblastProcessors.R:103:3'): .calcTimesOfDay() works as expected ──
as.character(o[2, ]) (`actual`) not equal to c("2248", "0124") (`expected`).
`actual`: "2254" "0119"
`expected`: "2248" "0124"
── Failure ('test-audioblastProcessors.R:105:3'): .calcTimesOfDay() works as expected ──
as.character(o[4, ]) (`actual`) not equal to c("1206", "2248") (`expected`).
`actual`: "1207" "2254"
`expected`: "1206" "2248"
[ FAIL 18 | WARN 0 | SKIP 7 | PASS 821 ]
Error: Test failures
Execution halted
Flavor: r-release-macos-arm64
Version: 0.0.7
Check: tests
Result: ERROR
Running ‘spelling.R’ [0s/0s]
Running ‘testthat.R’ [17s/23s]
Running the tests in ‘tests/testthat.R’ failed.
Complete output:
> # This file is part of the standard setup for testthat.
> # It is recommended that you do not modify it.
> #
> # Where should you do additional test configuration?
> # Learn more about the roles of various files in:
> # * https://r-pkgs.org/testing-design.html#sec-tests-files-overview
> # * https://testthat.r-lib.org/articles/special-files.html
>
> library(testthat)
> library(sonicscrewdriver)
Attaching package: 'sonicscrewdriver'
The following object is masked from 'package:base':
jitter
>
> test_check("sonicscrewdriver")
starting worker pid=68133 on localhost:11477 at 17:57:27.763
starting worker pid=68136 on localhost:11477 at 17:57:27.773
starting worker pid=68151 on localhost:11477 at 17:57:27.844
starting worker pid=68154 on localhost:11477 at 17:57:27.850
starting worker pid=68165 on localhost:11477 at 17:57:27.939
starting worker pid=68170 on localhost:11477 at 17:57:27.949
This is a mono file.
Calculating index. Please wait...
Bioacoustic Index: 10.97174
This is a mono file.
Calculating index. Please wait...
Bioacoustic Index: 10.97174
This is a mono file.
Calculating index. Please wait...
Acoustic Evenness Index: 0.9
This is a mono file.
Calculating index. Please wait...
Acoustic Evenness Index: 0.9
This is a mono file.
Calculating index. Please wait...
Acoustic Diversity Index: 0
This is a mono file.
Calculating index. Please wait...
Acoustic Diversity Index: 0
starting worker pid=68260 on localhost:11477 at 17:57:29.376
starting worker pid=68263 on localhost:11477 at 17:57:29.390
This is a mono file.
Calculating index. Please wait...
This is a mono file.
Calculating index. Please wait...
Bioacoustic Index: 10.97174
Bioacoustic Index: 10.97174
This is a mono file.
Calculating index. Please wait...
This is a mono file.
Calculating index. Please wait...
Acoustic Evenness Index: 0.9
Acoustic Evenness Index: 0.9
This is a mono file.
Calculating index. Please wait...
This is a mono file.
Calculating index. Please wait...
Acoustic Diversity Index: 0
Acoustic Diversity Index: 0
starting worker pid=69253 on localhost:11477 at 05:57:39.008
starting worker pid=69254 on localhost:11477 at 05:57:39.016
starting worker pid=69272 on localhost:11477 at 05:57:39.737
starting worker pid=69273 on localhost:11477 at 05:57:39.747
starting worker pid=69716 on localhost:11477 at 05:57:40.885
starting worker pid=69727 on localhost:11477 at 05:57:40.892
[ FAIL 18 | WARN 0 | SKIP 7 | PASS 821 ]
══ Skipped tests (7) ═══════════════════════════════════════════════════════════
• On CRAN (5): 'test-audioblast.R:2:3', 'test-audioblast.R:15:3',
'test-audioblast.R:30:3', 'test-audioblast.R:47:3', 'test-audioblast.R:68:3'
• ssd_birdnet not available for testing (2): 'test-birdnetReticulate.R:14:3',
'test-birdnetReticulate.R:20:3'
══ Failed tests ════════════════════════════════════════════════════════════════
── Failure ('test-audioblastProcessors.R:9:3'): ab_diel_traits with real data ──
data2$value_min[1] (`actual`) not equal to 1538 (`expected`).
`actual`: 1539.0
`expected`: 1538.0
── Failure ('test-audioblastProcessors.R:14:3'): ab_diel_traits with real data ──
data2$value_min[1] (`actual`) not equal to 1538 (`expected`).
`actual`: 1539.0
`expected`: 1538.0
── Failure ('test-audioblastProcessors.R:19:3'): ab_diel_traits with real data ──
data2$value_min[1] (`actual`) not equal to 1538 (`expected`).
`actual`: 1539.0
`expected`: 1538.0
── Failure ('test-audioblastProcessors.R:55:3'): .calcTimesOfDay() works as expected ──
as.character(o[1, ]) (`actual`) not equal to c("0427", "1946") (`expected`).
`actual`: "0425" "1948"
`expected`: "0427" "1946"
── Failure ('test-audioblastProcessors.R:56:3'): .calcTimesOfDay() works as expected ──
as.character(o[2, ]) (`actual`) not equal to c("2248", "0124") (`expected`).
`actual`: "2254" "0119"
`expected`: "2248" "0124"
── Failure ('test-audioblastProcessors.R:58:3'): .calcTimesOfDay() works as expected ──
as.character(o[4, ]) (`actual`) not equal to c("1206", "2248") (`expected`).
`actual`: "1207" "2254"
`expected`: "1206" "2248"
── Failure ('test-audioblastProcessors.R:67:3'): .calcTimesOfDay() works as expected ──
as.character(o[1, ]) (`actual`) not equal to c("1300", "1946") (`expected`).
`actual`: "1300" "1948"
`expected`: "1300" "1946"
── Failure ('test-audioblastProcessors.R:68:3'): .calcTimesOfDay() works as expected ──
as.character(o[2, ]) (`actual`) not equal to c("2248", "0124") (`expected`).
`actual`: "2254" "0119"
`expected`: "2248" "0124"
── Failure ('test-audioblastProcessors.R:70:3'): .calcTimesOfDay() works as expected ──
as.character(o[4, ]) (`actual`) not equal to c("1206", "2248") (`expected`).
`actual`: "1207" "2254"
`expected`: "1206" "2248"
── Failure ('test-audioblastProcessors.R:78:3'): .calcTimesOfDay() works as expected ──
as.character(o[1, ]) (`actual`) not equal to c("1300", "1946") (`expected`).
`actual`: "1300" "1948"
`expected`: "1300" "1946"
── Failure ('test-audioblastProcessors.R:79:3'): .calcTimesOfDay() works as expected ──
as.character(o[2, ]) (`actual`) not equal to c("2248", "0200") (`expected`).
`actual`: "2254" "0200"
`expected`: "2248" "0200"
── Failure ('test-audioblastProcessors.R:81:3'): .calcTimesOfDay() works as expected ──
as.character(o[4, ]) (`actual`) not equal to c("1206", "2248") (`expected`).
`actual`: "1207" "2254"
`expected`: "1206" "2248"
── Failure ('test-audioblastProcessors.R:90:3'): .calcTimesOfDay() works as expected ──
as.character(o[1, ]) (`actual`) not equal to c("1300", "1946") (`expected`).
`actual`: "1300" "1948"
`expected`: "1300" "1946"
── Failure ('test-audioblastProcessors.R:91:3'): .calcTimesOfDay() works as expected ──
as.character(o[2, ]) (`actual`) not equal to c("2248", "0200") (`expected`).
`actual`: "2254" "0200"
`expected`: "2248" "0200"
── Failure ('test-audioblastProcessors.R:93:3'): .calcTimesOfDay() works as expected ──
as.character(o[4, ]) (`actual`) not equal to c("1206", "2248") (`expected`).
`actual`: "1207" "2254"
`expected`: "1206" "2248"
── Failure ('test-audioblastProcessors.R:102:3'): .calcTimesOfDay() works as expected ──
as.character(o[1, ]) (`actual`) not equal to c("0427", "1946") (`expected`).
`actual`: "0425" "1948"
`expected`: "0427" "1946"
── Failure ('test-audioblastProcessors.R:103:3'): .calcTimesOfDay() works as expected ──
as.character(o[2, ]) (`actual`) not equal to c("2248", "0124") (`expected`).
`actual`: "2254" "0119"
`expected`: "2248" "0124"
── Failure ('test-audioblastProcessors.R:105:3'): .calcTimesOfDay() works as expected ──
as.character(o[4, ]) (`actual`) not equal to c("1206", "2248") (`expected`).
`actual`: "1207" "2254"
`expected`: "1206" "2248"
[ FAIL 18 | WARN 0 | SKIP 7 | PASS 821 ]
Error: Test failures
Execution halted
Flavor: r-oldrel-macos-arm64
These binaries (installable software) and packages are in development.
They may not be fully stable and should be used with caution. We make no claims about them.
Health stats visible at Monitor.