Last updated on 2024-05-02 11:51:36 CEST.
Flavor | Version | Tinstall | Tcheck | Ttotal | Status | Flags |
---|---|---|---|---|---|---|
r-devel-linux-x86_64-debian-clang | 4.3.4 | 108.35 | 180.95 | 289.30 | OK | --no-vignettes |
r-devel-linux-x86_64-debian-gcc | 4.3.4 | 88.44 | 135.04 | 223.48 | OK | --no-vignettes |
r-devel-linux-x86_64-fedora-clang | 4.3.4 | 580.73 | OK | |||
r-devel-linux-x86_64-fedora-gcc | 4.3.4 | 651.42 | OK | |||
r-devel-windows-x86_64 | 4.3.4 | 85.00 | 182.00 | 267.00 | NOTE | --no-vignettes |
r-patched-linux-x86_64 | 4.3.4 | 100.29 | 175.90 | 276.19 | OK | --no-vignettes |
r-release-linux-x86_64 | 4.3.4 | 108.70 | 173.38 | 282.08 | OK | --no-vignettes |
r-release-macos-arm64 | 4.3.4 | 186.00 | NOTE | |||
r-release-macos-x86_64 | 4.3.4 | 556.00 | NOTE | |||
r-release-windows-x86_64 | 4.3.4 | 88.00 | 179.00 | 267.00 | NOTE | --no-vignettes |
r-oldrel-macos-arm64 | 4.3.4 | 189.00 | NOTE | |||
r-oldrel-macos-x86_64 | 4.3.4 | 506.00 | NOTE | |||
r-oldrel-windows-x86_64 | 4.3.4 | 106.00 | 191.00 | 297.00 | NOTE | --no-vignettes |
Version: 4.3.4
Flags: --no-vignettes
Check: installed package size
Result: NOTE
installed size is 5.5Mb
sub-directories of 1Mb or more:
data 1.3Mb
doc 1.3Mb
libs 1.7Mb
Flavors: r-devel-windows-x86_64, r-release-windows-x86_64, r-oldrel-windows-x86_64
Version: 4.3.4
Check: installed package size
Result: NOTE
installed size is 13.4Mb
sub-directories of 1Mb or more:
data 1.3Mb
doc 1.3Mb
libs 9.6Mb
Flavors: r-release-macos-arm64, r-release-macos-x86_64, r-oldrel-macos-arm64, r-oldrel-macos-x86_64
These binaries (installable software) and packages are in development.
They may not be fully stable and should be used with caution. We make no claims about them.
Health stats visible at Monitor.