Last updated on 2025-10-30 19:53:37 CET.
| Flavor | Version | Tinstall | Tcheck | Ttotal | Status | Flags | 
|---|---|---|---|---|---|---|
| r-devel-linux-x86_64-debian-clang | 4.4.3 | 100.66 | 128.14 | 228.80 | NOTE | --no-vignettes | 
| r-devel-linux-x86_64-debian-gcc | 4.4.3 | 71.71 | 87.90 | 159.61 | NOTE | --no-vignettes | 
| r-devel-linux-x86_64-fedora-clang | 4.4.3 | 158.00 | 184.80 | 342.80 | NOTE | |
| r-devel-linux-x86_64-fedora-gcc | 4.4.3 | 330.00 | 266.03 | 596.03 | NOTE | |
| r-devel-windows-x86_64 | 4.4.3 | 101.00 | 171.00 | 272.00 | OK | --no-vignettes | 
| r-patched-linux-x86_64 | 4.4.3 | 104.85 | 121.25 | 226.10 | OK | --no-vignettes | 
| r-release-linux-x86_64 | 4.4.3 | 101.55 | 119.58 | 221.13 | OK | --no-vignettes | 
| r-release-macos-arm64 | 4.4.3 | 34.00 | 139.00 | 173.00 | OK | |
| r-release-macos-x86_64 | 4.4.3 | 84.00 | 293.00 | 377.00 | OK | |
| r-release-windows-x86_64 | 4.4.3 | 97.00 | 167.00 | 264.00 | OK | --no-vignettes | 
| r-oldrel-macos-arm64 | 4.4.3 | 35.00 | 152.00 | 187.00 | NOTE | |
| r-oldrel-macos-x86_64 | 4.4.3 | 53.00 | 316.00 | 369.00 | NOTE | |
| r-oldrel-windows-x86_64 | 4.4.3 | 124.00 | 190.00 | 314.00 | NOTE | --no-vignettes | 
Version: 4.4.3
Flags: --no-vignettes
Check: Rd files
Result: NOTE
  checkRd: (-1) sommer-package.Rd:12: height/width attributes should be in pixels
  checkRd: (-1) sommer-package.Rd:188: height/width attributes should be in pixels
  checkRd: (-1) sommer-package.Rd:197: height/width attributes should be in pixels
  checkRd: (-1) sommer-package.Rd:207: height/width attributes should be in pixels
  checkRd: (-1) sommer-package.Rd:217: height/width attributes should be in pixels
Flavors: r-devel-linux-x86_64-debian-clang, r-devel-linux-x86_64-debian-gcc
Version: 4.4.3
Check: Rd files
Result: NOTE
  checkRd: (-1) sommer-package.Rd:12: height/width attributes should be in pixels
  checkRd: (-1) sommer-package.Rd:188: height/width attributes should be in pixels
  checkRd: (-1) sommer-package.Rd:197: height/width attributes should be in pixels
  checkRd: (-1) sommer-package.Rd:207: height/width attributes should be in pixels
  checkRd: (-1) sommer-package.Rd:217: height/width attributes should be in pixels
Flavors: r-devel-linux-x86_64-fedora-clang, r-devel-linux-x86_64-fedora-gcc
Version: 4.4.3
Check: installed package size
Result: NOTE
    installed size is 16.0Mb
    sub-directories of 1Mb or more:
      data   3.3Mb
      libs  11.4Mb
Flavors: r-oldrel-macos-arm64, r-oldrel-macos-x86_64
Version: 4.4.3
Flags: --no-vignettes
Check: installed package size
Result: NOTE
    installed size is  6.1Mb
    sub-directories of 1Mb or more:
      data   2.9Mb
      libs   1.8Mb
Flavor: r-oldrel-windows-x86_64
These binaries (installable software) and packages are in development.
They may not be fully stable and should be used with caution. We make no claims about them.
Health stats visible at Monitor.