Last updated on 2025-02-23 15:49:58 CET.
Flavor | Version | Tinstall | Tcheck | Ttotal | Status | Flags |
---|---|---|---|---|---|---|
r-devel-linux-x86_64-debian-clang | 0.8.0 | 9.49 | 95.18 | 104.67 | NOTE | |
r-devel-linux-x86_64-debian-gcc | 0.8.0 | 6.70 | 62.58 | 69.28 | NOTE | |
r-devel-linux-x86_64-fedora-clang | 0.8.0 | 161.90 | NOTE | |||
r-devel-linux-x86_64-fedora-gcc | 0.8.0 | 149.03 | NOTE | |||
r-devel-macos-arm64 | 0.8.0 | 42.00 | NOTE | |||
r-devel-macos-x86_64 | 0.8.0 | 93.00 | NOTE | |||
r-devel-windows-x86_64 | 0.8.0 | 11.00 | 113.00 | 124.00 | NOTE | |
r-patched-linux-x86_64 | 0.8.0 | 17.96 | 85.75 | 103.71 | NOTE | |
r-release-linux-x86_64 | 0.8.0 | 9.54 | 86.86 | 96.40 | NOTE | |
r-release-macos-arm64 | 0.8.0 | 43.00 | NOTE | |||
r-release-macos-x86_64 | 0.8.0 | 77.00 | NOTE | |||
r-release-windows-x86_64 | 0.8.0 | 12.00 | 112.00 | 124.00 | NOTE | |
r-oldrel-macos-arm64 | 0.8.0 | 47.00 | OK | |||
r-oldrel-macos-x86_64 | 0.8.0 | 74.00 | OK | |||
r-oldrel-windows-x86_64 | 0.8.0 | 15.00 | 137.00 | 152.00 | OK |
Version: 0.8.0
Check: Rd files
Result: NOTE
checkRd: (-1) map.active.Rd:82: Lost braces
82 | \link{guides}, \link{theme} and link{guide_legend} functions from the
| ^
checkRd: (-1) map.add.Rd:99: Lost braces
99 | \link{guides}, \link{theme} and link{guide_legend} functions from the
| ^
checkRd: (-1) map.csa.mca.Rd:35: Lost braces
35 | \link{soc.csa}, \link{map.csa.all}, link{map.csa.mca.array}
| ^
checkRd: (-1) map.ctr.Rd:85: Lost braces
85 | \link{guides}, \link{theme} and link{guide_legend} functions from the
| ^
checkRd: (-1) map.ind.Rd:80: Lost braces
80 | \link{guides}, \link{theme} and link{guide_legend} functions from the
| ^
checkRd: (-1) map.mod.Rd:82: Lost braces
82 | \link{guides}, \link{theme} and link{guide_legend} functions from the
| ^
checkRd: (-1) map.sup.Rd:82: Lost braces
82 | \link{guides}, \link{theme} and link{guide_legend} functions from the
| ^
Flavors: r-devel-linux-x86_64-debian-clang, r-devel-linux-x86_64-debian-gcc, r-devel-linux-x86_64-fedora-clang, r-devel-linux-x86_64-fedora-gcc, r-devel-macos-arm64, r-devel-macos-x86_64, r-devel-windows-x86_64, r-patched-linux-x86_64, r-release-linux-x86_64, r-release-macos-arm64, r-release-macos-x86_64, r-release-windows-x86_64
Version: 0.8.0
Check: Rd cross-references
Result: NOTE
Found the following Rd file(s) with Rd \link{} targets missing package
anchors:
map.active.Rd: geom_text_repel, geom_label_repel, guides, theme
map.add.Rd: geom_text_repel, geom_label_repel, guides, theme
map.csa.mca.Rd: geom_smooth
map.ctr.Rd: geom_text_repel, geom_label_repel, guides, theme
map.ind.Rd: geom_text_repel, geom_label_repel, guides, theme
map.mod.Rd: geom_text_repel, geom_label_repel, guides, theme
map.path.Rd: geom_path, geom_point, geom_text
map.select.Rd: geom_text_repel, geom_label_repel, guides, theme,
guide_legend
map.sup.Rd: geom_text_repel, geom_label_repel, guides, theme
Please provide package anchors for all Rd \link{} targets not in the
package itself and the base packages.
Flavors: r-devel-linux-x86_64-debian-clang, r-devel-linux-x86_64-debian-gcc, r-devel-windows-x86_64
Version: 0.8.0
Check: dependencies in R code
Result: NOTE
Namespaces in Imports field not imported from:
‘FactoMineR’ ‘flextable’ ‘htmlTable’ ‘stringr’
All declared Imports should be used.
Flavors: r-devel-linux-x86_64-fedora-clang, r-devel-linux-x86_64-fedora-gcc
These binaries (installable software) and packages are in development.
They may not be fully stable and should be used with caution. We make no claims about them.
Health stats visible at Monitor.