Last updated on 2025-02-08 19:49:31 CET.
Flavor | Version | Tinstall | Tcheck | Ttotal | Status | Flags |
---|---|---|---|---|---|---|
r-devel-linux-x86_64-debian-clang | 0.0.2 | 6.01 | 95.24 | 101.25 | NOTE | |
r-devel-linux-x86_64-debian-gcc | 0.0.2 | 3.98 | 64.42 | 68.40 | NOTE | |
r-devel-linux-x86_64-fedora-clang | 0.0.2 | 163.99 | NOTE | |||
r-devel-linux-x86_64-fedora-gcc | 0.0.2 | 171.47 | NOTE | |||
r-devel-windows-x86_64 | 0.0.2 | 7.00 | 113.00 | 120.00 | NOTE | |
r-patched-linux-x86_64 | 0.0.2 | 6.84 | 89.88 | 96.72 | NOTE | |
r-release-linux-x86_64 | 0.0.2 | 5.10 | 89.69 | 94.79 | NOTE | |
r-release-macos-arm64 | 0.0.2 | 42.00 | NOTE | |||
r-release-macos-x86_64 | 0.0.2 | 77.00 | NOTE | |||
r-release-windows-x86_64 | 0.0.2 | 7.00 | 114.00 | 121.00 | NOTE | |
r-oldrel-macos-arm64 | 0.0.2 | 47.00 | OK | |||
r-oldrel-macos-x86_64 | 0.0.2 | 158.00 | OK | |||
r-oldrel-windows-x86_64 | 0.0.2 | 7.00 | 131.00 | 138.00 | OK |
Version: 0.0.2
Check: DESCRIPTION meta-information
Result: NOTE
Missing dependency on R >= 4.1.0 because package code uses the pipe
|> or function shorthand \(...) syntax added in R 4.1.0.
File(s) using such syntax:
‘sk.R’ ‘sk_export.R’ ‘sk_index.R’ ‘sk_pars.R’ ‘sk_plot.R’
Flavors: r-devel-linux-x86_64-debian-clang, r-devel-linux-x86_64-debian-gcc, r-devel-linux-x86_64-fedora-clang, r-devel-linux-x86_64-fedora-gcc, r-devel-windows-x86_64
Version: 0.0.2
Check: Rd files
Result: NOTE
checkRd: (-1) sk_GLS.Rd:34: Lost braces; missing escapes or markup?
34 | The GLS solution is: b = ( X^T V^{-1} X )^{-1} X^T V^{-1} z,
| ^
checkRd: (-1) sk_GLS.Rd:34: Lost braces; missing escapes or markup?
34 | The GLS solution is: b = ( X^T V^{-1} X )^{-1} X^T V^{-1} z,
| ^
checkRd: (-1) sk_GLS.Rd:34: Lost braces; missing escapes or markup?
34 | The GLS solution is: b = ( X^T V^{-1} X )^{-1} X^T V^{-1} z,
| ^
checkRd: (-1) sk_GLS.Rd:40: Lost braces; missing escapes or markup?
40 | Operations with V^{-1} are computed using the factorization \code{fac} (see \code{sk_var}), or
| ^
checkRd: (-1) sk_LL.Rd:37: Lost braces; missing escapes or markup?
37 | \code{quad_form} is z^T V^{-1} z, for the observed response vector z, which is constructed
| ^
checkRd: (-1) sk_var.Rd:41: Lost braces; missing escapes or markup?
41 | returns the quadratic form X^T V^{-1} X.
| ^
checkRd: (-1) sk_var.Rd:33: Lost braces; missing escapes or markup?
33 | either matrix \code{V}, or X^T V^{-1} X, or a factorization ('chol' or 'eigen')
| ^
Flavors: r-devel-linux-x86_64-debian-clang, r-devel-linux-x86_64-debian-gcc, r-devel-linux-x86_64-fedora-clang, r-devel-linux-x86_64-fedora-gcc, r-devel-windows-x86_64, r-patched-linux-x86_64, r-release-linux-x86_64, r-release-macos-arm64, r-release-macos-x86_64, r-release-windows-x86_64
These binaries (installable software) and packages are in development.
They may not be fully stable and should be used with caution. We make no claims about them.
Health stats visible at Monitor.