CRAN Package Check Results for Package smurf

Last updated on 2025-02-23 19:51:21 CET.

Flavor Version Tinstall Tcheck Ttotal Status Flags
r-devel-linux-x86_64-debian-clang 1.1.6 31.61 170.16 201.77 OK
r-devel-linux-x86_64-debian-gcc 1.1.6 20.88 138.56 159.44 ERROR
r-devel-linux-x86_64-fedora-clang 1.1.6 338.28 ERROR
r-devel-linux-x86_64-fedora-gcc 1.1.6 405.81 ERROR
r-devel-macos-arm64 1.1.6 129.00 OK
r-devel-macos-x86_64 1.1.6 232.00 OK
r-devel-windows-x86_64 1.1.6 32.00 207.00 239.00 OK
r-patched-linux-x86_64 1.1.6 29.61 192.46 222.07 OK
r-release-linux-x86_64 1.1.6 27.31 193.72 221.03 OK
r-release-macos-arm64 1.1.6 125.00 OK
r-release-macos-x86_64 1.1.6 227.00 OK
r-release-windows-x86_64 1.1.6 33.00 208.00 241.00 OK
r-oldrel-macos-arm64 1.1.6 126.00 OK
r-oldrel-macos-x86_64 1.1.6 209.00 OK
r-oldrel-windows-x86_64 1.1.6 40.00 265.00 305.00 OK

Check Details

Version: 1.1.6
Check: tests
Result: ERROR Running ‘testthat.R’ [67s/87s] Running the tests in ‘tests/testthat.R’ failed. Complete output: > library("testthat") > library("smurf") > > test_check("smurf") [ FAIL 1 | WARN 1 | SKIP 0 | PASS 591 ] ══ Failed tests ════════════════════════════════════════════════════════════════ ── Error ('test_output.R:323:3'): Test n.par.cov in output ───────────────────── Error in `islistfactor(x, recursive)`: NA in coercion to Rboolean Backtrace: ▆ 1. ├─testthat::expect_true(...) at test_output.R:323:3 2. │ └─testthat::quasi_label(enquo(object), label, arg = "object") 3. │ └─rlang::eval_bare(expr, quo_get_env(quo)) 4. └─base::unlist(munich.fit$n.par.cov, length) [ FAIL 1 | WARN 1 | SKIP 0 | PASS 591 ] Error: Test failures Execution halted Flavor: r-devel-linux-x86_64-debian-gcc

Version: 1.1.6
Check: tests
Result: ERROR Running ‘testthat.R’ [120s/171s] Running the tests in ‘tests/testthat.R’ failed. Complete output: > library("testthat") > library("smurf") > > test_check("smurf") [ FAIL 1 | WARN 1 | SKIP 0 | PASS 591 ] ══ Failed tests ════════════════════════════════════════════════════════════════ ── Error ('test_output.R:323:3'): Test n.par.cov in output ───────────────────── Error in `islistfactor(x, recursive)`: NA in coercion to Rboolean Backtrace: ▆ 1. ├─testthat::expect_true(...) at test_output.R:323:3 2. │ └─testthat::quasi_label(enquo(object), label, arg = "object") 3. │ └─rlang::eval_bare(expr, quo_get_env(quo)) 4. └─base::unlist(munich.fit$n.par.cov, length) [ FAIL 1 | WARN 1 | SKIP 0 | PASS 591 ] Error: Test failures Execution halted Flavor: r-devel-linux-x86_64-fedora-clang

Version: 1.1.6
Check: tests
Result: ERROR Running ‘testthat.R’ [188s/267s] Running the tests in ‘tests/testthat.R’ failed. Complete output: > library("testthat") > library("smurf") > > test_check("smurf") [ FAIL 1 | WARN 1 | SKIP 0 | PASS 591 ] ══ Failed tests ════════════════════════════════════════════════════════════════ ── Error ('test_output.R:323:3'): Test n.par.cov in output ───────────────────── Error in `islistfactor(x, recursive)`: NA in coercion to Rboolean Backtrace: ▆ 1. ├─testthat::expect_true(...) at test_output.R:323:3 2. │ └─testthat::quasi_label(enquo(object), label, arg = "object") 3. │ └─rlang::eval_bare(expr, quo_get_env(quo)) 4. └─base::unlist(munich.fit$n.par.cov, length) [ FAIL 1 | WARN 1 | SKIP 0 | PASS 591 ] Error: Test failures Execution halted Flavor: r-devel-linux-x86_64-fedora-gcc

These binaries (installable software) and packages are in development.
They may not be fully stable and should be used with caution. We make no claims about them.
Health stats visible at Monitor.