Last updated on 2025-02-23 19:51:21 CET.
Flavor | Version | Tinstall | Tcheck | Ttotal | Status | Flags |
---|---|---|---|---|---|---|
r-devel-linux-x86_64-debian-clang | 0.1.0 | 6.71 | 64.10 | 70.81 | NOTE | |
r-devel-linux-x86_64-debian-gcc | 0.1.0 | 5.00 | 46.65 | 51.65 | NOTE | |
r-devel-linux-x86_64-fedora-clang | 0.1.0 | 108.86 | NOTE | |||
r-devel-linux-x86_64-fedora-gcc | 0.1.0 | 106.59 | NOTE | |||
r-devel-macos-arm64 | 0.1.0 | 37.00 | NOTE | |||
r-devel-macos-x86_64 | 0.1.0 | 72.00 | NOTE | |||
r-devel-windows-x86_64 | 0.1.0 | 7.00 | 92.00 | 99.00 | NOTE | |
r-patched-linux-x86_64 | 0.1.0 | 10.00 | 60.63 | 70.63 | NOTE | |
r-release-linux-x86_64 | 0.1.0 | 6.36 | 60.63 | 66.99 | NOTE | |
r-release-macos-arm64 | 0.1.0 | 37.00 | NOTE | |||
r-release-macos-x86_64 | 0.1.0 | 58.00 | NOTE | |||
r-release-windows-x86_64 | 0.1.0 | 7.00 | 85.00 | 92.00 | NOTE | |
r-oldrel-macos-arm64 | 0.1.0 | 43.00 | NOTE | |||
r-oldrel-macos-x86_64 | 0.1.0 | 69.00 | NOTE | |||
r-oldrel-windows-x86_64 | 0.1.0 | 8.00 | 99.00 | 107.00 | NOTE |
Version: 0.1.0
Check: Rd files
Result: NOTE
checkRd: (-1) funcen.Rd:14: Lost braces; missing escapes or markup?
14 | \item{bw}{method for computing the bandwidth matrix. Most of the methods included in the \code{\link{kde}} function can be used: Hpi, Hpi.diag, Hlscv, Hlscv.diag, Hbcv, Hbcv.diag, Hscv, Hscv.diag, Hucv and Hucv.diag. Other considered methods are naive.pdf (diag(N^{-1/5}, N^{-1/5})^2) and naive.cdf (diag(N^{-1/3}, N^{-1/3})^2), where N is the sample size.}
| ^
checkRd: (-1) funcen.Rd:14: Lost braces; missing escapes or markup?
14 | \item{bw}{method for computing the bandwidth matrix. Most of the methods included in the \code{\link{kde}} function can be used: Hpi, Hpi.diag, Hlscv, Hlscv.diag, Hbcv, Hbcv.diag, Hscv, Hscv.diag, Hucv and Hucv.diag. Other considered methods are naive.pdf (diag(N^{-1/5}, N^{-1/5})^2) and naive.cdf (diag(N^{-1/3}, N^{-1/3})^2), where N is the sample size.}
| ^
checkRd: (-1) funcen.Rd:14: Lost braces; missing escapes or markup?
14 | \item{bw}{method for computing the bandwidth matrix. Most of the methods included in the \code{\link{kde}} function can be used: Hpi, Hpi.diag, Hlscv, Hlscv.diag, Hbcv, Hbcv.diag, Hscv, Hscv.diag, Hucv and Hucv.diag. Other considered methods are naive.pdf (diag(N^{-1/5}, N^{-1/5})^2) and naive.cdf (diag(N^{-1/3}, N^{-1/3})^2), where N is the sample size.}
| ^
checkRd: (-1) funcen.Rd:14: Lost braces; missing escapes or markup?
14 | \item{bw}{method for computing the bandwidth matrix. Most of the methods included in the \code{\link{kde}} function can be used: Hpi, Hpi.diag, Hlscv, Hlscv.diag, Hbcv, Hbcv.diag, Hscv, Hscv.diag, Hucv and Hucv.diag. Other considered methods are naive.pdf (diag(N^{-1/5}, N^{-1/5})^2) and naive.cdf (diag(N^{-1/3}, N^{-1/3})^2), where N is the sample size.}
| ^
checkRd: (-1) smoothROCtime-package.Rd:12: Lost braces
12 | \item \code{\link{funcen}}: {Bivariate kernel density estimation of the joint density function of the \eqn{(marker, time-to-event)} variable.}
| ^
checkRd: (-1) smoothROCtime-package.Rd:13: Lost braces; missing escapes or markup?
13 | \item \code{\link{stRoc}}: {Smooth estimations for Cumulative/Dynamic and Incident/Dynamic ROC curves.}
| ^
checkRd: (-1) smoothROCtime-package.Rd:14: Lost braces; missing escapes or markup?
14 | \item \code{\link{plot.sROCt}}: {Plots of Cumulative/Dynamic and Incident/Dyanmic ROC curve estimations.}
| ^
checkRd: (-1) stRoc.Rd:17: Lost braces; missing escapes or markup?
17 | \item{bw}{procedure for computing the bandwidth matrix. Most of the methods included at the \code{kde} function can be used: Hpi, Hpi.diag, Hlscv, Hlscv.diag, Hbcv, Hbcv.diag, Hscv, Hscv.diag, Hucv and Hucv.diag. Other considered methods are naive.pdf (diag(N^{-1/5}, N^{-1/5})^2) and naive.cdf (diag(N^{-1/3}, N^{-1/3})^2), where N is the sample size.}
| ^
checkRd: (-1) stRoc.Rd:17: Lost braces; missing escapes or markup?
17 | \item{bw}{procedure for computing the bandwidth matrix. Most of the methods included at the \code{kde} function can be used: Hpi, Hpi.diag, Hlscv, Hlscv.diag, Hbcv, Hbcv.diag, Hscv, Hscv.diag, Hucv and Hucv.diag. Other considered methods are naive.pdf (diag(N^{-1/5}, N^{-1/5})^2) and naive.cdf (diag(N^{-1/3}, N^{-1/3})^2), where N is the sample size.}
| ^
checkRd: (-1) stRoc.Rd:17: Lost braces; missing escapes or markup?
17 | \item{bw}{procedure for computing the bandwidth matrix. Most of the methods included at the \code{kde} function can be used: Hpi, Hpi.diag, Hlscv, Hlscv.diag, Hbcv, Hbcv.diag, Hscv, Hscv.diag, Hucv and Hucv.diag. Other considered methods are naive.pdf (diag(N^{-1/5}, N^{-1/5})^2) and naive.cdf (diag(N^{-1/3}, N^{-1/3})^2), where N is the sample size.}
| ^
checkRd: (-1) stRoc.Rd:17: Lost braces; missing escapes or markup?
17 | \item{bw}{procedure for computing the bandwidth matrix. Most of the methods included at the \code{kde} function can be used: Hpi, Hpi.diag, Hlscv, Hlscv.diag, Hbcv, Hbcv.diag, Hscv, Hscv.diag, Hucv and Hucv.diag. Other considered methods are naive.pdf (diag(N^{-1/5}, N^{-1/5})^2) and naive.cdf (diag(N^{-1/3}, N^{-1/3})^2), where N is the sample size.}
| ^
checkRd: (-1) stRoc.Rd:69: Lost braces; missing escapes or markup?
69 | \item {\code{time}} - {single point of time at which the estimation each the C/D ROC curve has been computed.}
| ^
checkRd: (-1) stRoc.Rd:70: Lost braces; missing escapes or markup?
70 | \item {\code{obvt}} - {observed times for the individuals in the sample.}
| ^
checkRd: (-1) stRoc.Rd:71: Lost braces; missing escapes or markup?
71 | \item {\code{p}} - {estimations of the probabilities computed and allocated to each subject.}
| ^
Flavors: r-devel-linux-x86_64-debian-clang, r-devel-linux-x86_64-debian-gcc, r-devel-linux-x86_64-fedora-clang, r-devel-linux-x86_64-fedora-gcc, r-devel-macos-arm64, r-devel-macos-x86_64, r-devel-windows-x86_64, r-patched-linux-x86_64, r-release-linux-x86_64, r-release-macos-arm64, r-release-macos-x86_64, r-release-windows-x86_64
Version: 0.1.0
Check: Rd cross-references
Result: NOTE
Found the following Rd file(s) with Rd \link{} targets missing package
anchors:
funcen.Rd: kde
smoothROCtime-package.Rd: ks
stRoc.Rd: kde
Please provide package anchors for all Rd \link{} targets not in the
package itself and the base packages.
Flavors: r-devel-linux-x86_64-debian-clang, r-devel-linux-x86_64-debian-gcc, r-devel-windows-x86_64
Version: 0.1.0
Check: LazyData
Result: NOTE
'LazyData' is specified without a 'data' directory
Flavors: r-patched-linux-x86_64, r-release-linux-x86_64, r-release-macos-arm64, r-release-macos-x86_64, r-release-windows-x86_64, r-oldrel-macos-arm64, r-oldrel-macos-x86_64, r-oldrel-windows-x86_64
These binaries (installable software) and packages are in development.
They may not be fully stable and should be used with caution. We make no claims about them.
Health stats visible at Monitor.