Last updated on 2025-02-23 15:49:58 CET.
Flavor | Version | Tinstall | Tcheck | Ttotal | Status | Flags |
---|---|---|---|---|---|---|
r-devel-linux-x86_64-debian-clang | 4.1.1 | 163.04 | 454.43 | 617.47 | OK | |
r-devel-linux-x86_64-debian-gcc | 4.1.1 | 118.38 | 278.93 | 397.31 | OK | |
r-devel-linux-x86_64-fedora-clang | 4.1.1 | 791.60 | ERROR | |||
r-devel-linux-x86_64-fedora-gcc | 4.1.1 | 968.65 | ERROR | |||
r-devel-macos-arm64 | 4.1.1 | 228.00 | OK | |||
r-devel-macos-x86_64 | 4.1.1 | 448.00 | OK | |||
r-devel-windows-x86_64 | 4.1.1 | 158.00 | 198.00 | 356.00 | OK | --no-vignettes |
r-patched-linux-x86_64 | 4.1.1 | 169.62 | 420.42 | 590.04 | OK | |
r-release-linux-x86_64 | 4.1.1 | 172.20 | 416.32 | 588.52 | OK | |
r-release-macos-arm64 | 4.1.1 | 255.00 | NOTE | |||
r-release-macos-x86_64 | 4.1.1 | 470.00 | NOTE | |||
r-release-windows-x86_64 | 4.1.1 | 162.00 | 193.00 | 355.00 | NOTE | --no-vignettes |
r-oldrel-macos-arm64 | 4.1.0 | 231.00 | NOTE | |||
r-oldrel-macos-x86_64 | 4.1.1 | 496.00 | NOTE | |||
r-oldrel-windows-x86_64 | 4.1.1 | 204.00 | 229.00 | 433.00 | NOTE | --no-vignettes |
Version: 4.1.1
Check: tests
Result: ERROR
Running ‘testthat.R’ [26s/31s]
Running the tests in ‘tests/testthat.R’ failed.
Complete output:
> library(testthat)
> library(smooth)
Loading required package: greybox
Package "greybox", v2.0.3 loaded.
This is package "smooth", v4.1.1
>
> test_check("smooth")
[ FAIL 1 | WARN 0 | SKIP 74 | PASS 33 ]
══ Skipped tests (74) ══════════════════════════════════════════════════════════
• On CRAN (74): 'test_adam.R:18:5', 'test_adam.R:25:5', 'test_adam.R:32:5',
'test_adam.R:39:5', 'test_adam.R:46:5', 'test_adam.R:55:5',
'test_adam.R:62:5', 'test_adam.R:69:5', 'test_adam.R:77:5',
'test_adam.R:83:5', 'test_adam.R:90:5', 'test_adam.R:97:5',
'test_adam.R:113:5', 'test_adam.R:120:5', 'test_adam.R:127:5',
'test_adam.R:134:5', 'test_adam.R:141:5', 'test_adam.R:150:5',
'test_adam.R:157:5', 'test_adam.R:164:5', 'test_adam.R:174:5',
'test_adam.R:181:5', 'test_adam.R:188:5', 'test_adam.R:195:5',
'test_adam.R:202:5', 'test_adam.R:209:5', 'test_adam.R:216:5',
'test_adam.R:226:5', 'test_adam.R:233:5', 'test_adam.R:240:5',
'test_adam.R:247:5', 'test_adam.R:254:5', 'test_adam.R:262:5',
'test_adam.R:269:5', 'test_adam.R:276:5', 'test_adam.R:283:5',
'test_adam.R:292:5', 'test_adam.R:299:5', 'test_adam.R:306:5',
'test_adam.R:313:5', 'test_adam.R:321:5', 'test_adam.R:328:5',
'test_adam.R:337:5', 'test_adam.R:344:5', 'test_adam.R:351:5',
'test_adam.R:358:5', 'test_adam.R:366:5', 'test_adam.R:374:5',
'test_adam.R:381:5', 'test_adam.R:388:5', 'test_adam.R:397:5',
'test_adam.R:406:5', 'test_adam.R:415:5', 'test_adam.R:424:5',
'test_adam.R:433:5', 'test_adam.R:444:5', 'test_adam.R:451:5',
'test_adam.R:458:5', 'test_adam.R:465:5', 'test_adam.R:474:5',
'test_adam.R:483:5', 'test_ces.R:29:5', 'test_es.R:27:5', 'test_es.R:40:5',
'test_es.R:51:5', 'test_es.R:58:5', 'test_gum.R:16:5', 'test_gum.R:23:5',
'test_gum.R:33:5', 'test_gum.R:42:5', 'test_oes.R:29:5',
'test_ssarima.R:16:5', 'test_ssarima.R:24:5', 'test_ssarima.R:31:5'
══ Failed tests ════════════════════════════════════════════════════════════════
── Failure ('test_ssarima.R:6:5'): Test if Auto SSARIMA selected correct model for BJsales ──
testModel$model not equal to "ARIMA(0,1,2) with drift".
1/1 mismatches
x[1]: "ARIMA(0,1,3) with drift"
y[1]: "ARIMA(0,1,2) with drift"
[ FAIL 1 | WARN 0 | SKIP 74 | PASS 33 ]
Error: Test failures
Execution halted
Flavor: r-devel-linux-x86_64-fedora-clang
Version: 4.1.1
Check: tests
Result: ERROR
Running ‘testthat.R’ [28s/54s]
Running the tests in ‘tests/testthat.R’ failed.
Complete output:
> library(testthat)
> library(smooth)
Loading required package: greybox
Package "greybox", v2.0.3 loaded.
This is package "smooth", v4.1.1
>
> test_check("smooth")
[ FAIL 1 | WARN 0 | SKIP 74 | PASS 33 ]
══ Skipped tests (74) ══════════════════════════════════════════════════════════
• On CRAN (74): 'test_adam.R:18:5', 'test_adam.R:25:5', 'test_adam.R:32:5',
'test_adam.R:39:5', 'test_adam.R:46:5', 'test_adam.R:55:5',
'test_adam.R:62:5', 'test_adam.R:69:5', 'test_adam.R:77:5',
'test_adam.R:83:5', 'test_adam.R:90:5', 'test_adam.R:97:5',
'test_adam.R:113:5', 'test_adam.R:120:5', 'test_adam.R:127:5',
'test_adam.R:134:5', 'test_adam.R:141:5', 'test_adam.R:150:5',
'test_adam.R:157:5', 'test_adam.R:164:5', 'test_adam.R:174:5',
'test_adam.R:181:5', 'test_adam.R:188:5', 'test_adam.R:195:5',
'test_adam.R:202:5', 'test_adam.R:209:5', 'test_adam.R:216:5',
'test_adam.R:226:5', 'test_adam.R:233:5', 'test_adam.R:240:5',
'test_adam.R:247:5', 'test_adam.R:254:5', 'test_adam.R:262:5',
'test_adam.R:269:5', 'test_adam.R:276:5', 'test_adam.R:283:5',
'test_adam.R:292:5', 'test_adam.R:299:5', 'test_adam.R:306:5',
'test_adam.R:313:5', 'test_adam.R:321:5', 'test_adam.R:328:5',
'test_adam.R:337:5', 'test_adam.R:344:5', 'test_adam.R:351:5',
'test_adam.R:358:5', 'test_adam.R:366:5', 'test_adam.R:374:5',
'test_adam.R:381:5', 'test_adam.R:388:5', 'test_adam.R:397:5',
'test_adam.R:406:5', 'test_adam.R:415:5', 'test_adam.R:424:5',
'test_adam.R:433:5', 'test_adam.R:444:5', 'test_adam.R:451:5',
'test_adam.R:458:5', 'test_adam.R:465:5', 'test_adam.R:474:5',
'test_adam.R:483:5', 'test_ces.R:29:5', 'test_es.R:27:5', 'test_es.R:40:5',
'test_es.R:51:5', 'test_es.R:58:5', 'test_gum.R:16:5', 'test_gum.R:23:5',
'test_gum.R:33:5', 'test_gum.R:42:5', 'test_oes.R:29:5',
'test_ssarima.R:16:5', 'test_ssarima.R:24:5', 'test_ssarima.R:31:5'
══ Failed tests ════════════════════════════════════════════════════════════════
── Failure ('test_ssarima.R:6:5'): Test if Auto SSARIMA selected correct model for BJsales ──
testModel$model not equal to "ARIMA(0,1,2) with drift".
1/1 mismatches
x[1]: "ARIMA(0,1,3) with drift"
y[1]: "ARIMA(0,1,2) with drift"
[ FAIL 1 | WARN 0 | SKIP 74 | PASS 33 ]
Error: Test failures
Execution halted
Flavor: r-devel-linux-x86_64-fedora-gcc
Version: 4.1.1
Check: installed package size
Result: NOTE
installed size is 16.4Mb
sub-directories of 1Mb or more:
R 2.0Mb
doc 3.4Mb
libs 10.6Mb
Flavors: r-release-macos-arm64, r-release-macos-x86_64, r-oldrel-macos-x86_64
Version: 4.1.1
Flags: --no-vignettes
Check: package dependencies
Result: NOTE
Package suggested but not available for checking: 'doMC'
Flavors: r-release-windows-x86_64, r-oldrel-windows-x86_64
Version: 4.1.1
Flags: --no-vignettes
Check: installed package size
Result: NOTE
installed size is 6.7Mb
sub-directories of 1Mb or more:
R 1.2Mb
doc 3.4Mb
libs 1.6Mb
Flavors: r-release-windows-x86_64, r-oldrel-windows-x86_64
Version: 4.1.0
Check: installed package size
Result: NOTE
installed size is 16.5Mb
sub-directories of 1Mb or more:
R 2.0Mb
doc 3.4Mb
libs 10.6Mb
Flavor: r-oldrel-macos-arm64
These binaries (installable software) and packages are in development.
They may not be fully stable and should be used with caution. We make no claims about them.
Health stats visible at Monitor.