CRAN Package Check Results for Package smooth

Last updated on 2025-07-17 19:51:52 CEST.

Flavor Version Tinstall Tcheck Ttotal Status Flags
r-devel-linux-x86_64-debian-clang 4.3.0 168.06 360.69 528.75 OK
r-devel-linux-x86_64-debian-gcc 4.3.0 123.14 240.77 363.91 OK
r-devel-linux-x86_64-fedora-clang 4.3.0 832.08 OK
r-devel-linux-x86_64-fedora-gcc 4.3.0 874.35 OK
r-devel-windows-x86_64 4.3.0 175.00 181.00 356.00 OK --no-vignettes
r-patched-linux-x86_64 4.3.0 177.07 344.74 521.81 OK
r-release-linux-x86_64 4.3.0 175.92 344.21 520.13 OK
r-release-macos-arm64 4.3.0 185.00 OK
r-release-macos-x86_64 4.3.0 382.00 OK
r-release-windows-x86_64 4.3.0 178.00 186.00 364.00 OK --no-vignettes
r-oldrel-macos-arm64 4.3.0 214.00 NOTE
r-oldrel-macos-x86_64 4.3.0 382.00 NOTE
r-oldrel-windows-x86_64 4.3.0 217.00 238.00 455.00 NOTE --no-vignettes

Check Details

Version: 4.3.0
Check: installed package size
Result: NOTE installed size is 16.5Mb sub-directories of 1Mb or more: R 2.0Mb doc 3.5Mb libs 10.6Mb Flavors: r-oldrel-macos-arm64, r-oldrel-macos-x86_64

Version: 4.3.0
Flags: --no-vignettes
Check: package dependencies
Result: NOTE Package suggested but not available for checking: 'doMC' Flavor: r-oldrel-windows-x86_64

Version: 4.3.0
Flags: --no-vignettes
Check: installed package size
Result: NOTE installed size is 6.9Mb sub-directories of 1Mb or more: R 1.4Mb doc 3.5Mb libs 1.6Mb Flavor: r-oldrel-windows-x86_64

These binaries (installable software) and packages are in development.
They may not be fully stable and should be used with caution. We make no claims about them.
Health stats visible at Monitor.