Last updated on 2025-05-17 15:50:57 CEST.
Flavor | Version | Tinstall | Tcheck | Ttotal | Status | Flags |
---|---|---|---|---|---|---|
r-devel-linux-x86_64-debian-clang | 1.0-1 | 1.60 | 15.78 | 17.38 | NOTE | |
r-devel-linux-x86_64-debian-gcc | 1.0-1 | 1.40 | 13.59 | 14.99 | NOTE | |
r-devel-linux-x86_64-fedora-clang | 1.0-1 | 27.58 | OK | |||
r-devel-linux-x86_64-fedora-gcc | 1.0-1 | 25.21 | OK | |||
r-devel-windows-x86_64 | 1.0-1 | 2.00 | 34.00 | 36.00 | OK | |
r-patched-linux-x86_64 | 1.0-1 | 1.37 | 15.42 | 16.79 | OK | |
r-release-linux-x86_64 | 1.0-1 | 1.56 | 15.14 | 16.70 | OK | |
r-release-macos-arm64 | 1.0-1 | 14.00 | OK | |||
r-release-macos-x86_64 | 1.0-1 | 21.00 | OK | |||
r-release-windows-x86_64 | 1.0-1 | 2.00 | 37.00 | 39.00 | OK | |
r-oldrel-macos-arm64 | 1.0-1 | 13.00 | OK | |||
r-oldrel-macos-x86_64 | 1.0-1 | 21.00 | OK | |||
r-oldrel-windows-x86_64 | 1.0-1 | 3.00 | 33.00 | 36.00 | OK |
Version: 1.0-1
Check: CRAN incoming feasibility
Result: NOTE
Maintainer: ‘Alexey Shipunov <dactylorhiza@gmail.com>’
No Authors@R field in DESCRIPTION.
Please add one, modifying
Authors@R: person(given = "Alexey",
family = "Shipunov",
role = c("aut", "cre"),
email = "dactylorhiza@gmail.com",
comment = "with help of Eugenij Altshuler")
as necessary.
Flavors: r-devel-linux-x86_64-debian-clang, r-devel-linux-x86_64-debian-gcc
These binaries (installable software) and packages are in development.
They may not be fully stable and should be used with caution. We make no claims about them.
Health stats visible at Monitor.