Last updated on 2025-05-15 09:52:43 CEST.
Flavor | Version | Tinstall | Tcheck | Ttotal | Status | Flags |
---|---|---|---|---|---|---|
r-devel-linux-x86_64-debian-clang | 0.1-0 | 4.83 | 42.20 | 47.03 | ERROR | |
r-devel-linux-x86_64-debian-gcc | 0.1-0 | 2.87 | 31.34 | 34.21 | ERROR | |
r-devel-linux-x86_64-fedora-clang | 0.1-0 | 74.56 | ERROR | |||
r-devel-linux-x86_64-fedora-gcc | 0.1-0 | 83.13 | ERROR | |||
r-devel-windows-x86_64 | 0.1-0 | 8.00 | 60.00 | 68.00 | ERROR | |
r-patched-linux-x86_64 | 0.1-0 | 4.61 | 39.07 | 43.68 | ERROR | |
r-release-linux-x86_64 | 0.1-0 | 4.43 | 39.32 | 43.75 | ERROR | |
r-release-macos-arm64 | 0.1-0 | 30.00 | OK | |||
r-release-macos-x86_64 | 0.1-0 | 75.00 | OK | |||
r-release-windows-x86_64 | 0.1-0 | 6.00 | 61.00 | 67.00 | ERROR | |
r-oldrel-macos-arm64 | 0.1-0 | 45.00 | OK | |||
r-oldrel-macos-x86_64 | 0.1-0 | 73.00 | OK | |||
r-oldrel-windows-x86_64 | 0.1-0 | 8.00 | 73.00 | 81.00 | ERROR |
Version: 0.1-0
Check: examples
Result: ERROR
Running examples in ‘smiles-Ex.R’ failed
The error most likely occurred in:
> base::assign(".ptime", proc.time(), pos = "CheckExEnv")
> ### Name: DoTSA
> ### Title: Trial sequential analysis.
> ### Aliases: DoTSA
>
> ### ** Examples
>
> ## Not run:
> # 1. Import a dataset of study by Fleiss (1993)
> library(meta)
Loading required package: metadat
Loading 'meta' package (version 8.1-0).
Type 'help(meta)' for a brief overview.
> data("Fleiss1993bin")
>
> # 2. Perform trial sequential analysis
> DoTSA(Fleiss1993bin, study, year,
+ r1 = d.asp, n1 = n.asp,
+ r2 = d.plac, n2 = n.plac,
+ measure = "RR", RRR = 0.2,
+ group = c("Aspirin", "Control"))
Error in if (lgcMAAdj) { : the condition has length > 1
Calls: DoTSA
Execution halted
Flavors: r-devel-linux-x86_64-debian-clang, r-devel-linux-x86_64-debian-gcc, r-patched-linux-x86_64, r-release-linux-x86_64
Version: 0.1-0
Check: re-building of vignette outputs
Result: ERROR
Error(s) in re-building vignettes:
...
--- re-building ‘An_overview_on_pakcage_smiles.Rmd’ using rmarkdown
Quitting from An_overview_on_pakcage_smiles.Rmd:170-184 [result-DoTSA]
~~~~~~~~~~~~~~~~~~~~~~~~~~~~~~~~~~~~~~~~~~~~~~~~~~~~~~~~~~~~~~~~~~~~~~~~~~~~~~~~
<error/rlang_error>
Error in `if (lgcMAAdj) ...`:
! the condition has length > 1
---
Backtrace:
▆
1. └─smiles::DoTSA(...)
2. └─base::suppressWarnings(...)
3. └─base::withCallingHandlers(...)
~~~~~~~~~~~~~~~~~~~~~~~~~~~~~~~~~~~~~~~~~~~~~~~~~~~~~~~~~~~~~~~~~~~~~~~~~~~~~~~~
Error: processing vignette 'An_overview_on_pakcage_smiles.Rmd' failed with diagnostics:
the condition has length > 1
--- failed re-building ‘An_overview_on_pakcage_smiles.Rmd’
SUMMARY: processing the following file failed:
‘An_overview_on_pakcage_smiles.Rmd’
Error: Vignette re-building failed.
Execution halted
Flavors: r-devel-linux-x86_64-debian-clang, r-devel-linux-x86_64-debian-gcc, r-patched-linux-x86_64, r-release-linux-x86_64
Version: 0.1-0
Check: examples
Result: ERROR
Running examples in ‘smiles-Ex.R’ failed
The error most likely occurred in:
> ### Name: DoTSA
> ### Title: Trial sequential analysis.
> ### Aliases: DoTSA
>
> ### ** Examples
>
> ## Not run:
> # 1. Import a dataset of study by Fleiss (1993)
> library(meta)
Loading required package: metadat
Loading 'meta' package (version 8.1-0).
Type 'help(meta)' for a brief overview.
> data("Fleiss1993bin")
>
> # 2. Perform trial sequential analysis
> DoTSA(Fleiss1993bin, study, year,
+ r1 = d.asp, n1 = n.asp,
+ r2 = d.plac, n2 = n.plac,
+ measure = "RR", RRR = 0.2,
+ group = c("Aspirin", "Control"))
Error in if (lgcMAAdj) { : the condition has length > 1
Calls: DoTSA
Execution halted
Flavors: r-devel-linux-x86_64-fedora-clang, r-devel-linux-x86_64-fedora-gcc, r-devel-windows-x86_64, r-release-windows-x86_64, r-oldrel-windows-x86_64
Version: 0.1-0
Check: re-building of vignette outputs
Result: ERROR
Error(s) in re-building vignettes:
--- re-building ‘An_overview_on_pakcage_smiles.Rmd’ using rmarkdown
Quitting from An_overview_on_pakcage_smiles.Rmd:170-184 [result-DoTSA]
~~~~~~~~~~~~~~~~~~~~~~~~~~~~~~~~~~~~~~~~~~~~~~~~~~~~~~~~~~~~~~~~~~~~~~~~~~~~~~~~
<error/rlang_error>
Error in `if (lgcMAAdj) ...`:
! the condition has length > 1
---
Backtrace:
▆
1. └─smiles::DoTSA(...)
2. └─base::suppressWarnings(...)
3. └─base::withCallingHandlers(...)
~~~~~~~~~~~~~~~~~~~~~~~~~~~~~~~~~~~~~~~~~~~~~~~~~~~~~~~~~~~~~~~~~~~~~~~~~~~~~~~~
Error: processing vignette 'An_overview_on_pakcage_smiles.Rmd' failed with diagnostics:
the condition has length > 1
--- failed re-building ‘An_overview_on_pakcage_smiles.Rmd’
SUMMARY: processing the following file failed:
‘An_overview_on_pakcage_smiles.Rmd’
Error: Vignette re-building failed.
Execution halted
Flavors: r-devel-linux-x86_64-fedora-clang, r-devel-linux-x86_64-fedora-gcc, r-devel-windows-x86_64, r-release-windows-x86_64, r-oldrel-windows-x86_64
These binaries (installable software) and packages are in development.
They may not be fully stable and should be used with caution. We make no claims about them.
Health stats visible at Monitor.