Last updated on 2025-10-30 23:50:21 CET.
| Flavor | Version | Tinstall | Tcheck | Ttotal | Status | Flags | 
|---|---|---|---|---|---|---|
| r-devel-linux-x86_64-debian-clang | 0.0.2 | 144.87 | 75.89 | 220.76 | OK | |
| r-devel-linux-x86_64-debian-gcc | 0.0.2 | 101.26 | 59.68 | 160.94 | OK | |
| r-devel-linux-x86_64-fedora-clang | 0.0.2 | 840.00 | -380.05 | 459.95 | OK | |
| r-devel-linux-x86_64-fedora-gcc | 0.0.2 | 720.00 | -284.52 | 435.48 | OK | |
| r-devel-windows-x86_64 | 0.0.2 | 175.00 | 159.00 | 334.00 | OK | |
| r-patched-linux-x86_64 | 0.0.2 | 148.00 | 73.78 | 221.78 | OK | |
| r-release-linux-x86_64 | 0.0.2 | 145.38 | 76.01 | 221.39 | OK | |
| r-release-macos-arm64 | 0.0.2 | 59.00 | 5.00 | 64.00 | ERROR | |
| r-release-macos-x86_64 | 0.0.2 | 66.00 | 7.00 | 73.00 | ERROR | |
| r-release-windows-x86_64 | 0.0.2 | 177.00 | 142.00 | 319.00 | OK | |
| r-oldrel-macos-arm64 | 0.0.2 | 61.00 | 4.00 | 65.00 | ERROR | |
| r-oldrel-macos-x86_64 | 0.0.2 | 61.00 | 14.00 | 75.00 | ERROR | |
| r-oldrel-windows-x86_64 | 0.0.2 | 208.00 | 168.00 | 376.00 | NOTE | 
Version: 0.0.2
Check: whether package can be installed
Result: ERROR
  Installation failed.
Flavors: r-release-macos-arm64, r-release-macos-x86_64, r-oldrel-macos-arm64, r-oldrel-macos-x86_64
Version: 0.0.2
Check: installed package size
Result: NOTE
    installed size is  7.2Mb
    sub-directories of 1Mb or more:
      libs   4.7Mb
Flavor: r-oldrel-windows-x86_64
Version: 0.0.2
Check: for GNU extensions in Makefiles
Result: NOTE
  GNU make is a SystemRequirements.
Flavor: r-oldrel-windows-x86_64
These binaries (installable software) and packages are in development.
They may not be fully stable and should be used with caution. We make no claims about them.
Health stats visible at Monitor.