Last updated on 2025-05-15 11:50:16 CEST.
Flavor | Version | Tinstall | Tcheck | Ttotal | Status | Flags |
---|---|---|---|---|---|---|
r-devel-linux-x86_64-debian-clang | 1.2 | 1.49 | 21.54 | 23.03 | NOTE | |
r-devel-linux-x86_64-debian-gcc | 1.2 | 1.27 | 17.45 | 18.72 | NOTE | |
r-devel-linux-x86_64-fedora-clang | 1.2 | 36.80 | NOTE | |||
r-devel-linux-x86_64-fedora-gcc | 1.2 | 35.64 | NOTE | |||
r-devel-windows-x86_64 | 1.2 | 2.00 | 45.00 | 47.00 | NOTE | |
r-patched-linux-x86_64 | 1.2 | 1.68 | 21.13 | 22.81 | NOTE | |
r-release-linux-x86_64 | 1.2 | 1.43 | 20.84 | 22.27 | NOTE | |
r-release-macos-arm64 | 1.2 | 19.00 | NOTE | |||
r-release-macos-x86_64 | 1.2 | 37.00 | NOTE | |||
r-release-windows-x86_64 | 1.2 | 2.00 | 48.00 | 50.00 | NOTE | |
r-oldrel-macos-arm64 | 1.2 | 18.00 | NOTE | |||
r-oldrel-macos-x86_64 | 1.2 | 24.00 | NOTE | |||
r-oldrel-windows-x86_64 | 1.2 | 2.00 | 45.00 | 47.00 | NOTE |
Version: 1.2
Check: CRAN incoming feasibility
Result: NOTE
Maintainer: ‘Ed Merkle <merklee@missouri.edu>’
No Authors@R field in DESCRIPTION.
Please add one, modifying
Authors@R: c(person(given = "Ed",
family = "Merkle",
role = c("aut", "cre"),
email = "merklee@missouri.edu"),
person(given = "Michael",
family = "Smithson",
role = "aut"))
as necessary.
Flavors: r-devel-linux-x86_64-debian-clang, r-devel-linux-x86_64-debian-gcc
Version: 1.2
Check: Rd files
Result: NOTE
checkRd: (-1) trlong.Rd:17: Lost braces
17 | \item{\code{resp}}{a factor indicating the transport mode choice, and \code{B} denotes taking the bus, code{D} denotes driving one's own vehicle, \code{F} denotes getting a ride with a friend, \code{O} denotes other, and \code{W} denotes walking}
| ^
Flavors: r-devel-linux-x86_64-debian-clang, r-devel-linux-x86_64-debian-gcc, r-devel-linux-x86_64-fedora-clang, r-devel-linux-x86_64-fedora-gcc, r-devel-windows-x86_64, r-patched-linux-x86_64, r-release-linux-x86_64, r-release-macos-arm64, r-release-macos-x86_64, r-release-windows-x86_64, r-oldrel-macos-arm64, r-oldrel-macos-x86_64, r-oldrel-windows-x86_64
These binaries (installable software) and packages are in development.
They may not be fully stable and should be used with caution. We make no claims about them.
Health stats visible at Monitor.