Last updated on 2025-10-31 05:48:54 CET.
| Flavor | Version | Tinstall | Tcheck | Ttotal | Status | Flags | 
|---|---|---|---|---|---|---|
| r-devel-linux-x86_64-debian-clang | 1.0.0 | 50.76 | 48.78 | 99.54 | WARN | |
| r-devel-linux-x86_64-debian-gcc | 1.0.0 | 43.70 | 38.64 | 82.34 | WARN | |
| r-devel-linux-x86_64-fedora-clang | 1.0.0 | 102.00 | 57.60 | 159.60 | NOTE | |
| r-devel-linux-x86_64-fedora-gcc | 1.0.0 | 119.00 | 28.32 | 147.32 | NOTE | |
| r-devel-windows-x86_64 | 1.0.0 | 128.00 | 82.00 | 210.00 | OK | |
| r-patched-linux-x86_64 | 1.0.0 | 52.82 | 46.54 | 99.36 | NOTE | |
| r-release-linux-x86_64 | 1.0.0 | 50.30 | 47.56 | 97.86 | NOTE | |
| r-release-macos-arm64 | 1.0.0 | 31.00 | 27.00 | 58.00 | NOTE | |
| r-release-macos-x86_64 | 1.0.0 | 37.00 | 49.00 | 86.00 | NOTE | |
| r-release-windows-x86_64 | 1.0.0 | 201.00 | 80.00 | 281.00 | OK | |
| r-oldrel-macos-arm64 | 1.0.0 | 16.00 | 26.00 | 42.00 | NOTE | |
| r-oldrel-macos-x86_64 | 1.0.0 | 27.00 | 42.00 | 69.00 | NOTE | |
| r-oldrel-windows-x86_64 | 1.0.0 | 67.00 | 100.00 | 167.00 | OK | 
Version: 1.0.0
Check: CRAN incoming feasibility
Result: NOTE
  Maintainer: ‘Fabio Centofanti <fabio.centofanti@unina.it>’
  
  The Description field contains
    <arXiv:2007.00529>.
  Please refer to arXiv e-prints via their arXiv DOI <doi:10.48550/arXiv.YYMM.NNNNN>.
  
  The BugReports field in DESCRIPTION has
    https://github.com/unina-sfere/slasso
  which should likely be
    https://github.com/unina-sfere/slasso/issues
  instead.
Flavors: r-devel-linux-x86_64-debian-clang, r-devel-linux-x86_64-debian-gcc
Version: 1.0.0
Check: whether package can be installed
Result: WARN
  Found the following significant warnings:
    /home/hornik/tmp/R.check/r-devel-clang/Work/build/Packages/RcppArmadillo/include/RcppArmadillo/version/arma.h:66:17: warning: Using fallback compilation with Armadillo 14.6.3. Please consider defining -DARMA_USE_CURRENT and also removing C++11 compilation directive. See GitHub issue #475 for more. [-W#pragma-messages]
  See ‘/home/hornik/tmp/R.check/r-devel-clang/Work/PKGS/slasso.Rcheck/00install.out’ for details.
  * used C++ compiler: ‘Debian clang version 19.1.7 (7)’
Flavor: r-devel-linux-x86_64-debian-clang
Version: 1.0.0
Check: C++ specification
Result: NOTE
    Specified C++11: please drop specification unless essential
Flavors: r-devel-linux-x86_64-debian-clang, r-devel-linux-x86_64-debian-gcc, r-devel-linux-x86_64-fedora-clang, r-devel-linux-x86_64-fedora-gcc, r-patched-linux-x86_64, r-release-linux-x86_64, r-release-macos-arm64, r-release-macos-x86_64, r-oldrel-macos-arm64, r-oldrel-macos-x86_64
Version: 1.0.0
Check: whether package can be installed
Result: WARN
  Found the following significant warnings:
    /home/hornik/tmp/R.check/r-devel-gcc/Work/build/Packages/RcppArmadillo/include/RcppArmadillo/version/arma.h:66:199: note: ‘#pragma message: Using fallback compilation with Armadillo 14.6.3. Please consider defining -DARMA_USE_CURRENT and also removing C++11 compilation directive. See GitHub issue #475 for more.’
  See ‘/home/hornik/tmp/R.check/r-devel-gcc/Work/PKGS/slasso.Rcheck/00install.out’ for details.
  * used C++ compiler: ‘g++-15 (Debian 15.2.0-4) 15.2.0’
Flavor: r-devel-linux-x86_64-debian-gcc
Version: 1.0.0
Check: dependencies in R code
Result: NOTE
  Namespace in Imports field not imported from: ‘RcppArmadillo’
    All declared Imports should be used.
Flavors: r-devel-linux-x86_64-fedora-clang, r-devel-linux-x86_64-fedora-gcc
These binaries (installable software) and packages are in development.
They may not be fully stable and should be used with caution. We make no claims about them.
Health stats visible at Monitor.