Last updated on 2024-05-02 08:01:59 CEST.
Flavor | Version | Tinstall | Tcheck | Ttotal | Status | Flags |
---|---|---|---|---|---|---|
r-devel-linux-x86_64-debian-clang | 0.2-16 | 2.64 | 522.23 | 524.87 | NOTE | |
r-devel-linux-x86_64-debian-gcc | 0.2-16 | 2.37 | 316.61 | 318.98 | NOTE | |
r-devel-linux-x86_64-fedora-clang | 0.2-16 | 561.94 | NOTE | |||
r-devel-linux-x86_64-fedora-gcc | 0.2-16 | 528.39 | NOTE | |||
r-devel-windows-x86_64 | 0.2-16 | 5.00 | 331.00 | 336.00 | NOTE | |
r-patched-linux-x86_64 | 0.2-16 | 3.59 | 482.59 | 486.18 | NOTE | |
r-release-linux-x86_64 | 0.2-16 | 2.80 | 430.46 | 433.26 | NOTE | |
r-release-macos-arm64 | 0.2-16 | 158.00 | NOTE | |||
r-release-windows-x86_64 | 0.2-16 | 5.00 | 306.00 | 311.00 | NOTE | |
r-oldrel-macos-arm64 | 0.2-16 | 161.00 | NOTE | |||
r-oldrel-macos-x86_64 | 0.2-16 | 426.00 | NOTE | |||
r-oldrel-windows-x86_64 | 0.2-16 | 5.00 | 312.00 | 317.00 | NOTE |
Version: 0.2-16
Check: package dependencies
Result: NOTE
Package which this enhances but not available for checking: ‘kmndirs’
Flavors: r-devel-linux-x86_64-debian-clang, r-devel-linux-x86_64-debian-gcc, r-devel-linux-x86_64-fedora-clang, r-devel-linux-x86_64-fedora-gcc, r-devel-windows-x86_64, r-patched-linux-x86_64, r-release-linux-x86_64, r-release-macos-arm64, r-release-windows-x86_64, r-oldrel-macos-arm64, r-oldrel-macos-x86_64, r-oldrel-windows-x86_64
Version: 0.2-16
Check: dependencies in R code
Result: NOTE
Unavailable namespace imported from by a ':::' call: ‘kmndirs’
See the note in ?`:::` about the use of this operator.
Flavors: r-devel-linux-x86_64-debian-clang, r-devel-linux-x86_64-debian-gcc, r-devel-linux-x86_64-fedora-clang, r-devel-linux-x86_64-fedora-gcc, r-devel-windows-x86_64, r-patched-linux-x86_64, r-release-linux-x86_64, r-release-macos-arm64, r-release-windows-x86_64, r-oldrel-macos-arm64, r-oldrel-macos-x86_64, r-oldrel-windows-x86_64
These binaries (installable software) and packages are in development.
They may not be fully stable and should be used with caution. We make no claims about them.
Health stats visible at Monitor.