CRAN Package Check Results for Package skedastic

Last updated on 2025-05-08 09:54:14 CEST.

Flavor Version Tinstall Tcheck Ttotal Status Flags
r-devel-linux-x86_64-debian-clang 2.0.2 14.61 174.85 189.46 NOTE
r-devel-linux-x86_64-debian-gcc 2.0.2 11.61 116.37 127.98 NOTE
r-devel-linux-x86_64-fedora-clang 2.0.2 299.75 OK
r-devel-linux-x86_64-fedora-gcc 2.0.2 288.21 OK
r-devel-windows-x86_64 2.0.2 17.00 185.00 202.00 OK
r-patched-linux-x86_64 2.0.2 18.81 165.41 184.22 OK
r-release-linux-x86_64 2.0.2 14.93 162.56 177.49 OK
r-release-macos-arm64 2.0.2 76.00 OK
r-release-macos-x86_64 2.0.2 146.00 OK
r-release-windows-x86_64 2.0.2 17.00 184.00 201.00 OK
r-oldrel-macos-arm64 2.0.2 77.00 OK
r-oldrel-macos-x86_64 2.0.2 112.00 OK
r-oldrel-windows-x86_64 2.0.2 23.00 239.00 262.00 OK

Check Details

Version: 2.0.2
Check: CRAN incoming feasibility
Result: NOTE Maintainer: ‘Thomas Farrar <tjfarrar@alumni.uwaterloo.ca>’ The Description field contains p-values of Kulinskaya (2008) <arXiv:0810.2124v1>, and probabilities Please refer to arXiv e-prints via their arXiv DOI <doi:10.48550/arXiv.YYMM.NNNNN>. Flavors: r-devel-linux-x86_64-debian-clang, r-devel-linux-x86_64-debian-gcc

These binaries (installable software) and packages are in development.
They may not be fully stable and should be used with caution. We make no claims about them.
Health stats visible at Monitor.