Last updated on 2025-02-23 15:49:58 CET.
Flavor | Version | Tinstall | Tcheck | Ttotal | Status | Flags |
---|---|---|---|---|---|---|
r-devel-linux-x86_64-debian-clang | 1.5.2 | 166.41 | 190.86 | 357.27 | OK | |
r-devel-linux-x86_64-debian-gcc | 1.5.2 | 107.18 | 122.05 | 229.23 | OK | |
r-devel-linux-x86_64-fedora-clang | 1.5.2 | 633.62 | OK | |||
r-devel-linux-x86_64-fedora-gcc | 1.5.2 | 578.55 | OK | |||
r-devel-macos-arm64 | 1.5.1 | 113.00 | OK | |||
r-devel-macos-x86_64 | 1.5.2 | 166.00 | OK | |||
r-devel-windows-x86_64 | 1.5.2 | 168.00 | 207.00 | 375.00 | OK | |
r-patched-linux-x86_64 | 1.5.2 | 160.34 | 174.67 | 335.01 | OK | |
r-release-linux-x86_64 | 1.5.2 | 149.31 | 174.45 | 323.76 | OK | |
r-release-macos-arm64 | 1.5.2 | 127.00 | NOTE | |||
r-release-macos-x86_64 | 1.5.2 | 160.00 | NOTE | |||
r-release-windows-x86_64 | 1.5.2 | 169.00 | 203.00 | 372.00 | OK | |
r-oldrel-macos-arm64 | 1.5.1 | 124.00 | NOTE | |||
r-oldrel-macos-x86_64 | 1.5.2 | 317.00 | NOTE | |||
r-oldrel-windows-x86_64 | 1.5.2 | 209.00 | 260.00 | 469.00 | OK |
Version: 1.5.2
Check: installed package size
Result: NOTE
installed size is 11.8Mb
sub-directories of 1Mb or more:
R 2.1Mb
extdata 1.3Mb
libs 7.8Mb
Flavors: r-release-macos-arm64, r-release-macos-x86_64, r-oldrel-macos-x86_64
Version: 1.5.1
Check: installed package size
Result: NOTE
installed size is 10.6Mb
sub-directories of 1Mb or more:
R 2.1Mb
extdata 1.2Mb
libs 6.5Mb
Flavor: r-oldrel-macos-arm64
These binaries (installable software) and packages are in development.
They may not be fully stable and should be used with caution. We make no claims about them.
Health stats visible at Monitor.