Last updated on 2025-02-02 07:50:26 CET.
Flavor | Version | Tinstall | Tcheck | Ttotal | Status | Flags |
---|---|---|---|---|---|---|
r-devel-linux-x86_64-debian-clang | 1.4.0 | 9.96 | 122.25 | 132.21 | NOTE | |
r-devel-linux-x86_64-debian-gcc | 1.4.0 | 6.80 | 82.36 | 89.16 | NOTE | |
r-devel-linux-x86_64-fedora-clang | 1.4.0 | 212.18 | NOTE | |||
r-devel-linux-x86_64-fedora-gcc | 1.4.0 | 222.33 | NOTE | |||
r-devel-windows-x86_64 | 1.4.0 | 14.00 | 141.00 | 155.00 | NOTE | |
r-patched-linux-x86_64 | 1.4.0 | 11.55 | 112.16 | 123.71 | NOTE | |
r-release-linux-x86_64 | 1.4.0 | 8.95 | 112.72 | 121.67 | NOTE | |
r-release-macos-arm64 | 1.4.0 | 72.00 | NOTE | |||
r-release-macos-x86_64 | 1.4.0 | 142.00 | NOTE | |||
r-release-windows-x86_64 | 1.4.0 | 12.00 | 140.00 | 152.00 | NOTE | |
r-oldrel-macos-arm64 | 1.4.0 | 58.00 | OK | |||
r-oldrel-macos-x86_64 | 1.4.0 | 125.00 | OK | |||
r-oldrel-windows-x86_64 | 1.4.0 | 14.00 | 168.00 | 182.00 | OK |
Version: 1.4.0
Check: DESCRIPTION meta-information
Result: NOTE
Missing dependency on R >= 4.1.0 because package code uses the pipe
|> or function shorthand \(...) syntax added in R 4.1.0.
File(s) using such syntax:
‘predict.sitar.R’
Flavors: r-devel-linux-x86_64-debian-clang, r-devel-linux-x86_64-debian-gcc, r-devel-linux-x86_64-fedora-clang, r-devel-linux-x86_64-fedora-gcc, r-devel-windows-x86_64
Version: 1.4.0
Check: Rd files
Result: NOTE
checkRd: (-1) sitar-package.Rd:27: Lost braces; missing escapes or markup?
27 | individual curves, adjusted for {abcd} to lie on top of (i.e. be
| ^
checkRd: (-1) sitar.Rd:110: Lost braces; missing escapes or markup?
110 | \code{\link{nlme}}) (default {nlmeControl(returnObject = TRUE)}).}
| ^
Flavors: r-devel-linux-x86_64-debian-clang, r-devel-linux-x86_64-debian-gcc, r-devel-linux-x86_64-fedora-clang, r-devel-linux-x86_64-fedora-gcc, r-devel-windows-x86_64, r-patched-linux-x86_64, r-release-linux-x86_64, r-release-macos-arm64, r-release-macos-x86_64, r-release-windows-x86_64
Version: 1.4.0
Check: Rd cross-references
Result: NOTE
Found the following Rd file(s) with Rd \link{} targets missing package
anchors:
anova.sitar.Rd: anova.lme
sitar.Rd: nlme, nlmeObject
summary.sitar.Rd: summary.lme, lmeObject
Please provide package anchors for all Rd \link{} targets not in the
package itself and the base packages.
Flavors: r-devel-linux-x86_64-debian-clang, r-devel-linux-x86_64-debian-gcc, r-devel-windows-x86_64
These binaries (installable software) and packages are in development.
They may not be fully stable and should be used with caution. We make no claims about them.
Health stats visible at Monitor.