CRAN Package Check Results for Package sisVIVE

Last updated on 2025-05-15 07:49:52 CEST.

Flavor Version Tinstall Tcheck Ttotal Status Flags
r-devel-linux-x86_64-debian-clang 1.4 1.77 18.36 20.13 NOTE
r-devel-linux-x86_64-debian-gcc 1.4 1.41 14.48 15.89 NOTE
r-devel-linux-x86_64-fedora-clang 1.4 31.70 OK
r-devel-linux-x86_64-fedora-gcc 1.4 29.74 OK
r-devel-windows-x86_64 1.4 3.00 40.00 43.00 OK
r-patched-linux-x86_64 1.4 1.88 17.42 19.30 OK
r-release-linux-x86_64 1.4 1.84 17.46 19.30 OK
r-release-macos-arm64 1.4 OK
r-release-macos-x86_64 1.4 26.00 OK
r-release-windows-x86_64 1.4 2.00 42.00 44.00 OK
r-oldrel-macos-arm64 1.4 15.00 OK
r-oldrel-macos-x86_64 1.4 23.00 OK
r-oldrel-windows-x86_64 1.4 3.00 43.00 46.00 OK

Check Details

Version: 1.4
Check: CRAN incoming feasibility
Result: NOTE Maintainer: ‘Hyunseung Kang <hyunseung@stat.wisc.edu>’ No Authors@R field in DESCRIPTION. Please add one, modifying Authors@R: person(given = "Hyunseung", family = "Kang", role = c("aut", "cre"), email = "hyunseung@stat.wisc.edu") as necessary. Flavors: r-devel-linux-x86_64-debian-clang, r-devel-linux-x86_64-debian-gcc

These binaries (installable software) and packages are in development.
They may not be fully stable and should be used with caution. We make no claims about them.
Health stats visible at Monitor.