Last updated on 2025-05-03 22:50:09 CEST.
Flavor | Version | Tinstall | Tcheck | Ttotal | Status | Flags |
---|---|---|---|---|---|---|
r-devel-linux-x86_64-debian-clang | 0.5.0 | 3.40 | 172.36 | 175.76 | NOTE | |
r-devel-linux-x86_64-debian-gcc | 0.5.0 | 2.30 | 123.24 | 125.54 | NOTE | |
r-devel-linux-x86_64-fedora-clang | 0.5.0 | 276.12 | OK | |||
r-devel-linux-x86_64-fedora-gcc | 0.5.0 | 323.42 | OK | |||
r-devel-windows-x86_64 | 0.5.0 | 5.00 | 216.00 | 221.00 | OK | |
r-patched-linux-x86_64 | 0.5.0 | 3.48 | 159.18 | 162.66 | OK | |
r-release-linux-x86_64 | OK | |||||
r-release-macos-arm64 | 0.5.0 | 176.00 | OK | |||
r-release-macos-x86_64 | 0.5.0 | 332.00 | OK | |||
r-release-windows-x86_64 | 0.5.0 | 6.00 | 214.00 | 220.00 | OK | |
r-oldrel-macos-arm64 | 0.5.0 | 155.00 | OK | |||
r-oldrel-macos-x86_64 | 0.5.0 | 312.00 | OK | |||
r-oldrel-windows-x86_64 | 0.5.0 | 6.00 | 264.00 | 270.00 | OK |
Version: 0.5.0
Check: DESCRIPTION meta-information
Result: NOTE
Author field differs from that derived from Authors@R
Author: ‘Joshua W. Lambert [aut, cre, cph] (<https://orcid.org/0000-0001-5218-3046>), Carmen Tamayo [aut] (<https://orcid.org/0000-0003-4184-2864>), Hugo Gruson [ctb, rev] (<https://orcid.org/0000-0002-4094-1476>), Pratik R. Gupte [ctb, rev] (<https://orcid.org/0000-0001-5294-7819>), Adam Kucharski [rev] (<https://orcid.org/0000-0001-8814-9421>), Chris Hartgerink [rev] (<https://orcid.org/0000-0003-1050-6809>), Sebastian Funk [ctb] (<https://orcid.org/0000-0002-2842-3406>), London School of Hygiene and Tropical Medicine, LSHTM [cph] (00a0jsq62)’
Authors@R: ‘Joshua W. Lambert [aut, cre, cph] (ORCID: <https://orcid.org/0000-0001-5218-3046>), Carmen Tamayo [aut] (ORCID: <https://orcid.org/0000-0003-4184-2864>), Hugo Gruson [ctb, rev] (ORCID: <https://orcid.org/0000-0002-4094-1476>), Pratik R. Gupte [ctb, rev] (ORCID: <https://orcid.org/0000-0001-5294-7819>), Adam Kucharski [rev] (ORCID: <https://orcid.org/0000-0001-8814-9421>), Chris Hartgerink [rev] (ORCID: <https://orcid.org/0000-0003-1050-6809>), Sebastian Funk [ctb] (ORCID: <https://orcid.org/0000-0002-2842-3406>), London School of Hygiene and Tropical Medicine, LSHTM [cph] (ROR: <https://ror.org/00a0jsq62>)’
Flavors: r-devel-linux-x86_64-debian-clang, r-devel-linux-x86_64-debian-gcc
These binaries (installable software) and packages are in development.
They may not be fully stable and should be used with caution. We make no claims about them.
Health stats visible at Monitor.