Last updated on 2025-10-30 19:53:36 CET.
| Flavor | Version | Tinstall | Tcheck | Ttotal | Status | Flags | 
|---|---|---|---|---|---|---|
| r-devel-linux-x86_64-debian-clang | 1.3.0 | 3.36 | 32.19 | 35.55 | NOTE | |
| r-devel-linux-x86_64-debian-gcc | 1.3.0 | 2.40 | 24.77 | 27.17 | NOTE | |
| r-devel-linux-x86_64-fedora-clang | 1.3.0 | 52.48 | NOTE | |||
| r-devel-linux-x86_64-fedora-gcc | 1.3.0 | 50.65 | NOTE | |||
| r-devel-windows-x86_64 | 1.3.0 | 5.00 | 49.00 | 54.00 | NOTE | |
| r-patched-linux-x86_64 | 1.3.0 | 3.59 | 30.85 | 34.44 | NOTE | |
| r-release-linux-x86_64 | 1.3.0 | 2.55 | 30.80 | 33.35 | NOTE | |
| r-release-macos-arm64 | 1.3.0 | 2.00 | 19.00 | 21.00 | NOTE | |
| r-release-macos-x86_64 | 1.3.0 | 3.00 | 30.00 | 33.00 | NOTE | |
| r-release-windows-x86_64 | 1.3.0 | 5.00 | 53.00 | 58.00 | NOTE | |
| r-oldrel-macos-arm64 | 1.3.0 | 2.00 | 18.00 | 20.00 | NOTE | |
| r-oldrel-macos-x86_64 | 1.3.0 | 2.00 | 27.00 | 29.00 | NOTE | |
| r-oldrel-windows-x86_64 | 1.3.0 | 6.00 | 60.00 | 66.00 | NOTE | 
Version: 1.3.0
Check: CRAN incoming feasibility
Result: NOTE
  Maintainer: ‘Beilun Wang <bw4mw@virginia.edu>’
  
  The BugReports field in DESCRIPTION has
    https://github.com/QData/SIMULE
  which should likely be
    https://github.com/QData/SIMULE/issues
  instead.
Flavors: r-devel-linux-x86_64-debian-clang, r-devel-linux-x86_64-debian-gcc
Version: 1.3.0
Check: Rd files
Result: NOTE
  checkRd: (-1) simule-package.Rd:18: Lost braces; missing escapes or markup?
      18 | Identifying context-specific entity networks from aggregated data is an important task, often arising in bioinformatics and neuroimaging. Computationally, this task can be formulated as jointly estimating multiple different, but related, sparse Undirected Graphical Models (UGM) from aggregated samples across several contexts. Previous joint-UGM studies have mostly focused on sparse Gaussian Graphical Models (sGGMs) and can't identify context-specific edge patterns directly. We, therefore, propose a novel approach, SIMULE (detecting Shared and Individual parts of MULtiple graphs Explicitly) to learn multi-UGM via a constrained L1 minimization. SIMULE automatically infers both specific edge patterns that are unique to each context and shared interactions preserved among all the contexts. Through the L1 constrained formulation, this problem is cast as multiple independent subtasks of linear programming that can be solved efficiently in parallel. In addition to Gaussian data, SIMULE can also handle multivariate nonparanormal data that greatly relaxes the normality assumption that many real-world applications do not follow. We provide a novel theoretical proof showing that SIMULE achieves a consistent result at the rate O(log(Kp)/n_{tot}). On multiple synthetic datasets and two biomedical datasets, SIMULE shows significant improvement over state-of-the-art multi-sGGM and single-UGM baselines.
         |                                                                                                                                                                                                                                                                                                                                                                                                                                                                                                                                                                                                                                                                                                                                                                                                                                                                                                                                                                                                                                                                                                                                                                                                                                                                                                ^
  checkRd: (-1) simule.Rd:18: Lost braces
      18 | level of the matrices. The \\eqn{\\lambda_n} in the following section:
         |                                 ^
  checkRd: (-1) simule.Rd:23: Lost braces
      23 | of each graph. The \\eqn{\\epsilon} in the following section: Details. If
         |                         ^
  checkRd: (-1) simule.Rd:62-65: Lost braces
      62 | following equation: \\deqn{ \\hat{\\Omega}^{(1)}_I, \\hat{\\Omega}^{(2)}_I,
         |                           ^
  checkRd: (-1) simule.Rd:62: Lost braces
      62 | following equation: \\deqn{ \\hat{\\Omega}^{(1)}_I, \\hat{\\Omega}^{(2)}_I,
         |                                  ^
  checkRd: (-1) simule.Rd:62: Lost braces; missing escapes or markup?
      62 | following equation: \\deqn{ \\hat{\\Omega}^{(1)}_I, \\hat{\\Omega}^{(2)}_I,
         |                                            ^
  checkRd: (-1) simule.Rd:62: Lost braces
      62 | following equation: \\deqn{ \\hat{\\Omega}^{(1)}_I, \\hat{\\Omega}^{(2)}_I,
         |                                                          ^
  checkRd: (-1) simule.Rd:62: Lost braces; missing escapes or markup?
      62 | following equation: \\deqn{ \\hat{\\Omega}^{(1)}_I, \\hat{\\Omega}^{(2)}_I,
         |                                                                    ^
  checkRd: (-1) simule.Rd:63: Lost braces
      63 | \\dots, \\hat{\\Omega}^{(K)}_I, \\hat{\\Omega}_S =
         |              ^
  checkRd: (-1) simule.Rd:63: Lost braces; missing escapes or markup?
      63 | \\dots, \\hat{\\Omega}^{(K)}_I, \\hat{\\Omega}_S =
         |                        ^
  checkRd: (-1) simule.Rd:63: Lost braces
      63 | \\dots, \\hat{\\Omega}^{(K)}_I, \\hat{\\Omega}_S =
         |                                      ^
  checkRd: (-1) simule.Rd:64: Lost braces
      64 | \\min\\limits_{\\Omega^{(i)}_I,\\Omega_S}\\sum\\limits_i ||\\Omega^{(i)}_I||_1+
         |               ^
  checkRd: (-1) simule.Rd:64: Lost braces; missing escapes or markup?
      64 | \\min\\limits_{\\Omega^{(i)}_I,\\Omega_S}\\sum\\limits_i ||\\Omega^{(i)}_I||_1+
         |                        ^
  checkRd: (-1) simule.Rd:64: Lost braces; missing escapes or markup?
      64 | \\min\\limits_{\\Omega^{(i)}_I,\\Omega_S}\\sum\\limits_i ||\\Omega^{(i)}_I||_1+
         |                                                                    ^
  checkRd: (-1) simule.Rd:65-67: Lost braces
      65 | \\epsilon K||\\Omega_S||_1 } Subject to : \\deqn{
         |                                                 ^
  checkRd: (-1) simule.Rd:66: Lost braces; missing escapes or markup?
      66 | ||\\Sigma^{(i)}(\\Omega^{(i)}_I + \\Omega_S) - I||_{\\infty} \\le \\lambda_{n}, i
         |           ^
  checkRd: (-1) simule.Rd:66: Lost braces; missing escapes or markup?
      66 | ||\\Sigma^{(i)}(\\Omega^{(i)}_I + \\Omega_S) - I||_{\\infty} \\le \\lambda_{n}, i
         |                         ^
  checkRd: (-1) simule.Rd:66: Lost braces; missing escapes or markup?
      66 | ||\\Sigma^{(i)}(\\Omega^{(i)}_I + \\Omega_S) - I||_{\\infty} \\le \\lambda_{n}, i
         |                                                    ^
  checkRd: (-1) simule.Rd:66: Lost braces; missing escapes or markup?
      66 | ||\\Sigma^{(i)}(\\Omega^{(i)}_I + \\Omega_S) - I||_{\\infty} \\le \\lambda_{n}, i
         |                                                                            ^
  checkRd: (-1) simule.Rd:68: Lost braces
      68 | \\eqn{\\lambda_n} is the hyperparameter controlling the sparsity level of the
         |      ^
  checkRd: (-1) simule.Rd:69: Lost braces
      69 | matrices and it is the \\code{lambda} in our function. The \\eqn{\\epsilon} is
         |                              ^
  checkRd: (-1) simule.Rd:69: Lost braces
      69 | matrices and it is the \\code{lambda} in our function. The \\eqn{\\epsilon} is
         |                                                                 ^
  checkRd: (-1) simule.Rd:72: Lost braces
      72 | \\code{epsilon} parameter in our function and the default value is 1. For
         |       ^
  checkRd: (-1) simule.Rd:47: Lost braces
      47 | \\item{Graphs}{A list of the estimated inverse
         |       ^
  checkRd: (-1) simule.Rd:47-48: Lost braces
      47 | \\item{Graphs}{A list of the estimated inverse
         |               ^
  checkRd: (-1) simule.Rd:48: Lost braces
      48 | covariance/correlation matrices.} \\item{share}{The share graph among
         |                                         ^
  checkRd: (-1) simule.Rd:48-49: Lost braces
      48 | covariance/correlation matrices.} \\item{share}{The share graph among
         |                                                ^
Flavors: r-devel-linux-x86_64-debian-clang, r-devel-linux-x86_64-debian-gcc, r-devel-linux-x86_64-fedora-clang, r-devel-linux-x86_64-fedora-gcc, r-devel-windows-x86_64, r-patched-linux-x86_64, r-release-linux-x86_64, r-release-macos-arm64, r-release-macos-x86_64, r-release-windows-x86_64, r-oldrel-macos-arm64, r-oldrel-macos-x86_64, r-oldrel-windows-x86_64
These binaries (installable software) and packages are in development.
They may not be fully stable and should be used with caution. We make no claims about them.
Health stats visible at Monitor.