Last updated on 2025-05-17 09:49:24 CEST.
Flavor | Version | Tinstall | Tcheck | Ttotal | Status | Flags |
---|---|---|---|---|---|---|
r-devel-linux-x86_64-debian-clang | 0.2.5 | 7.73 | 64.92 | 72.65 | NOTE | --no-vignettes |
r-devel-linux-x86_64-debian-gcc | 0.2.5 | 5.02 | 48.88 | 53.90 | NOTE | --no-vignettes |
r-devel-linux-x86_64-fedora-clang | 0.2.5 | 336.51 | NOTE | |||
r-devel-linux-x86_64-fedora-gcc | 0.2.5 | 378.13 | NOTE | |||
r-devel-windows-x86_64 | 0.2.5 | 8.00 | 342.00 | 350.00 | NOTE | |
r-patched-linux-x86_64 | 0.2.5 | 8.57 | 60.47 | 69.04 | NOTE | --no-vignettes |
r-release-linux-x86_64 | 0.2.5 | 7.47 | 60.17 | 67.64 | NOTE | --no-vignettes |
r-release-macos-arm64 | 0.2.5 | 212.00 | NOTE | |||
r-release-macos-x86_64 | 0.2.5 | 423.00 | NOTE | |||
r-release-windows-x86_64 | 0.2.5 | 9.00 | 338.00 | 347.00 | NOTE | |
r-oldrel-macos-arm64 | 0.2.5 | 193.00 | NOTE | |||
r-oldrel-macos-x86_64 | 0.2.5 | 307.00 | NOTE | |||
r-oldrel-windows-x86_64 | 0.2.5 | 8.00 | 432.00 | 440.00 | NOTE |
Version: 0.2.5
Flags: --no-vignettes
Check: CRAN incoming feasibility
Result: NOTE
Maintainer: ‘Jacob Bien <jbien@usc.edu>’
The Description field contains
<arXiv:1607.00021>.
Please refer to arXiv e-prints via their arXiv DOI <doi:10.48550/arXiv.YYMM.NNNNN>.
Flavors: r-devel-linux-x86_64-debian-clang, r-devel-linux-x86_64-debian-gcc
Version: 0.2.5
Flags: --no-vignettes
Check: Rd files
Result: NOTE
checkRd: (-1) add_bold.Rd:15: Lost braces; missing escapes or markup?
15 | For example, in latex it would take "2" and output "{\\bf 2}"; in html
| ^
Flavors: r-devel-linux-x86_64-debian-clang, r-devel-linux-x86_64-debian-gcc, r-patched-linux-x86_64, r-release-linux-x86_64
Version: 0.2.5
Check: Rd files
Result: NOTE
checkRd: (-1) add_bold.Rd:15: Lost braces; missing escapes or markup?
15 | For example, in latex it would take "2" and output "{\\bf 2}"; in html
| ^
Flavors: r-devel-linux-x86_64-fedora-clang, r-devel-linux-x86_64-fedora-gcc, r-devel-windows-x86_64, r-release-macos-arm64, r-release-macos-x86_64, r-release-windows-x86_64, r-oldrel-macos-arm64, r-oldrel-macos-x86_64, r-oldrel-windows-x86_64
These binaries (installable software) and packages are in development.
They may not be fully stable and should be used with caution. We make no claims about them.
Health stats visible at Monitor.