Last updated on 2025-05-03 22:50:09 CEST.
Flavor | Version | Tinstall | Tcheck | Ttotal | Status | Flags |
---|---|---|---|---|---|---|
r-devel-linux-x86_64-debian-clang | 0.1.1 | 4.29 | 81.26 | 85.55 | NOTE | |
r-devel-linux-x86_64-debian-gcc | 0.1.1 | 3.15 | 56.71 | 59.86 | NOTE | |
r-devel-linux-x86_64-fedora-clang | 0.1.1 | 129.95 | OK | |||
r-devel-linux-x86_64-fedora-gcc | 0.1.1 | 136.85 | OK | |||
r-devel-windows-x86_64 | 0.1.1 | 6.00 | 93.00 | 99.00 | OK | |
r-patched-linux-x86_64 | 0.1.1 | 4.88 | 75.96 | 80.84 | OK | |
r-release-linux-x86_64 | OK | |||||
r-release-macos-arm64 | 0.1.1 | 46.00 | OK | |||
r-release-macos-x86_64 | 0.1.1 | 75.00 | OK | |||
r-release-windows-x86_64 | 0.1.1 | 6.00 | 90.00 | 96.00 | OK | |
r-oldrel-macos-arm64 | 0.1.1 | 47.00 | OK | |||
r-oldrel-macos-x86_64 | 0.1.1 | 74.00 | OK | |||
r-oldrel-windows-x86_64 | 0.1.1 | 7.00 | 119.00 | 126.00 | OK |
Version: 0.1.1
Check: CRAN incoming feasibility
Result: NOTE
Maintainer: ‘Luke Miratrix <lmiratrix@g.harvard.edu>’
The Description field contains
<arXiv:2002.05746>. This package provides methods for fitting ITS
Please refer to arXiv e-prints via their arXiv DOI <doi:10.48550/arXiv.YYMM.NNNNN>.
Flavors: r-devel-linux-x86_64-debian-clang, r-devel-linux-x86_64-debian-gcc
These binaries (installable software) and packages are in development.
They may not be fully stable and should be used with caution. We make no claims about them.
Health stats visible at Monitor.