Last updated on 2025-05-15 11:50:15 CEST.
Flavor | Version | Tinstall | Tcheck | Ttotal | Status | Flags |
---|---|---|---|---|---|---|
r-devel-linux-x86_64-debian-clang | 0.3.0 | 8.94 | 177.60 | 186.54 | OK | |
r-devel-linux-x86_64-debian-gcc | 0.3.0 | 4.84 | 119.68 | 124.52 | OK | |
r-devel-linux-x86_64-fedora-clang | 0.3.0 | 290.64 | OK | |||
r-devel-linux-x86_64-fedora-gcc | 0.3.0 | 276.71 | OK | |||
r-devel-windows-x86_64 | 0.3.0 | 11.00 | 188.00 | 199.00 | OK | |
r-patched-linux-x86_64 | 0.3.0 | 9.10 | 165.68 | 174.78 | OK | |
r-release-linux-x86_64 | 0.3.0 | 7.56 | 163.65 | 171.21 | ERROR | |
r-release-macos-arm64 | 0.3.0 | 95.00 | OK | |||
r-release-macos-x86_64 | 0.3.0 | 165.00 | OK | |||
r-release-windows-x86_64 | 0.3.0 | 9.00 | 188.00 | 197.00 | OK | |
r-oldrel-macos-arm64 | 0.3.0 | 84.00 | OK | |||
r-oldrel-macos-x86_64 | 0.3.0 | 163.00 | OK | |||
r-oldrel-windows-x86_64 | 0.3.0 | 12.00 | 247.00 | 259.00 | OK |
Version: 0.3.0
Check: re-building of vignette outputs
Result: ERROR
Error(s) in re-building vignettes:
...
--- re-building ‘v_cookbook.Rmd’ using rmarkdown
Quitting from v_cookbook.Rmd:224-237 [unnamed-chunk-11]
~~~~~~~~~~~~~~~~~~~~~~~~~~~~~~~~~~~~~~~~~~~~~~~~~~~~~~~~~~~~~~~~~~~~~~~~~~~~~~~~
<error/rlang_error>
Error:
! An error occured when processing node 'Y'. The message was:
Error: An error occured when processing node '.'. The message was:
Error in rowSums(mapply("*", data, betas)): 'x' must be an array of at least two dimensions
---
Backtrace:
▆
1. └─simDAG::sim_from_dag(dag, n_sim = 10)
2. └─base::tryCatch(...)
3. └─base (local) tryCatchList(expr, classes, parentenv, handlers)
4. └─base (local) tryCatchOne(expr, names, parentenv, handlers[[1L]])
5. └─value[[3L]](cond)
~~~~~~~~~~~~~~~~~~~~~~~~~~~~~~~~~~~~~~~~~~~~~~~~~~~~~~~~~~~~~~~~~~~~~~~~~~~~~~~~
Error: processing vignette 'v_cookbook.Rmd' failed with diagnostics:
An error occured when processing node 'Y'. The message was:
Error: An error occured when processing node '.'. The message was:
Error in rowSums(mapply("*", data, betas)): 'x' must be an array of at least two dimensions
--- failed re-building ‘v_cookbook.Rmd’
--- re-building ‘v_covid_example.Rmd’ using rmarkdown
** Processing: /home/hornik/tmp/R.check/r-release-gcc/Work/PKGS/simDAG.Rcheck/vign_test/simDAG/vignettes/v_covid_example_files/figure-html/unnamed-chunk-9-1.png
672x480 pixels, 3x8 bits/pixel, RGB
Input IDAT size = 25027 bytes
Input file size = 25141 bytes
Trying:
zc = 9 zm = 8 zs = 0 f = 0 IDAT size = 20395
zc = 9 zm = 8 zs = 1 f = 0 IDAT size = 20135
zc = 1 zm = 8 zs = 2 f = 0
zc = 9 zm = 8 zs = 3 f = 0
zc = 9 zm = 8 zs = 0 f = 5
zc = 9 zm = 8 zs = 1 f = 5
zc = 1 zm = 8 zs = 2 f = 5
zc = 9 zm = 8 zs = 3 f = 5
Selecting parameters:
zc = 9 zm = 8 zs = 1 f = 0 IDAT size = 20135
Output IDAT size = 20135 bytes (4892 bytes decrease)
Output file size = 20213 bytes (4928 bytes = 19.60% decrease)
** Processing: /home/hornik/tmp/R.check/r-release-gcc/Work/PKGS/simDAG.Rcheck/vign_test/simDAG/vignettes/v_covid_example_files/figure-html/unnamed-chunk-11-1.png
672x480 pixels, 3x8 bits/pixel, RGB
Input IDAT size = 30835 bytes
Input file size = 30949 bytes
Trying:
zc = 9 zm = 8 zs = 0 f = 0 IDAT size = 24521
zc = 9 zm = 8 zs = 1 f = 0
zc = 1 zm = 8 zs = 2 f = 0
zc = 9 zm = 8 zs = 3 f = 0
zc = 9 zm = 8 zs = 0 f = 5
zc = 9 zm = 8 zs = 1 f = 5
zc = 1 zm = 8 zs = 2 f = 5
zc = 9 zm = 8 zs = 3 f = 5
Selecting parameters:
zc = 9 zm = 8 zs = 0 f = 0 IDAT size = 24521
Output IDAT size = 24521 bytes (6314 bytes decrease)
Output file size = 24599 bytes (6350 bytes = 20.52% decrease)
--- finished re-building ‘v_covid_example.Rmd’
--- re-building ‘v_sim_discrete_time.Rmd’ using rmarkdown
** Processing: /home/hornik/tmp/R.check/r-release-gcc/Work/PKGS/simDAG.Rcheck/vign_test/simDAG/vignettes/v_sim_discrete_time_files/figure-html/unnamed-chunk-8-1.png
672x480 pixels, 3x8 bits/pixel, RGB
Input IDAT size = 25340 bytes
Input file size = 25454 bytes
Trying:
zc = 9 zm = 8 zs = 0 f = 0 IDAT size = 20483
zc = 9 zm = 8 zs = 1 f = 0
zc = 1 zm = 8 zs = 2 f = 0
zc = 9 zm = 8 zs = 3 f = 0
zc = 9 zm = 8 zs = 0 f = 5
zc = 9 zm = 8 zs = 1 f = 5
zc = 1 zm = 8 zs = 2 f = 5
zc = 9 zm = 8 zs = 3 f = 5
Selecting parameters:
zc = 9 zm = 8 zs = 0 f = 0 IDAT size = 20483
Output IDAT size = 20483 bytes (4857 bytes decrease)
Output file size = 20561 bytes (4893 bytes = 19.22% decrease)
** Processing: /home/hornik/tmp/R.check/r-release-gcc/Work/PKGS/simDAG.Rcheck/vign_test/simDAG/vignettes/v_sim_discrete_time_files/figure-html/unnamed-chunk-11-1.png
672x480 pixels, 3x8 bits/pixel, RGB
Input IDAT size = 28845 bytes
Input file size = 28959 bytes
Trying:
zc = 9 zm = 8 zs = 0 f = 0 IDAT size = 22526
zc = 9 zm = 8 zs = 1 f = 0
zc = 1 zm = 8 zs = 2 f = 0
zc = 9 zm = 8 zs = 3 f = 0
zc = 9 zm = 8 zs = 0 f = 5
zc = 9 zm = 8 zs = 1 f = 5
zc = 1 zm = 8 zs = 2 f = 5
zc = 9 zm = 8 zs = 3 f = 5
Selecting parameters:
zc = 9 zm = 8 zs = 0 f = 0 IDAT size = 22526
Output IDAT size = 22526 bytes (6319 bytes decrease)
Output file size = 22604 bytes (6355 bytes = 21.94% decrease)
--- finished re-building ‘v_sim_discrete_time.Rmd’
--- re-building ‘v_sim_from_dag.Rmd’ using rmarkdown
** Processing: /home/hornik/tmp/R.check/r-release-gcc/Work/PKGS/simDAG.Rcheck/vign_test/simDAG/vignettes/v_sim_from_dag_files/figure-html/unnamed-chunk-6-1.png
576x480 pixels, 3x8 bits/pixel, RGB
Input IDAT size = 22947 bytes
Input file size = 23049 bytes
Trying:
zc = 9 zm = 8 zs = 0 f = 0 IDAT size = 18385
zc = 9 zm = 8 zs = 1 f = 0 IDAT size = 18273
zc = 1 zm = 8 zs = 2 f = 0
zc = 9 zm = 8 zs = 3 f = 0
zc = 9 zm = 8 zs = 0 f = 5
zc = 9 zm = 8 zs = 1 f = 5
zc = 1 zm = 8 zs = 2 f = 5
zc = 9 zm = 8 zs = 3 f = 5
Selecting parameters:
zc = 9 zm = 8 zs = 1 f = 0 IDAT size = 18273
Output IDAT size = 18273 bytes (4674 bytes decrease)
Output file size = 18351 bytes (4698 bytes = 20.38% decrease)
** Processing: /home/hornik/tmp/R.check/r-release-gcc/Work/PKGS/simDAG.Rcheck/vign_test/simDAG/vignettes/v_sim_from_dag_files/figure-html/unnamed-chunk-10-1.png
672x480 pixels, 8 bits/pixel, 256 colors in palette
Reducing image to 8 bits/pixel, grayscale
Input IDAT size = 8086 bytes
Input file size = 8944 bytes
Trying:
zc = 9 zm = 8 zs = 0 f = 0 IDAT size = 7015
zc = 9 zm = 8 zs = 1 f = 0 IDAT size = 7005
zc = 1 zm = 8 zs = 2 f = 0
zc = 9 zm = 8 zs = 3 f = 0
zc = 9 zm = 8 zs = 0 f = 5
zc = 9 zm = 8 zs = 1 f = 5
zc = 1 zm = 8 zs = 2 f = 5
zc = 9 zm = 8 zs = 3 f = 5
Selecting parameters:
zc = 9 zm = 8 zs = 1 f = 0 IDAT size = 7005
Output IDAT size = 7005 bytes (1081 bytes decrease)
Output file size = 7083 bytes (1861 bytes = 20.81% decrease)
--- finished re-building ‘v_sim_from_dag.Rmd’
--- re-building ‘v_using_formulas.Rmd’ using rmarkdown
--- finished re-building ‘v_using_formulas.Rmd’
SUMMARY: processing the following file failed:
‘v_cookbook.Rmd’
Error: Vignette re-building failed.
Execution halted
Flavor: r-release-linux-x86_64
These binaries (installable software) and packages are in development.
They may not be fully stable and should be used with caution. We make no claims about them.
Health stats visible at Monitor.