Last updated on 2025-02-23 19:51:20 CET.
Flavor | Version | Tinstall | Tcheck | Ttotal | Status | Flags |
---|---|---|---|---|---|---|
r-devel-linux-x86_64-debian-clang | 3.0.2 | 36.56 | 371.36 | 407.92 | NOTE | |
r-devel-linux-x86_64-debian-gcc | 3.0.2 | 22.77 | 235.46 | 258.23 | NOTE | |
r-devel-linux-x86_64-fedora-clang | 3.0.2 | 609.55 | ERROR | |||
r-devel-linux-x86_64-fedora-gcc | 3.0.2 | 653.38 | ERROR | |||
r-devel-macos-arm64 | 3.0.2 | 173.00 | NOTE | |||
r-devel-macos-x86_64 | 3.0.2 | 396.00 | NOTE | |||
r-devel-windows-x86_64 | 3.0.2 | 34.00 | 331.00 | 365.00 | NOTE | |
r-patched-linux-x86_64 | 3.0.2 | 31.75 | 346.41 | 378.16 | NOTE | |
r-release-linux-x86_64 | 3.0.2 | 32.08 | 347.35 | 379.43 | NOTE | |
r-release-macos-arm64 | 3.0.2 | 161.00 | NOTE | |||
r-release-macos-x86_64 | 3.0.2 | 264.00 | NOTE | |||
r-release-windows-x86_64 | 3.0.2 | 36.00 | 335.00 | 371.00 | NOTE | |
r-oldrel-macos-arm64 | 3.0.2 | 170.00 | OK | |||
r-oldrel-macos-x86_64 | 3.0.2 | 296.00 | OK | |||
r-oldrel-windows-x86_64 | 3.0.2 | 45.00 | 440.00 | 485.00 | OK |
Version: 3.0.2
Check: Rd files
Result: NOTE
checkRd: (-1) siland.Rd:64: Lost braces; missing escapes or markup?
64 | \item x_{l,i}, local variable l,
| ^
checkRd: (-1) siland.Rd:70: Lost braces; missing escapes or markup?
70 | \item d_{r,i} the distance between the center of pixel r and the observation at site i.
| ^
Flavors: r-devel-linux-x86_64-debian-clang, r-devel-linux-x86_64-debian-gcc, r-devel-linux-x86_64-fedora-clang, r-devel-linux-x86_64-fedora-gcc, r-devel-macos-arm64, r-devel-macos-x86_64, r-devel-windows-x86_64, r-patched-linux-x86_64, r-release-linux-x86_64, r-release-macos-arm64, r-release-macos-x86_64, r-release-windows-x86_64
Version: 3.0.2
Check: re-building of vignette outputs
Result: ERROR
Error(s) in re-building vignettes:
--- re-building ‘siland.Rmd’ using rmarkdown
** Processing: /data/gannet/ripley/R/packages/tests-clang/siland.Rcheck/vign_test/siland/vignettes/siland_files/figure-html/unnamed-chunk-5-1.png
672x288 pixels, 3x8 bits/pixel, RGB
Input IDAT size = 189382 bytes
Input file size = 189736 bytes
Trying:
zc = 9 zm = 8 zs = 0 f = 0 IDAT size = 116317
zc = 9 zm = 8 zs = 1 f = 0
zc = 1 zm = 8 zs = 2 f = 0
zc = 9 zm = 8 zs = 3 f = 0
zc = 9 zm = 8 zs = 0 f = 5
zc = 9 zm = 8 zs = 1 f = 5
zc = 1 zm = 8 zs = 2 f = 5
zc = 9 zm = 8 zs = 3 f = 5
Selecting parameters:
zc = 9 zm = 8 zs = 0 f = 0 IDAT size = 116317
Output IDAT size = 116317 bytes (73065 bytes decrease)
Output file size = 116395 bytes (73341 bytes = 38.65% decrease)
** Processing: /data/gannet/ripley/R/packages/tests-clang/siland.Rcheck/vign_test/siland/vignettes/siland_files/figure-html/unnamed-chunk-9-1.png
672x288 pixels, 3x8 bits/pixel, RGB
Input IDAT size = 21197 bytes
Input file size = 21299 bytes
Trying:
zc = 9 zm = 8 zs = 0 f = 0 IDAT size = 16939
zc = 9 zm = 8 zs = 1 f = 0
zc = 1 zm = 8 zs = 2 f = 0
zc = 9 zm = 8 zs = 3 f = 0
zc = 9 zm = 8 zs = 0 f = 5
zc = 9 zm = 8 zs = 1 f = 5
zc = 1 zm = 8 zs = 2 f = 5
zc = 9 zm = 8 zs = 3 f = 5
Selecting parameters:
zc = 9 zm = 8 zs = 0 f = 0 IDAT size = 16939
Output IDAT size = 16939 bytes (4258 bytes decrease)
Output file size = 17017 bytes (4282 bytes = 20.10% decrease)
** Processing: /data/gannet/ripley/R/packages/tests-clang/siland.Rcheck/vign_test/siland/vignettes/siland_files/figure-html/unnamed-chunk-11-1.png
672x288 pixels, 3x8 bits/pixel, RGB
Input IDAT size = 74002 bytes
Input file size = 74188 bytes
Trying:
zc = 9 zm = 8 zs = 0 f = 0 IDAT size = 66918
zc = 9 zm = 8 zs = 1 f = 0
zc = 1 zm = 8 zs = 2 f = 0
zc = 9 zm = 8 zs = 3 f = 0
zc = 9 zm = 8 zs = 0 f = 5
zc = 9 zm = 8 zs = 1 f = 5
zc = 1 zm = 8 zs = 2 f = 5
zc = 9 zm = 8 zs = 3 f = 5
Selecting parameters:
zc = 9 zm = 8 zs = 0 f = 0 IDAT size = 66918
Output IDAT size = 66918 bytes (7084 bytes decrease)
Output file size = 66996 bytes (7192 bytes = 9.69% decrease)
** Processing: /data/gannet/ripley/R/packages/tests-clang/siland.Rcheck/vign_test/siland/vignettes/siland_files/figure-html/unnamed-chunk-13-1.png
672x288 pixels, 3x8 bits/pixel, RGB
Input IDAT size = 21690 bytes
Input file size = 21792 bytes
Trying:
zc = 9 zm = 8 zs = 0 f = 0 IDAT size = 17387
zc = 9 zm = 8 zs = 1 f = 0
zc = 1 zm = 8 zs = 2 f = 0
zc = 9 zm = 8 zs = 3 f = 0
zc = 9 zm = 8 zs = 0 f = 5
zc = 9 zm = 8 zs = 1 f = 5
zc = 1 zm = 8 zs = 2 f = 5
zc = 9 zm = 8 zs = 3 f = 5
Selecting parameters:
zc = 9 zm = 8 zs = 0 f = 0 IDAT size = 17387
Output IDAT size = 17387 bytes (4303 bytes decrease)
Output file size = 17465 bytes (4327 bytes = 19.86% decrease)
Quitting from lines 161-162 [unnamed-chunk-14] (siland.Rmd)
Error: processing vignette 'siland.Rmd' failed with diagnostics:
function cannot be evaluated at initial parameters
--- failed re-building ‘siland.Rmd’
SUMMARY: processing the following file failed:
‘siland.Rmd’
Error: Vignette re-building failed.
Execution halted
Flavor: r-devel-linux-x86_64-fedora-clang
Version: 3.0.2
Check: re-building of vignette outputs
Result: ERROR
Error(s) in re-building vignettes:
--- re-building ‘siland.Rmd’ using rmarkdown
** Processing: /data/gannet/ripley/R/packages/tests-devel/siland.Rcheck/vign_test/siland/vignettes/siland_files/figure-html/unnamed-chunk-5-1.png
672x288 pixels, 3x8 bits/pixel, RGB
Input IDAT size = 189382 bytes
Input file size = 189736 bytes
Trying:
zc = 9 zm = 8 zs = 0 f = 0 IDAT size = 116317
zc = 9 zm = 8 zs = 1 f = 0
zc = 1 zm = 8 zs = 2 f = 0
zc = 9 zm = 8 zs = 3 f = 0
zc = 9 zm = 8 zs = 0 f = 5
zc = 9 zm = 8 zs = 1 f = 5
zc = 1 zm = 8 zs = 2 f = 5
zc = 9 zm = 8 zs = 3 f = 5
Selecting parameters:
zc = 9 zm = 8 zs = 0 f = 0 IDAT size = 116317
Output IDAT size = 116317 bytes (73065 bytes decrease)
Output file size = 116395 bytes (73341 bytes = 38.65% decrease)
** Processing: /data/gannet/ripley/R/packages/tests-devel/siland.Rcheck/vign_test/siland/vignettes/siland_files/figure-html/unnamed-chunk-9-1.png
672x288 pixels, 3x8 bits/pixel, RGB
Input IDAT size = 21197 bytes
Input file size = 21299 bytes
Trying:
zc = 9 zm = 8 zs = 0 f = 0 IDAT size = 16939
zc = 9 zm = 8 zs = 1 f = 0
zc = 1 zm = 8 zs = 2 f = 0
zc = 9 zm = 8 zs = 3 f = 0
zc = 9 zm = 8 zs = 0 f = 5
zc = 9 zm = 8 zs = 1 f = 5
zc = 1 zm = 8 zs = 2 f = 5
zc = 9 zm = 8 zs = 3 f = 5
Selecting parameters:
zc = 9 zm = 8 zs = 0 f = 0 IDAT size = 16939
Output IDAT size = 16939 bytes (4258 bytes decrease)
Output file size = 17017 bytes (4282 bytes = 20.10% decrease)
** Processing: /data/gannet/ripley/R/packages/tests-devel/siland.Rcheck/vign_test/siland/vignettes/siland_files/figure-html/unnamed-chunk-11-1.png
672x288 pixels, 3x8 bits/pixel, RGB
Input IDAT size = 74002 bytes
Input file size = 74188 bytes
Trying:
zc = 9 zm = 8 zs = 0 f = 0 IDAT size = 66918
zc = 9 zm = 8 zs = 1 f = 0
zc = 1 zm = 8 zs = 2 f = 0
zc = 9 zm = 8 zs = 3 f = 0
zc = 9 zm = 8 zs = 0 f = 5
zc = 9 zm = 8 zs = 1 f = 5
zc = 1 zm = 8 zs = 2 f = 5
zc = 9 zm = 8 zs = 3 f = 5
Selecting parameters:
zc = 9 zm = 8 zs = 0 f = 0 IDAT size = 66918
Output IDAT size = 66918 bytes (7084 bytes decrease)
Output file size = 66996 bytes (7192 bytes = 9.69% decrease)
** Processing: /data/gannet/ripley/R/packages/tests-devel/siland.Rcheck/vign_test/siland/vignettes/siland_files/figure-html/unnamed-chunk-13-1.png
672x288 pixels, 3x8 bits/pixel, RGB
Input IDAT size = 21690 bytes
Input file size = 21792 bytes
Trying:
zc = 9 zm = 8 zs = 0 f = 0 IDAT size = 17387
zc = 9 zm = 8 zs = 1 f = 0
zc = 1 zm = 8 zs = 2 f = 0
zc = 9 zm = 8 zs = 3 f = 0
zc = 9 zm = 8 zs = 0 f = 5
zc = 9 zm = 8 zs = 1 f = 5
zc = 1 zm = 8 zs = 2 f = 5
zc = 9 zm = 8 zs = 3 f = 5
Selecting parameters:
zc = 9 zm = 8 zs = 0 f = 0 IDAT size = 17387
Output IDAT size = 17387 bytes (4303 bytes decrease)
Output file size = 17465 bytes (4327 bytes = 19.86% decrease)
Quitting from lines 161-162 [unnamed-chunk-14] (siland.Rmd)
Error: processing vignette 'siland.Rmd' failed with diagnostics:
function cannot be evaluated at initial parameters
--- failed re-building ‘siland.Rmd’
SUMMARY: processing the following file failed:
‘siland.Rmd’
Error: Vignette re-building failed.
Execution halted
Flavor: r-devel-linux-x86_64-fedora-gcc
These binaries (installable software) and packages are in development.
They may not be fully stable and should be used with caution. We make no claims about them.
Health stats visible at Monitor.