Last updated on 2025-10-31 05:48:54 CET.
| Flavor | Version | Tinstall | Tcheck | Ttotal | Status | Flags | 
|---|---|---|---|---|---|---|
| r-devel-linux-x86_64-debian-clang | 3.0.2 | 38.49 | 393.35 | 431.84 | NOTE | |
| r-devel-linux-x86_64-debian-gcc | 3.0.2 | 24.33 | 253.00 | 277.33 | NOTE | |
| r-devel-linux-x86_64-fedora-clang | 3.0.2 | 89.00 | 611.39 | 700.39 | NOTE | |
| r-devel-linux-x86_64-fedora-gcc | 3.0.2 | 87.00 | 624.28 | 711.28 | NOTE | |
| r-devel-windows-x86_64 | 3.0.2 | 36.00 | 349.00 | 385.00 | NOTE | |
| r-patched-linux-x86_64 | 3.0.2 | 39.48 | 377.12 | 416.60 | NOTE | |
| r-release-linux-x86_64 | 3.0.2 | 34.96 | 375.02 | 409.98 | NOTE | |
| r-release-macos-arm64 | 3.0.2 | 14.00 | 153.00 | 167.00 | NOTE | |
| r-release-macos-x86_64 | 3.0.2 | 27.00 | 298.00 | 325.00 | NOTE | |
| r-release-windows-x86_64 | 3.0.2 | 36.00 | 351.00 | 387.00 | NOTE | |
| r-oldrel-macos-arm64 | 3.0.2 | 14.00 | 147.00 | 161.00 | NOTE | |
| r-oldrel-macos-x86_64 | 3.0.2 | 25.00 | 239.00 | 264.00 | NOTE | |
| r-oldrel-windows-x86_64 | 3.0.2 | 50.00 | 474.00 | 524.00 | NOTE | 
Version: 3.0.2
Check: CRAN incoming feasibility
Result: NOTE
  Maintainer: ‘Martin Olivier <olivier.martin@inrae.fr>’
  
  No Authors@R field in DESCRIPTION.
  Please add one, modifying
    Authors@R: c(person(given = "Carpentier",
                        family = "F.",
                        role = "aut"),
                 person(given = "Martin",
                        family = "O.",
                        role = "aut"),
                 person(given = "Martin",
                        family = "Olivier",
                        role = "cre",
                        email = "olivier.martin@inrae.fr"))
  as necessary.
Flavors: r-devel-linux-x86_64-debian-clang, r-devel-linux-x86_64-debian-gcc
Version: 3.0.2
Check: Rd files
Result: NOTE
  checkRd: (-1) siland.Rd:64: Lost braces; missing escapes or markup?
      64 | \item x_{l,i}, local variable l,
         |         ^
  checkRd: (-1) siland.Rd:70: Lost braces; missing escapes or markup?
      70 | \item d_{r,i} the distance between the center of pixel r and the observation at site i.
         |         ^
Flavors: r-devel-linux-x86_64-debian-clang, r-devel-linux-x86_64-debian-gcc, r-devel-linux-x86_64-fedora-clang, r-devel-linux-x86_64-fedora-gcc, r-devel-windows-x86_64, r-patched-linux-x86_64, r-release-linux-x86_64, r-release-macos-arm64, r-release-macos-x86_64, r-release-windows-x86_64, r-oldrel-macos-arm64, r-oldrel-macos-x86_64, r-oldrel-windows-x86_64
These binaries (installable software) and packages are in development.
They may not be fully stable and should be used with caution. We make no claims about them.
Health stats visible at Monitor.