Last updated on 2025-05-07 20:49:57 CEST.
Flavor | Version | Tinstall | Tcheck | Ttotal | Status | Flags |
---|---|---|---|---|---|---|
r-devel-linux-x86_64-debian-clang | 4.1.0 | 13.89 | 85.82 | 99.71 | NOTE | |
r-devel-linux-x86_64-debian-gcc | 4.1.0 | 6.82 | 56.59 | 63.41 | NOTE | |
r-devel-linux-x86_64-fedora-clang | 4.1.0 | 143.78 | NOTE | |||
r-devel-linux-x86_64-fedora-gcc | 4.1.0 | 144.14 | NOTE | |||
r-devel-windows-x86_64 | 4.1.0 | 13.00 | 104.00 | 117.00 | NOTE | |
r-patched-linux-x86_64 | 4.1.0 | 12.36 | 78.27 | 90.63 | NOTE | |
r-release-linux-x86_64 | 4.1.0 | 11.76 | 78.78 | 90.54 | NOTE | |
r-release-macos-arm64 | 4.1.0 | 37.00 | NOTE | |||
r-release-macos-x86_64 | 4.1.0 | 81.00 | NOTE | |||
r-release-windows-x86_64 | 4.1.0 | 12.00 | 105.00 | 117.00 | NOTE | |
r-oldrel-macos-arm64 | 4.1.0 | 39.00 | NOTE | |||
r-oldrel-macos-x86_64 | 4.1.0 | 61.00 | NOTE | |||
r-oldrel-windows-x86_64 | 4.1.0 | 21.00 | 124.00 | 145.00 | NOTE |
Version: 4.1.0
Check: CRAN incoming feasibility
Result: NOTE
Maintainer: ‘A.J. Muñoz-Pajares <ajesusmp@ugr.es>’
No Authors@R field in DESCRIPTION.
Please add one, modifying
Authors@R: c(person(given = c("A.", "Jesus", "Muñoz"),
family = "Pajares",
role = "aut"),
person(given = "A.J.",
family = "Muñoz-Pajares",
role = "cre",
email = "ajesusmp@ugr.es"))
as necessary.
Package CITATION file contains call(s) to old-style personList() or
as.personList(). Please use c() on person objects instead.
Package CITATION file contains call(s) to old-style citEntry(). Please
use bibentry() instead.
Flavors: r-devel-linux-x86_64-debian-clang, r-devel-linux-x86_64-debian-gcc
Version: 4.1.0
Check: Rd files
Result: NOTE
checkRd: (-1) pop.dist.Rd:41: Lost braces; missing escapes or markup?
41 | where \emph{dist(i,j)} represents the distance between populations \emph{i} and \emph{j}, \emph{m} and \emph{n} are the number of sequences in populations \emph{i} and \emph{j}, respectively, and \emph{dist(H_{ki},H_{lj})} is the distance between the \emph{k-th} sequence found in population \emph{i} and the \emph{l-th} sequence found in population \emph{j}.
| ^
checkRd: (-1) pop.dist.Rd:41: Lost braces; missing escapes or markup?
41 | where \emph{dist(i,j)} represents the distance between populations \emph{i} and \emph{j}, \emph{m} and \emph{n} are the number of sequences in populations \emph{i} and \emph{j}, respectively, and \emph{dist(H_{ki},H_{lj})} is the distance between the \emph{k-th} sequence found in population \emph{i} and the \emph{l-th} sequence found in population \emph{j}.
| ^
Flavors: r-devel-linux-x86_64-debian-clang, r-devel-linux-x86_64-debian-gcc, r-devel-linux-x86_64-fedora-clang, r-devel-linux-x86_64-fedora-gcc, r-devel-windows-x86_64, r-patched-linux-x86_64, r-release-linux-x86_64, r-release-macos-arm64, r-release-macos-x86_64, r-release-windows-x86_64, r-oldrel-macos-arm64, r-oldrel-macos-x86_64, r-oldrel-windows-x86_64
Version: 4.1.0
Check: Rd cross-references
Result: NOTE
Found the following Rd file(s) with Rd \link{} targets missing package
anchors:
mutation.network.Rd: plot.network
Please provide package anchors for all Rd \link{} targets not in the
package itself and the base packages.
Flavors: r-devel-linux-x86_64-debian-clang, r-devel-linux-x86_64-debian-gcc, r-devel-windows-x86_64, r-patched-linux-x86_64, r-release-linux-x86_64, r-release-windows-x86_64
These binaries (installable software) and packages are in development.
They may not be fully stable and should be used with caution. We make no claims about them.
Health stats visible at Monitor.