Last updated on 2024-05-02 01:57:15 CEST.
Flavor | Version | Tinstall | Tcheck | Ttotal | Status | Flags |
---|---|---|---|---|---|---|
r-devel-linux-x86_64-debian-clang | 3.1.0 | 2.03 | 22.11 | 24.14 | OK | |
r-devel-linux-x86_64-debian-gcc | 3.1.0 | 1.83 | 17.27 | 19.10 | OK | |
r-devel-linux-x86_64-fedora-clang | 3.1.0 | 31.01 | OK | |||
r-devel-linux-x86_64-fedora-gcc | 3.1.0 | 31.44 | OK | |||
r-devel-windows-x86_64 | 3.1.0 | 4.00 | 43.00 | 47.00 | OK | |
r-patched-linux-x86_64 | 3.0.0 | 2.32 | 21.45 | 23.77 | NOTE | |
r-release-linux-x86_64 | 3.0.0 | 2.25 | 21.12 | 23.37 | NOTE | |
r-release-macos-arm64 | 3.1.0 | 15.00 | OK | |||
r-release-macos-x86_64 | 3.1.0 | 29.00 | OK | |||
r-release-windows-x86_64 | 3.1.0 | 4.00 | 39.00 | 43.00 | OK | |
r-oldrel-macos-arm64 | 3.1.0 | 21.00 | OK | |||
r-oldrel-macos-x86_64 | 3.1.0 | 23.00 | OK | |||
r-oldrel-windows-x86_64 | 3.1.0 | 5.00 | 38.00 | 43.00 | OK |
Version: 3.0.0
Check: Rd files
Result: NOTE
checkRd: (-1) shinyalert.Rd:159: Lost braces; missing escapes or markup?
159 | Modals created with {shinyalert} have a return value when they exit.
| ^
checkRd: (-1) shinyalert.Rd:180: Lost braces; missing escapes or markup?
180 | For example, using the following {shinyalert} code will result in a modal with
| ^
checkRd: (-1) useShinyalert.Rd:21: Lost braces; missing escapes or markup?
21 | The first time a {shinyalert} message is shown, the required scripts are
| ^
checkRd: (-1) useShinyalert.Rd:12: Lost braces; missing escapes or markup?
12 | \item{force}{Set to \code{TRUE} to force pre-loading the {shinyalert} scripts. If
| ^
Flavors: r-patched-linux-x86_64, r-release-linux-x86_64
These binaries (installable software) and packages are in development.
They may not be fully stable and should be used with caution. We make no claims about them.
Health stats visible at Monitor.