Last updated on 2025-02-02 07:50:25 CET.
Flavor | Version | Tinstall | Tcheck | Ttotal | Status | Flags |
---|---|---|---|---|---|---|
r-devel-linux-x86_64-debian-clang | 1.1.1 | 6.55 | 43.05 | 49.60 | OK | |
r-devel-linux-x86_64-debian-gcc | 1.1.1 | 4.91 | 31.84 | 36.75 | OK | |
r-devel-linux-x86_64-fedora-clang | 1.1.1 | 77.95 | OK | |||
r-devel-linux-x86_64-fedora-gcc | 1.1.1 | 73.16 | OK | |||
r-devel-windows-x86_64 | 1.1.1 | 12.00 | 68.00 | 80.00 | OK | |
r-patched-linux-x86_64 | 1.1.1 | 6.64 | 39.91 | 46.55 | OK | |
r-release-linux-x86_64 | 1.1.1 | 6.63 | 40.09 | 46.72 | OK | |
r-release-macos-arm64 | 1.1.1 | 26.00 | NOTE | |||
r-release-macos-x86_64 | 1.1.1 | 38.00 | NOTE | |||
r-release-windows-x86_64 | 1.1.1 | 12.00 | 68.00 | 80.00 | NOTE | |
r-oldrel-macos-arm64 | 1.1.1 | 27.00 | NOTE | |||
r-oldrel-macos-x86_64 | 1.1.1 | 41.00 | NOTE | |||
r-oldrel-windows-x86_64 | 1.1.1 | 14.00 | 76.00 | 90.00 | NOTE |
Version: 1.1.1
Check: installed package size
Result: NOTE
installed size is 20.5Mb
sub-directories of 1Mb or more:
www 19.7Mb
Flavors: r-release-macos-arm64, r-release-macos-x86_64, r-release-windows-x86_64, r-oldrel-macos-arm64, r-oldrel-macos-x86_64, r-oldrel-windows-x86_64
These binaries (installable software) and packages are in development.
They may not be fully stable and should be used with caution. We make no claims about them.
Health stats visible at Monitor.