Last updated on 2025-10-31 09:50:30 CET.
| Flavor | Version | Tinstall | Tcheck | Ttotal | Status | Flags | 
|---|---|---|---|---|---|---|
| r-devel-linux-x86_64-debian-clang | 1.4.3 | 10.78 | 28.63 | 39.41 | NOTE | |
| r-devel-linux-x86_64-debian-gcc | 1.4.3 | 7.43 | 23.43 | 30.86 | NOTE | |
| r-devel-linux-x86_64-fedora-clang | 1.4.3 | 27.00 | 37.20 | 64.20 | OK | |
| r-devel-linux-x86_64-fedora-gcc | 1.4.3 | 27.00 | 32.99 | 59.99 | OK | |
| r-devel-windows-x86_64 | 1.4.3 | 13.00 | 61.00 | 74.00 | OK | |
| r-patched-linux-x86_64 | 1.4.3 | 11.18 | 27.15 | 38.33 | OK | |
| r-release-linux-x86_64 | 1.4.3 | 11.52 | 27.15 | 38.67 | OK | |
| r-release-macos-arm64 | 1.4.3 | 6.00 | 19.00 | 25.00 | OK | |
| r-release-macos-x86_64 | 1.4.3 | 9.00 | 30.00 | 39.00 | OK | |
| r-release-windows-x86_64 | 1.4.3 | 16.00 | 63.00 | 79.00 | OK | |
| r-oldrel-macos-arm64 | 1.4.3 | 6.00 | 17.00 | 23.00 | OK | |
| r-oldrel-macos-x86_64 | 1.4.3 | 8.00 | 26.00 | 34.00 | OK | |
| r-oldrel-windows-x86_64 | 1.4.3 | 13.00 | 74.00 | 87.00 | OK | 
Version: 1.4.3
Check: CRAN incoming feasibility
Result: NOTE
  Maintainer: ‘Damien Challet <damien.challet@gmail.com>’
  
  No Authors@R field in DESCRIPTION.
  Please add one, modifying
    Authors@R: person(given = "Damien",
                      family = "Challet",
                      role = c("aut", "cre"),
                      email = "damien.challet@gmail.com")
  as necessary.
  
  The Description field contains
    signal-to-noise ratio, for heavy-tailed data (see <arXiv:1505.01333>).
  Please refer to arXiv e-prints via their arXiv DOI <doi:10.48550/arXiv.YYMM.NNNNN>.
Flavors: r-devel-linux-x86_64-debian-clang, r-devel-linux-x86_64-debian-gcc
These binaries (installable software) and packages are in development.
They may not be fully stable and should be used with caution. We make no claims about them.
Health stats visible at Monitor.