Last updated on 2025-02-23 15:49:57 CET.
Flavor | Version | Tinstall | Tcheck | Ttotal | Status | Flags |
---|---|---|---|---|---|---|
r-devel-linux-x86_64-debian-clang | 1.0-27 | 3.47 | 28.31 | 31.78 | OK | |
r-devel-linux-x86_64-debian-gcc | 1.0-27 | 2.70 | 21.29 | 23.99 | OK | |
r-devel-linux-x86_64-fedora-clang | 1.0-27 | 50.66 | NOTE | |||
r-devel-linux-x86_64-fedora-gcc | 1.0-27 | 48.11 | NOTE | |||
r-devel-macos-arm64 | 1.0-27 | 19.00 | OK | |||
r-devel-macos-x86_64 | 1.0-27 | 53.00 | OK | |||
r-devel-windows-x86_64 | 1.0-27 | 7.00 | 65.00 | 72.00 | OK | |
r-patched-linux-x86_64 | 1.0-27 | 3.61 | 27.08 | 30.69 | OK | |
r-release-linux-x86_64 | 1.0-27 | 3.74 | 27.40 | 31.14 | OK | |
r-release-macos-arm64 | 1.0-27 | 23.00 | OK | |||
r-release-macos-x86_64 | 1.0-27 | 30.00 | OK | |||
r-release-windows-x86_64 | 1.0-27 | 6.00 | 52.00 | 58.00 | OK | |
r-oldrel-macos-arm64 | 1.0-27 | 21.00 | OK | |||
r-oldrel-macos-x86_64 | 1.0-27 | 32.00 | NOTE | |||
r-oldrel-windows-x86_64 | 1.0-27 | 10.00 | 57.00 | 67.00 | OK |
Version: 1.0-27
Check: compiled code
Result: NOTE
File ‘sgeostat/libs/sgeostat.so’:
Found no calls to: ‘R_registerRoutines’, ‘R_useDynamicSymbols’
It is good practice to register native routines and to disable symbol
search.
See ‘Writing portable packages’ in the ‘Writing R Extensions’ manual.
Flavors: r-devel-linux-x86_64-fedora-clang, r-devel-linux-x86_64-fedora-gcc
Version: 1.0-27
Check: Rd cross-references
Result: NOTE
Package unavailable to check Rd xrefs: ‘tripack’
Flavor: r-oldrel-macos-x86_64
These binaries (installable software) and packages are in development.
They may not be fully stable and should be used with caution. We make no claims about them.
Health stats visible at Monitor.