Last updated on 2025-02-23 19:51:20 CET.
Flavor | Version | Tinstall | Tcheck | Ttotal | Status | Flags |
---|---|---|---|---|---|---|
r-devel-linux-x86_64-debian-clang | 0.6-0 | 3.71 | 47.37 | 51.08 | NOTE | |
r-devel-linux-x86_64-debian-gcc | 0.6-0 | 3.38 | 32.65 | 36.03 | NOTE | |
r-devel-linux-x86_64-fedora-clang | 0.6-0 | 85.62 | NOTE | |||
r-devel-linux-x86_64-fedora-gcc | 0.6-0 | 80.12 | NOTE | |||
r-devel-macos-arm64 | 0.6-0 | 26.00 | NOTE | |||
r-devel-macos-x86_64 | 0.6-0 | 50.00 | NOTE | |||
r-devel-windows-x86_64 | 0.6-0 | 5.00 | 68.00 | 73.00 | NOTE | |
r-patched-linux-x86_64 | 0.6-0 | 4.72 | 45.25 | 49.97 | NOTE | |
r-release-linux-x86_64 | 0.6-0 | 4.01 | 47.21 | 51.22 | NOTE | |
r-release-macos-arm64 | 0.6-0 | 27.00 | NOTE | |||
r-release-macos-x86_64 | 0.6-0 | 38.00 | NOTE | |||
r-release-windows-x86_64 | 0.6-0 | 5.00 | 70.00 | 75.00 | NOTE | |
r-oldrel-macos-arm64 | 0.6-0 | 28.00 | OK | |||
r-oldrel-macos-x86_64 | 0.6-0 | 43.00 | OK | |||
r-oldrel-windows-x86_64 | 0.6-0 | 4.00 | 80.00 | 84.00 | OK |
Version: 0.6-0
Check: Rd files
Result: NOTE
checkRd: (-1) bisee.Rd:127: Lost braces
127 | values including \code{x}, \code{y}, code{family}, \code{clusterID},
| ^
checkRd: (-1) hisee.Rd:101: Lost braces
101 | values including \code{x}, \code{y}, code{family}, \code{clusterID},
| ^
checkRd: (-1) isee.Rd:116: Lost braces
116 | values including \code{x}, \code{y}, code{family}, \code{clusterID},
| ^
checkRd: (-1) see.Rd:98: Lost braces
98 | values including \code{x}, \code{y}, code{family}, \code{clusterID},
| ^
Flavors: r-devel-linux-x86_64-debian-clang, r-devel-linux-x86_64-debian-gcc, r-devel-linux-x86_64-fedora-clang, r-devel-linux-x86_64-fedora-gcc, r-devel-macos-arm64, r-devel-macos-x86_64, r-devel-windows-x86_64, r-patched-linux-x86_64, r-release-linux-x86_64, r-release-macos-arm64, r-release-macos-x86_64, r-release-windows-x86_64
These binaries (installable software) and packages are in development.
They may not be fully stable and should be used with caution. We make no claims about them.
Health stats visible at Monitor.