Last updated on 2025-05-17 15:50:56 CEST.
Flavor | Version | Tinstall | Tcheck | Ttotal | Status | Flags |
---|---|---|---|---|---|---|
r-devel-linux-x86_64-debian-clang | 1.0.1 | 2.36 | 25.47 | 27.83 | NOTE | |
r-devel-linux-x86_64-debian-gcc | 1.0.1 | 1.84 | 20.84 | 22.68 | NOTE | |
r-devel-linux-x86_64-fedora-clang | 1.0.1 | 44.17 | OK | |||
r-devel-linux-x86_64-fedora-gcc | 1.0.1 | 43.22 | OK | |||
r-devel-windows-x86_64 | 1.0.1 | 3.00 | 52.00 | 55.00 | OK | |
r-patched-linux-x86_64 | 1.0.1 | 2.64 | 24.99 | 27.63 | OK | |
r-release-linux-x86_64 | 1.0.1 | 2.40 | 25.05 | 27.45 | OK | |
r-release-macos-arm64 | 1.0.1 | 20.00 | OK | |||
r-release-macos-x86_64 | 1.0.1 | 43.00 | OK | |||
r-release-windows-x86_64 | 1.0.1 | 4.00 | 54.00 | 58.00 | OK | |
r-oldrel-macos-arm64 | 1.0.1 | 18.00 | OK | |||
r-oldrel-macos-x86_64 | 1.0.1 | 33.00 | OK | |||
r-oldrel-windows-x86_64 | 1.0.1 | 4.00 | 59.00 | 63.00 | OK |
Version: 1.0.1
Check: CRAN incoming feasibility
Result: NOTE
Maintainer: ‘Yann Desjeux <yann.desjeux@inra.fr>’
Package CITATION file contains call(s) to old-style personList() or
as.personList(). Please use c() on person objects instead.
Found the following URLs which should use \doi (with the DOI name only):
File ‘sfaendog.Rd’:
https://doi.org/10.1016/0304-4076(87)90015-7
https://doi.org/10.1093/ajae/aaw077
Flavors: r-devel-linux-x86_64-debian-clang, r-devel-linux-x86_64-debian-gcc
These binaries (installable software) and packages are in development.
They may not be fully stable and should be used with caution. We make no claims about them.
Health stats visible at Monitor.