CRAN Package Check Results for Package setartree

Last updated on 2025-05-17 17:49:33 CEST.

Flavor Version Tinstall Tcheck Ttotal Status Flags
r-devel-linux-x86_64-debian-clang 0.2.1 3.11 25.08 28.19 NOTE
r-devel-linux-x86_64-debian-gcc 0.2.1 2.11 19.82 21.93 NOTE
r-devel-linux-x86_64-fedora-clang 0.2.1 44.21 OK
r-devel-linux-x86_64-fedora-gcc 0.2.1 44.82 OK
r-devel-windows-x86_64 0.2.1 3.00 48.00 51.00 OK
r-patched-linux-x86_64 0.2.1 3.24 23.93 27.17 OK
r-release-linux-x86_64 0.2.1 3.10 24.11 27.21 OK
r-release-macos-arm64 0.2.1 19.00 OK
r-release-macos-x86_64 0.2.1 33.00 OK
r-release-windows-x86_64 0.2.1 4.00 48.00 52.00 OK
r-oldrel-macos-arm64 0.2.1 19.00 OK
r-oldrel-macos-x86_64 0.2.1 25.00 OK
r-oldrel-windows-x86_64 0.2.1 4.00 53.00 57.00 OK

Check Details

Version: 0.2.1
Check: CRAN incoming feasibility
Result: NOTE Maintainer: ‘Rakshitha Godahewa <rakshithagw@gmail.com>’ The Description field contains in Godahewa et al. (2022) <arXiv:2211.08661v1>. The model uses the Please refer to arXiv e-prints via their arXiv DOI <doi:10.48550/arXiv.YYMM.NNNNN>. Flavors: r-devel-linux-x86_64-debian-clang, r-devel-linux-x86_64-debian-gcc

These binaries (installable software) and packages are in development.
They may not be fully stable and should be used with caution. We make no claims about them.
Health stats visible at Monitor.