Last updated on 2025-10-31 05:48:54 CET.
| Flavor | Version | Tinstall | Tcheck | Ttotal | Status | Flags | 
|---|---|---|---|---|---|---|
| r-devel-linux-x86_64-debian-clang | 0.5-0 | 55.65 | 361.10 | 416.75 | NOTE | |
| r-devel-linux-x86_64-debian-gcc | 0.5-0 | 45.94 | 268.90 | 314.84 | NOTE | |
| r-devel-linux-x86_64-fedora-clang | 0.5-0 | 118.00 | 544.03 | 662.03 | OK | |
| r-devel-linux-x86_64-fedora-gcc | 0.5-0 | 207.00 | 522.16 | 729.16 | OK | |
| r-devel-windows-x86_64 | 0.5-0 | 63.00 | 352.00 | 415.00 | OK | |
| r-patched-linux-x86_64 | 0.5-0 | 62.82 | 383.87 | 446.69 | OK | |
| r-release-linux-x86_64 | 0.5-0 | 62.88 | 385.32 | 448.20 | OK | |
| r-release-macos-arm64 | 0.5-0 | 27.00 | 205.00 | 232.00 | OK | |
| r-release-macos-x86_64 | 0.5-0 | 33.00 | 453.00 | 486.00 | OK | |
| r-release-windows-x86_64 | 0.5-0 | 63.00 | 411.00 | 474.00 | OK | |
| r-oldrel-macos-arm64 | 0.5-0 | 25.00 | 184.00 | 209.00 | NOTE | |
| r-oldrel-macos-x86_64 | 0.5-0 | 26.00 | 286.00 | 312.00 | NOTE | |
| r-oldrel-windows-x86_64 | 0.5-0 | 76.00 | 439.00 | 515.00 | OK | 
Version: 0.5-0
Check: CRAN incoming feasibility
Result: NOTE
  Maintainer: ‘Matt Moores <mmoores@gmail.com>’
  
  Package CITATION file contains call(s) to old-style personList() or
  as.personList().  Please use c() on person objects instead.
  Package CITATION file contains call(s) to old-style citEntry().  Please
  use bibentry() instead.
  
  The Description field contains
    <arXiv:1604.07299>. Multivariate observations of SERRS are highly
  Please refer to arXiv e-prints via their arXiv DOI <doi:10.48550/arXiv.YYMM.NNNNN>.
Flavors: r-devel-linux-x86_64-debian-clang, r-devel-linux-x86_64-debian-gcc
Version: 0.5-0
Check: installed package size
Result: NOTE
    installed size is 19.6Mb
    sub-directories of 1Mb or more:
      libs  18.3Mb
Flavors: r-oldrel-macos-arm64, r-oldrel-macos-x86_64
These binaries (installable software) and packages are in development.
They may not be fully stable and should be used with caution. We make no claims about them.
Health stats visible at Monitor.