CRAN Package Check Results for Package serrsBayes

Last updated on 2025-05-15 07:49:52 CEST.

Flavor Version Tinstall Tcheck Ttotal Status Flags
r-devel-linux-x86_64-debian-clang 0.5-0 57.52 353.90 411.42 NOTE
r-devel-linux-x86_64-debian-gcc 0.5-0 47.43 256.74 304.17 NOTE
r-devel-linux-x86_64-fedora-clang 0.5-0 662.87 OK
r-devel-linux-x86_64-fedora-gcc 0.5-0 736.99 OK
r-devel-windows-x86_64 0.5-0 63.00 348.00 411.00 OK
r-patched-linux-x86_64 0.5-0 63.61 373.14 436.75 OK
r-release-linux-x86_64 0.5-0 64.26 375.72 439.98 OK
r-release-macos-arm64 0.5-0 OK
r-release-macos-x86_64 0.5-0 486.00 OK
r-release-windows-x86_64 0.5-0 63.00 352.00 415.00 OK
r-oldrel-macos-arm64 0.5-0 209.00 NOTE
r-oldrel-macos-x86_64 0.5-0 312.00 NOTE
r-oldrel-windows-x86_64 0.5-0 76.00 448.00 524.00 OK

Check Details

Version: 0.5-0
Check: CRAN incoming feasibility
Result: NOTE Maintainer: ‘Matt Moores <mmoores@gmail.com>’ Package CITATION file contains call(s) to old-style personList() or as.personList(). Please use c() on person objects instead. Package CITATION file contains call(s) to old-style citEntry(). Please use bibentry() instead. The Description field contains <arXiv:1604.07299>. Multivariate observations of SERRS are highly Please refer to arXiv e-prints via their arXiv DOI <doi:10.48550/arXiv.YYMM.NNNNN>. Flavors: r-devel-linux-x86_64-debian-clang, r-devel-linux-x86_64-debian-gcc

Version: 0.5-0
Check: installed package size
Result: NOTE installed size is 19.6Mb sub-directories of 1Mb or more: libs 18.3Mb Flavors: r-oldrel-macos-arm64, r-oldrel-macos-x86_64

These binaries (installable software) and packages are in development.
They may not be fully stable and should be used with caution. We make no claims about them.
Health stats visible at Monitor.