Last updated on 2025-02-23 19:51:20 CET.
Flavor | Version | Tinstall | Tcheck | Ttotal | Status | Flags |
---|---|---|---|---|---|---|
r-devel-linux-x86_64-debian-clang | 9.7 | 91.17 | 33.19 | 124.36 | OK | |
r-devel-linux-x86_64-debian-gcc | 9.7 | 72.44 | 25.86 | 98.30 | OK | |
r-devel-linux-x86_64-fedora-clang | 9.7 | 251.80 | OK | |||
r-devel-linux-x86_64-fedora-gcc | 9.7 | 238.64 | OK | |||
r-devel-macos-arm64 | 9.7 | 82.00 | OK | |||
r-devel-macos-x86_64 | 9.7 | 116.00 | WARN | |||
r-devel-windows-x86_64 | 9.7 | 264.00 | 102.00 | 366.00 | OK | |
r-patched-linux-x86_64 | 9.7 | 97.33 | 31.01 | 128.34 | NOTE | |
r-release-linux-x86_64 | 9.7 | 95.41 | 30.99 | 126.40 | NOTE | |
r-release-macos-arm64 | 9.7 | 93.00 | NOTE | |||
r-release-macos-x86_64 | 9.7 | 134.00 | WARN | |||
r-release-windows-x86_64 | 9.7 | 268.00 | 100.00 | 368.00 | NOTE | |
r-oldrel-macos-arm64 | 9.7 | 82.00 | NOTE | |||
r-oldrel-macos-x86_64 | 9.7 | 100.00 | NOTE | |||
r-oldrel-windows-x86_64 | 9.7 | 243.00 | 119.00 | 362.00 | NOTE |
Version: 9.7
Check: whether package can be installed
Result: WARN
Found the following significant warnings:
SingleChromosomeVCFIndex.cpp:109:51: warning: format specifies type 'long' but the argument has type 'int64_t' (aka 'long long') [-Wformat]
See ‘/Volumes/Builds/packages/big-sur-x86_64/results/4.5/seqminer.Rcheck/00install.out’ for details.
* used C compiler: ‘Apple clang version 14.0.3 (clang-1403.0.22.14.1)’
* used C++ compiler: ‘Apple clang version 14.0.3 (clang-1403.0.22.14.1)’
* used SDK: ‘MacOSX11.3.sdk’
Flavor: r-devel-macos-x86_64
Version: 9.7
Check: for GNU extensions in Makefiles
Result: NOTE
GNU make is a SystemRequirements.
Flavors: r-patched-linux-x86_64, r-release-linux-x86_64, r-release-macos-arm64, r-release-macos-x86_64, r-release-windows-x86_64, r-oldrel-macos-arm64, r-oldrel-macos-x86_64, r-oldrel-windows-x86_64
Version: 9.7
Check: installed package size
Result: NOTE
installed size is 19.3Mb
sub-directories of 1Mb or more:
libs 17.8Mb
Flavors: r-release-macos-arm64, r-release-macos-x86_64, r-oldrel-macos-arm64, r-oldrel-macos-x86_64
Version: 9.7
Check: whether package can be installed
Result: WARN
Found the following significant warnings:
SingleChromosomeVCFIndex.cpp:109:51: warning: format specifies type 'long' but the argument has type 'int64_t' (aka 'long long') [-Wformat]
See ‘/Volumes/Builds/packages/big-sur-x86_64/results/4.4/seqminer.Rcheck/00install.out’ for details.
* used C compiler: ‘Apple clang version 14.0.3 (clang-1403.0.22.14.1)’
* used C++ compiler: ‘Apple clang version 14.0.3 (clang-1403.0.22.14.1)’
* used SDK: ‘MacOSX11.3.sdk’
Flavor: r-release-macos-x86_64
These binaries (installable software) and packages are in development.
They may not be fully stable and should be used with caution. We make no claims about them.
Health stats visible at Monitor.