Last updated on 2025-02-23 19:51:20 CET.
Flavor | Version | Tinstall | Tcheck | Ttotal | Status | Flags |
---|---|---|---|---|---|---|
r-devel-linux-x86_64-debian-clang | 1.2.6 | 298.23 | 268.15 | 566.38 | NOTE | |
r-devel-linux-x86_64-debian-gcc | 1.2.6 | 199.82 | 185.07 | 384.89 | NOTE | |
r-devel-linux-x86_64-fedora-clang | 1.2.6 | 1058.16 | OK | |||
r-devel-linux-x86_64-fedora-gcc | 1.2.6 | 973.22 | OK | |||
r-devel-macos-arm64 | 1.2.6 | 219.00 | OK | |||
r-devel-macos-x86_64 | 1.2.6 | 334.00 | OK | |||
r-devel-windows-x86_64 | 1.2.6 | 299.00 | 334.00 | 633.00 | NOTE | |
r-patched-linux-x86_64 | 1.2.6 | 284.79 | 237.34 | 522.13 | OK | |
r-release-linux-x86_64 | 1.2.6 | 285.94 | 237.62 | 523.56 | OK | |
r-release-macos-arm64 | 1.2.6 | 232.00 | NOTE | |||
r-release-macos-x86_64 | 1.2.6 | 386.00 | NOTE | |||
r-release-windows-x86_64 | 1.2.6 | 302.00 | 329.00 | 631.00 | NOTE | |
r-oldrel-macos-arm64 | 1.2.6 | 205.00 | NOTE | |||
r-oldrel-macos-x86_64 | 1.2.6 | 415.00 | NOTE | |||
r-oldrel-windows-x86_64 | 1.2.6 | 361.00 | 378.00 | 739.00 | NOTE |
Version: 1.2.6
Check: Rd cross-references
Result: NOTE
Found the following Rd file(s) with Rd \link{} targets missing package
anchors:
fit_model.Rd: nloptr
hidden_paths.Rd: seqIplot
mssplot.Rd: seqplot, plot.stslist
plot.hmm.Rd: igraph.plotting, seqplot, plot.igraph
plot.mhmm.Rd: igraph.plotting, seqplot, plot.igraph
seqHMM-deprecated.Rd: nloptr
ssp.Rd: seqplot, plot.stslist
ssplot.Rd: seqplot, plot.stslist
Please provide package anchors for all Rd \link{} targets not in the
package itself and the base packages.
Flavors: r-devel-linux-x86_64-debian-clang, r-devel-linux-x86_64-debian-gcc, r-devel-windows-x86_64
Version: 1.2.6
Check: installed package size
Result: NOTE
installed size is 17.5Mb
sub-directories of 1Mb or more:
doc 6.4Mb
libs 10.2Mb
Flavors: r-release-macos-arm64, r-release-macos-x86_64, r-release-windows-x86_64, r-oldrel-macos-arm64, r-oldrel-macos-x86_64, r-oldrel-windows-x86_64
These binaries (installable software) and packages are in development.
They may not be fully stable and should be used with caution. We make no claims about them.
Health stats visible at Monitor.