Last updated on 2025-05-07 20:49:57 CEST.
Flavor | Version | Tinstall | Tcheck | Ttotal | Status | Flags |
---|---|---|---|---|---|---|
r-devel-linux-x86_64-debian-clang | 0.1.31 | 53.98 | 408.11 | 462.09 | NOTE | |
r-devel-linux-x86_64-debian-gcc | 0.1.31 | 36.92 | 272.93 | 309.85 | NOTE | |
r-devel-linux-x86_64-fedora-clang | 0.1.31 | 785.29 | OK | |||
r-devel-linux-x86_64-fedora-gcc | 0.1.31 | 712.68 | OK | |||
r-devel-windows-x86_64 | 0.1.31 | 48.00 | 298.00 | 346.00 | OK | |
r-patched-linux-x86_64 | 0.1.31 | 50.79 | 383.50 | 434.29 | OK | |
r-release-linux-x86_64 | 0.1.31 | 50.50 | 381.87 | 432.37 | OK | |
r-release-macos-arm64 | 0.1.31 | 187.00 | OK | |||
r-release-macos-x86_64 | 0.1.31 | 338.00 | OK | |||
r-release-windows-x86_64 | 0.1.31 | 50.00 | 301.00 | 351.00 | OK | |
r-oldrel-macos-arm64 | 0.1.31 | 131.00 | OK | |||
r-oldrel-macos-x86_64 | 0.1.31 | 216.00 | OK | |||
r-oldrel-windows-x86_64 | 0.1.31 | 69.00 | 422.00 | 491.00 | OK |
Version: 0.1.31
Check: DESCRIPTION meta-information
Result: NOTE
Author field differs from that derived from Authors@R
Author: ‘Inder Tecuapetla-Gómez [cre, aut] (0000-0001-6251-972X), Fanny Galicia-Gómez [ctb], Francisco Rosales-Marticorena [ctb]’
Authors@R: ‘Inder Tecuapetla-Gómez [cre, aut] (ORDIC: 0000-0001-6251-972X), Fanny Galicia-Gómez [ctb], Francisco Rosales-Marticorena [ctb]’
Flavors: r-devel-linux-x86_64-debian-clang, r-devel-linux-x86_64-debian-gcc
These binaries (installable software) and packages are in development.
They may not be fully stable and should be used with caution. We make no claims about them.
Health stats visible at Monitor.