Last updated on 2025-02-02 07:50:25 CET.
Flavor | Version | Tinstall | Tcheck | Ttotal | Status | Flags |
---|---|---|---|---|---|---|
r-devel-linux-x86_64-debian-clang | 1.1.5 | 22.46 | 68.65 | 91.11 | NOTE | |
r-devel-linux-x86_64-debian-gcc | 1.1.5 | 15.70 | 48.96 | 64.66 | NOTE | |
r-devel-linux-x86_64-fedora-clang | 1.1.5 | 159.94 | OK | |||
r-devel-linux-x86_64-fedora-gcc | 1.1.5 | 162.60 | OK | |||
r-devel-windows-x86_64 | 1.1.5 | 27.00 | 109.00 | 136.00 | NOTE | |
r-patched-linux-x86_64 | 1.1.5 | 28.08 | 63.31 | 91.39 | OK | |
r-release-linux-x86_64 | 1.1.5 | 20.14 | 64.36 | 84.50 | OK | |
r-release-macos-arm64 | 1.1.5 | 47.00 | OK | |||
r-release-macos-x86_64 | 1.1.5 | 75.00 | OK | |||
r-release-windows-x86_64 | 1.1.5 | 26.00 | 107.00 | 133.00 | OK | |
r-oldrel-macos-arm64 | 1.1.5 | 55.00 | OK | |||
r-oldrel-macos-x86_64 | 1.1.5 | 103.00 | OK | |||
r-oldrel-windows-x86_64 | 1.1.5 | 32.00 | 132.00 | 164.00 | OK |
Version: 1.1.5
Check: Rd cross-references
Result: NOTE
Found the following Rd file(s) with Rd \link{} targets missing package
anchors:
sobol_dummy.Rd: boot
sobol_indices.Rd: boot
sobol_matrices.Rd: sobol, randomLHS
sobol_ode.Rd: ode
vars_matrices.Rd: sobol
Please provide package anchors for all Rd \link{} targets not in the
package itself and the base packages.
Flavors: r-devel-linux-x86_64-debian-clang, r-devel-linux-x86_64-debian-gcc, r-devel-windows-x86_64
These binaries (installable software) and packages are in development.
They may not be fully stable and should be used with caution. We make no claims about them.
Health stats visible at Monitor.