Last updated on 2025-02-23 15:49:57 CET.
Flavor | Version | Tinstall | Tcheck | Ttotal | Status | Flags |
---|---|---|---|---|---|---|
r-devel-linux-x86_64-debian-clang | 0.5-6 | 31.57 | 266.84 | 298.41 | NOTE | |
r-devel-linux-x86_64-debian-gcc | 0.5-6 | 18.85 | 166.98 | 185.83 | NOTE | |
r-devel-linux-x86_64-fedora-clang | 0.5-6 | 489.96 | NOTE | |||
r-devel-linux-x86_64-fedora-gcc | 0.5-6 | 473.01 | NOTE | |||
r-devel-macos-arm64 | 0.5-6 | 111.00 | NOTE | |||
r-devel-macos-x86_64 | 0.5-6 | 323.00 | NOTE | |||
r-devel-windows-x86_64 | 0.5-6 | 30.00 | 286.00 | 316.00 | NOTE | |
r-patched-linux-x86_64 | 0.5-6 | 34.53 | 248.00 | 282.53 | NOTE | |
r-release-linux-x86_64 | 0.5-6 | 25.02 | 251.32 | 276.34 | NOTE | |
r-release-macos-arm64 | 0.5-6 | 113.00 | NOTE | |||
r-release-macos-x86_64 | 0.5-6 | 204.00 | NOTE | |||
r-release-windows-x86_64 | 0.5-6 | 29.00 | 270.00 | 299.00 | NOTE | |
r-oldrel-macos-arm64 | 0.5-6 | 122.00 | OK | |||
r-oldrel-macos-x86_64 | 0.5-6 | 188.00 | NOTE | |||
r-oldrel-windows-x86_64 | 0.5-6 | 43.00 | 367.00 | 410.00 | OK |
Version: 0.5-6
Check: Rd files
Result: NOTE
checkRd: (-1) PAVranking.Rd:77-79: Lost braces in \itemize; \value handles \item{}{} directly
checkRd: (-1) PAVranking.Rd:80-82: Lost braces in \itemize; \value handles \item{}{} directly
checkRd: (-1) PAVranking.Rd:83-85: Lost braces in \itemize; \value handles \item{}{} directly
checkRd: (-1) PAVranking.Rd:86-87: Lost braces in \itemize; \value handles \item{}{} directly
Flavors: r-devel-linux-x86_64-debian-clang, r-devel-linux-x86_64-debian-gcc, r-devel-linux-x86_64-fedora-clang, r-devel-linux-x86_64-fedora-gcc, r-devel-macos-arm64, r-devel-macos-x86_64, r-devel-windows-x86_64, r-patched-linux-x86_64, r-release-linux-x86_64, r-release-macos-arm64, r-release-macos-x86_64, r-release-windows-x86_64
Version: 0.5-6
Check: Rd cross-references
Result: NOTE
Found the following Rd file(s) with Rd \link{} targets missing package
anchors:
AVE.Rd: lavaan-class
auxiliary.Rd: lavaan-class
chisqSmallN.Rd: lavaan-class
compRelSEM.Rd: lavaan-class
compareFit.Rd: fitMeasures, lavaan-class
discriminantValidity.Rd: lavaan-class
lavTestScore.mi.Rd: lavTestScore, standardizedSolution, lavInspect
lavaan.mi-class.Rd: lavaanList-class, lavaan-class
maximalRelia.Rd: lavaan-class
measEq.syntax.Rd: lavaan-class
measurementInvariance-deprecated.Rd: cfa
measurementInvarianceCat-deprecated.Rd: cfa
modindices.mi.Rd: lavInspect
monteCarloCI.Rd: lavaan-class
plausibleValues.Rd: lavaan-class
probe2WayMC.Rd: lavaan-class
probe2WayRC.Rd: lavaan-class
probe3WayMC.Rd: lavaan-class
probe3WayRC.Rd: lavaan-class
reliability-deprecated.Rd: lavaan-class
reliabilityL2-deprecated.Rd: lavaan-class
twostage-class.Rd: lavaan-class
Please provide package anchors for all Rd \link{} targets not in the
package itself and the base packages.
Flavors: r-devel-linux-x86_64-debian-clang, r-devel-linux-x86_64-debian-gcc, r-devel-windows-x86_64
Version: 0.5-6
Check: package dependencies
Result: NOTE
Packages suggested but not available for checking: 'blavaan', 'emmeans'
Flavor: r-oldrel-macos-x86_64
Version: 0.5-6
Check: Rd cross-references
Result: NOTE
Package unavailable to check Rd xrefs: ‘blavaan’
Flavor: r-oldrel-macos-x86_64
These binaries (installable software) and packages are in development.
They may not be fully stable and should be used with caution. We make no claims about them.
Health stats visible at Monitor.