Last updated on 2025-05-15 09:52:42 CEST.
Flavor | Version | Tinstall | Tcheck | Ttotal | Status | Flags |
---|---|---|---|---|---|---|
r-devel-linux-x86_64-debian-clang | 1.2 | 29.50 | 81.68 | 111.18 | NOTE | |
r-devel-linux-x86_64-debian-gcc | 1.2 | 19.47 | 57.43 | 76.90 | NOTE | |
r-devel-linux-x86_64-fedora-clang | 1.2 | 180.96 | OK | |||
r-devel-linux-x86_64-fedora-gcc | 1.2 | 177.03 | OK | |||
r-devel-windows-x86_64 | 1.2 | 32.00 | 110.00 | 142.00 | NOTE | |
r-patched-linux-x86_64 | 1.2 | 27.65 | 78.82 | 106.47 | NOTE | |
r-release-linux-x86_64 | 1.2 | 25.71 | 77.52 | 103.23 | NOTE | |
r-release-macos-arm64 | 1.2 | 58.00 | OK | |||
r-release-macos-x86_64 | 1.2 | 90.00 | OK | |||
r-release-windows-x86_64 | 1.2 | 31.00 | 105.00 | 136.00 | NOTE | |
r-oldrel-macos-arm64 | 1.2 | 47.00 | OK | |||
r-oldrel-macos-x86_64 | 1.2 | 68.00 | OK | |||
r-oldrel-windows-x86_64 | 1.2 | 38.00 | 134.00 | 172.00 | OK |
Version: 1.2
Check: CRAN incoming feasibility
Result: NOTE
Maintainer: ‘Karolos Korkas <kkorkas@yahoo.co.uk>’
No Authors@R field in DESCRIPTION.
Please add one, modifying
Authors@R: c(person(given = "Haeran",
family = "Cho",
role = "aut"),
person(given = "Karolos",
family = "Korkas",
role = c("aut", "cre"),
email = "kkorkas@yahoo.co.uk"))
as necessary.
Found the following \keyword or \concept entries
which likely give several index terms:
File ‘segMGarch-package.Rd’:
\keyword{ multiple change-point detection, multiva [TRUNCATED]
Flavors: r-devel-linux-x86_64-debian-clang, r-devel-linux-x86_64-debian-gcc
Version: 1.2
Check: Rd cross-references
Result: NOTE
Found the following Rd file(s) with Rd \link{} targets missing package
anchors:
garch.seg-class.Rd: foreach
Please provide package anchors for all Rd \link{} targets not in the
package itself and the base packages.
Flavors: r-devel-linux-x86_64-debian-clang, r-devel-linux-x86_64-debian-gcc, r-devel-windows-x86_64, r-patched-linux-x86_64, r-release-linux-x86_64, r-release-windows-x86_64
These binaries (installable software) and packages are in development.
They may not be fully stable and should be used with caution. We make no claims about them.
Health stats visible at Monitor.