CRAN Package Check Results for Package seeker

Last updated on 2025-02-02 07:50:25 CET.

Flavor Version Tinstall Tcheck Ttotal Status Flags
r-devel-linux-x86_64-debian-clang 1.1.6 6.71 77.45 84.16 NOTE
r-devel-linux-x86_64-debian-gcc 1.1.6 4.95 56.79 61.74 NOTE
r-devel-linux-x86_64-fedora-clang 1.1.6 136.60 NOTE
r-devel-linux-x86_64-fedora-gcc 1.1.6 145.86 NOTE
r-devel-windows-x86_64 1.1.6 10.00 86.00 96.00 NOTE
r-patched-linux-x86_64 1.1.6 7.05 67.52 74.57 OK
r-release-linux-x86_64 1.1.6 5.80 67.39 73.19 OK
r-release-macos-arm64 1.1.6 59.00 NOTE
r-release-macos-x86_64 1.1.6 91.00 OK
r-release-windows-x86_64 1.1.6 9.00 86.00 95.00 OK
r-oldrel-macos-arm64 1.1.6 62.00 NOTE
r-oldrel-macos-x86_64 1.1.6 93.00 NOTE
r-oldrel-windows-x86_64 1.1.6 11.00 96.00 107.00 OK

Additional issues

ATLAS

Check Details

Version: 1.1.6
Check: DESCRIPTION meta-information
Result: NOTE Missing dependency on R >= 4.1.0 because package code uses the pipe |> or function shorthand \(...) syntax added in R 4.1.0. File(s) using such syntax: ‘fetch.R’ Flavors: r-devel-linux-x86_64-debian-clang, r-devel-linux-x86_64-debian-gcc, r-devel-linux-x86_64-fedora-clang, r-devel-linux-x86_64-fedora-gcc, r-devel-windows-x86_64

Version: 1.1.6
Check: package dependencies
Result: NOTE Package suggested but not available for checking: ‘org.Mm.eg.db’ Flavor: r-release-macos-arm64

Version: 1.1.6
Check: package dependencies
Result: NOTE Package suggested but not available for checking: ‘ArrayExpress’ Flavor: r-oldrel-macos-arm64

Version: 1.1.6
Check: Rd cross-references
Result: NOTE Package unavailable to check Rd xrefs: ‘ArrayExpress’ Flavors: r-oldrel-macos-arm64, r-oldrel-macos-x86_64

Version: 1.1.6
Check: package dependencies
Result: NOTE Packages suggested but not available for checking: 'ArrayExpress', 'org.Mm.eg.db' Flavor: r-oldrel-macos-x86_64

These binaries (installable software) and packages are in development.
They may not be fully stable and should be used with caution. We make no claims about them.
Health stats visible at Monitor.