Last updated on 2025-02-23 19:51:20 CET.
Flavor | Version | Tinstall | Tcheck | Ttotal | Status | Flags |
---|---|---|---|---|---|---|
r-devel-linux-x86_64-debian-clang | 5.2.0 | 370.13 | 543.67 | 913.80 | OK | |
r-devel-linux-x86_64-debian-gcc | 5.2.0 | 350.22 | 476.05 | 826.27 | OK | |
r-devel-linux-x86_64-fedora-clang | 5.2.0 | 1620.86 | OK | |||
r-devel-linux-x86_64-fedora-gcc | 5.2.0 | 2033.66 | OK | |||
r-devel-macos-arm64 | 5.2.0 | 346.00 | OK | |||
r-devel-macos-x86_64 | 5.2.0 | 687.00 | OK | |||
r-devel-windows-x86_64 | 5.2.0 | 572.00 | 689.00 | 1261.00 | OK | |
r-patched-linux-x86_64 | 5.2.0 | 508.58 | 679.35 | 1187.93 | NOTE | |
r-release-linux-x86_64 | 5.2.0 | 515.86 | 672.49 | 1188.35 | NOTE | |
r-release-macos-arm64 | 5.2.0 | 188.00 | NOTE | |||
r-release-macos-x86_64 | 5.2.0 | 286.00 | NOTE | |||
r-release-windows-x86_64 | 5.2.0 | 585.00 | 671.00 | 1256.00 | NOTE | |
r-oldrel-macos-arm64 | 5.1.0 | 320.00 | NOTE | |||
r-oldrel-macos-x86_64 | 5.2.0 | 611.00 | NOTE | |||
r-oldrel-windows-x86_64 | 5.2.0 | 684.00 | 919.00 | 1603.00 | NOTE |
Version: 5.2.0
Check: for GNU extensions in Makefiles
Result: NOTE
GNU make is a SystemRequirements.
Flavors: r-patched-linux-x86_64, r-release-linux-x86_64, r-release-macos-arm64, r-release-macos-x86_64, r-release-windows-x86_64, r-oldrel-macos-x86_64, r-oldrel-windows-x86_64
Version: 5.2.0
Check: installed package size
Result: NOTE
installed size is 20.0Mb
sub-directories of 1Mb or more:
R 2.0Mb
libs 16.2Mb
Flavors: r-release-macos-arm64, r-release-macos-x86_64, r-release-windows-x86_64, r-oldrel-macos-x86_64, r-oldrel-windows-x86_64
Version: 5.1.0
Check: installed package size
Result: NOTE
installed size is 20.4Mb
sub-directories of 1Mb or more:
R 2.1Mb
libs 16.5Mb
Flavor: r-oldrel-macos-arm64
Version: 5.1.0
Check: for GNU extensions in Makefiles
Result: NOTE
GNU make is a SystemRequirements.
Flavor: r-oldrel-macos-arm64
These binaries (installable software) and packages are in development.
They may not be fully stable and should be used with caution. We make no claims about them.
Health stats visible at Monitor.