Last updated on 2025-05-15 09:52:42 CEST.
Flavor | Version | Tinstall | Tcheck | Ttotal | Status | Flags |
---|---|---|---|---|---|---|
r-devel-linux-x86_64-debian-clang | 2.0.2 | 16.39 | 137.95 | 154.34 | NOTE | |
r-devel-linux-x86_64-debian-gcc | 2.0.2 | 11.19 | 94.97 | 106.16 | NOTE | |
r-devel-linux-x86_64-fedora-clang | 2.0.2 | 242.51 | OK | |||
r-devel-linux-x86_64-fedora-gcc | 2.0.2 | 242.88 | OK | |||
r-devel-windows-x86_64 | 2.0.2 | 17.00 | 154.00 | 171.00 | OK | |
r-patched-linux-x86_64 | 2.0.2 | 16.42 | 127.95 | 144.37 | OK | |
r-release-linux-x86_64 | 2.0.2 | 15.00 | 127.31 | 142.31 | OK | |
r-release-macos-arm64 | 2.0.2 | 79.00 | OK | |||
r-release-macos-x86_64 | 2.0.2 | 133.00 | OK | |||
r-release-windows-x86_64 | 2.0.2 | 18.00 | 157.00 | 175.00 | OK | |
r-oldrel-macos-arm64 | 2.0.2 | 73.00 | OK | |||
r-oldrel-macos-x86_64 | 2.0.2 | 116.00 | OK | |||
r-oldrel-windows-x86_64 | 2.0.2 | 24.00 | 194.00 | 218.00 | OK |
Version: 2.0.2
Check: CRAN incoming feasibility
Result: NOTE
Maintainer: ‘Karen R. Ryberg <kryberg@usgs.gov>’
Found the following URLs which should use \doi (with the DOI name only):
File ‘compwaveconv.Rd’:
https://doi.org/10.1111/j.1752-1688.2008.00225.x
File ‘fitswavecav.Rd’:
https://dx.doi.org/10.1111/j.1752-1688.2008.00225.x
File ‘loadCalculations.Rd’:
https://doi.org/10.3133/sir20175006
File ‘pesticideTrendCalcs.Rd’:
https://doi.org/10.3133/sir20175006
File ‘seawaveQ-package.Rd’:
https://doi.org/10.3133/sir20175006
https://doi.org/10.1016/j.scitotenv.2015.06.095
https://dx.doi.org/10.3133/ofr20131255
https://dx.doi.org/10.1111/j.1752-1688.2008.00225.x
Flavors: r-devel-linux-x86_64-debian-clang, r-devel-linux-x86_64-debian-gcc
These binaries (installable software) and packages are in development.
They may not be fully stable and should be used with caution. We make no claims about them.
Health stats visible at Monitor.